{"id":31451,"date":"2023-12-12T17:00:35","date_gmt":"2023-12-12T16:00:35","guid":{"rendered":"https:\/\/www.racba.org\/academic\/aguade-i-clos-jordi-2\/"},"modified":"2023-12-12T17:00:35","modified_gmt":"2023-12-12T16:00:35","slug":"aguade-i-clos-jordi-2","status":"publish","type":"academic","link":"https:\/\/www.racba.org\/en\/academic\/aguade-i-clos-jordi-2\/","title":{"rendered":"Aguad\u00e9 i Clos, Jordi"},"content":{"rendered":"<p>Barcelona, 1925-2021.<br \/>\nAguad\u00e9 started as a potter apprentice in the studio of Josep Llorens Artigas, and he worked in it for ten years. During this period he collaborated in doing several glazed pieces made by Josep Llorens Artigas and Joan Mir\u00f3. He continued his formation in the workshop of Philippe Rouard (Paris, France) and at Tyra Lundgrens and Gocken Jobs (Sweden).<br \/>\nHe held his first solo show in Barcelona in 1947.<br \/>\nHe always worked in everyday ceramic series from his beginnings until now. He has been the recipient of several awards including the Gold Medal in the Bavarian State Prize in 1980. He collaborated with artists such as Andr\u00e9 Ricard, Javier Mariscal, Perico Pastor, Sybilla, Eul\u00e0lia Coma, Mart\u00edn de Az\u00faa, etc.<br \/>\nIn 1960 he founded La Cantonada group with Jordi Vilanova, Aureli Bisbe, Joan Vila Grau and Jordi Bonet.<br \/>\nHe made several ceramic murals with the painter Joan Vila Grau for the Col\u00b7legi de Metges in Barcelona, Caves Codorniu in Sant Sadurn\u00ed d&#8217;Anoia, Autopistes in Lleida, etc. He also worked in small works for different exhibitions.<br \/>\nHis pottery is displayed in collections around Europe, including the Fine Arts Museums in Barcelona and Valencia, Coburg (Germany), the Fitzwilliam Museum in Cambridge (UK).<br \/>\nHe explored the different possibilities of glaze on potter wheel works. He mainly works in high temperature kilns in a neutral atmosphere in oxidation and also in reduction.<br \/>\nHe has been elected number member of the Academy from January 15, 2003, having accepted the proposal of the numbered academics Fernando Boneu i Companys, \u00c0ngel F\u00e0brega i Grau, and Josep M. Garrut i Rom\u00e0. The 21st May 2003, he gave a speech on \u201cL&#8217;art del fang i el foc\u201d (Art of Fire and Clay).<\/p>\n","protected":false},"template":"","rang":[142],"class_list":["post-31451","academic","type-academic","status-publish","hentry","rang-academics-de-numero"],"acf":[],"_links":{"self":[{"href":"https:\/\/www.racba.org\/en\/wp-json\/wp\/v2\/academic\/31451","targetHints":{"allow":["GET"]}}],"collection":[{"href":"https:\/\/www.racba.org\/en\/wp-json\/wp\/v2\/academic"}],"about":[{"href":"https:\/\/www.racba.org\/en\/wp-json\/wp\/v2\/types\/academic"}],"wp:attachment":[{"href":"https:\/\/www.racba.org\/en\/wp-json\/wp\/v2\/media?parent=31451"}],"wp:term":[{"taxonomy":"rang","embeddable":true,"href":"https:\/\/www.racba.org\/en\/wp-json\/wp\/v2\/rang?post=31451"}],"curies":[{"name":"wp","href":"https:\/\/api.w.org\/{rel}","templated":true}]}}

Aguadé i Clos, Jordi

<p>Barcelona, 1925-2021.<br />
Aguadé started as a potter apprentice in the studio of Josep Llorens Artigas, and he worked in it for ten years. During this period he collaborated in doing several glazed pieces made by Josep Llorens Artigas and Joan Miró. He continued his formation in the workshop of Philippe Rouard (Paris, France) and at Tyra Lundgrens and Gocken Jobs (Sweden).<br />
He held his first solo show in Barcelona in 1947.<br />
He always worked in everyday ceramic series from his beginnings until now. He has been the recipient of several awards including the Gold Medal in the Bavarian State Prize in 1980. He collaborated with artists such as André Ricard, Javier Mariscal, Perico Pastor, Sybilla, Eulàlia Coma, Martín de Azúa, etc.<br />
In 1960 he founded La Cantonada group with Jordi Vilanova, Aureli Bisbe, Joan Vila Grau and Jordi Bonet.<br />
He made several ceramic murals with the painter Joan Vila Grau for the Col·legi de Metges in Barcelona, Caves Codorniu in Sant Sadurní d&#8217;Anoia, Autopistes in Lleida, etc. He also worked in small works for different exhibitions.<br />
His pottery is displayed in collections around Europe, including the Fine Arts Museums in Barcelona and Valencia, Coburg (Germany), the Fitzwilliam Museum in Cambridge (UK).<br />
He explored the different possibilities of glaze on potter wheel works. He mainly works in high temperature kilns in a neutral atmosphere in oxidation and also in reduction.<br />
He has been elected number member of the Academy from January 15, 2003, having accepted the proposal of the numbered academics Fernando Boneu i Companys, Àngel Fàbrega i Grau, and Josep M. Garrut i Romà. The 21st May 2003, he gave a speech on “L&#8217;art del fang i el foc” (Art of Fire and Clay).</p>
