{"id":31977,"date":"2023-12-12T17:03:34","date_gmt":"2023-12-12T16:03:34","guid":{"rendered":"https:\/\/www.racba.org\/academic\/doderer-gerhard-otto-2\/"},"modified":"2023-12-12T17:03:34","modified_gmt":"2023-12-12T16:03:34","slug":"doderer-gerhard-otto-2","status":"publish","type":"academic","link":"https:\/\/www.racba.org\/en\/academic\/doderer-gerhard-otto-2\/","title":{"rendered":"Doderer, Gerhard Otto"},"content":{"rendered":"<p>Data do nascimento: 25 de Mar\u00e7o de 1944<br \/>\nNacionalidade: Alema, portuguesa<\/p>\n<p>FORMA\u00c7AO PROFISSIONAL<br \/>\n. 1985 &#8211; Provas de Agrega\u00e7ao \/ Facultade de Ciencias Sociais e Humanas &#8211; Universidade Nova de Lisboa.<br \/>\n. 1966-1973 &#8211; Estudo de Ciencias Musicais e de L\u00ednguas Italo-ib\u00e9ricas na Facultade de Filos\u00f3fia da Julius-Maximilians-Universit\u00e4t de W\u00fcrzburg; Doutoramento em 1974 com a classifica\u00e7ao &#8220;magna cum laude&#8221;.<br \/>\n. 1967-1972 &#8211; Estudo de M\u00fasica na Escola Superior de M\u00fasica de W\u00fcrzburg; Staatliche Musikreifepr\u00fcfung em 1972 (cadeiras principais Orgao e Cravo) com a classifica\u00e7ao &#8220;bom&#8221;.<br \/>\n. 1966-1969 &#8211; Estudo de Ciencias Pedag\u00f3gicas no Instituto Superior de Pedagogia da Julius-Maximilians-Universit\u00e4t de W\u00fcrzburg (RFA); Licenciatura em 1969 com a classifica\u00e7ao &#8220;com distin\u00e7ao&#8221;.<\/p>\n<p>CARREIRA DOCENTE\/ARTISTICA<br \/>\n. 1991 &#8211; Professor Catedr\u00e1tico (de nomea\u00e7ao definitiva) no Departamento de Ciencias Musicais da Facultade de Ciencias Sociais e Humanas da Universidade Nova de Lisboa.<br \/>\n. 1989 &#8211; Professor Catedr\u00e1tico (de nomea\u00e7ao provis\u00f3ria) no Departamento de Ciencias Musicais da Facultade de Ciencias Sociais e Humanas da Universidade Nova de Lisboa.<br \/>\n. 1987 &#8211; Professor Catedr\u00e1tico Convidado no Departamento de Ciencias Musicais, FCSH da UNL.<br \/>\n. 1981-1987 &#8211; Professor Associado Convidado no Departamento de Ciencias Musicais, FCSH da UNL.<br \/>\n. 1978-1981 &#8211; Director e Professor de Ciencias Musicais e de \u00d3rgao no &#8220;Hermann-Zilcher-Koservatorium&#8221; da cidade de W\u00fcrzburg (RFA).<br \/>\n. 1975-1978 &#8211; Vice-Director e Professor de Ciencias Musicais e de \u00d3rgao no &#8220;Hermann-Zilcher-Koservatorium&#8221; da cidade de W\u00fcrzburg (RFA).<br \/>\n. 1973-1975 &#8211; Professor de Organologia e de \u00d3rgao no Conservat\u00f3rio Nacional de Lisboa; Director do Museu Instrumental do Conservat\u00f3rio Nacional de Lisboa.<\/p>\n<p>ACTIVIDADE ARTISTICA\/PROFISSIONAL<br \/>\n. 1999 &#8211; Director Art\u00edstico do I Festival da M\u00fasica Sacra do Algarve.<br \/>\n. 1993-1998 &#8211; Director Art\u00edstico das I, II, III, IV e V Jornadas de M\u00fasica de \u00d3rgao (Braga-Porto).<br \/>\n. 1987 &#8211; Direc\u00e7ao do conjunto &#8220;Capela Lusitana&#8221;; numerosos concertos no pa\u00eds e no estrangeiro.<br \/>\n. 1975 &#8211; Confer\u00eancias e semin\u00e1rios subordinados a temas musicol\u00f3gicos (Portugal, Espanha, Rep\u00fablica Federal da Alemanha, Angola, Macau, Zimbabwe, Fran\u00e7a, Estados Unidos da Am\u00e9rica, Uruguay, Brasil).<br \/>\n. 1973 &#8211; Participa\u00e7ao em congressos de Hist\u00f3ria de Arte, de Ciencias Musicais, de Educa\u00e7ao (Portugal, Rep\u00fablica Federal da Alemanha, Inglaterra, It\u00e1lia, Espanha, Estados Unidos da Am\u00e9rica).<br \/>\n. 1970 &#8211; Recitais de Orgao e grava\u00e7oes para esta\u00e7oes radiof\u00f3nicas, televisivas e companhias de discos (Portugal, Rep\u00fablica Federal da Alemanha, Espanha, Zimbabwe, Macau, Hong Kong, Angola, Jugosl\u00e1via, It\u00e1lia, \u00cdndia, Tail\u00e2ndia, Africa do Sul, Estados Unidos da Am\u00e9rica, Uruguay, Brasil).<\/p>\n<p>DISCOGRAFIA<br \/>\n. Lusitana Musica III \/ Opera phonographice edita. A\/2. &#8220;M\u00fasica vocal e M\u00fasica de Orgao dos s\u00e9culos XVII e XVIII&#8221;, EMI-ELECTROLA 073 40427, Lisboa 1976.<br \/>\n. Lusitana Musica III \/ Opera phonographice edita. B\/3. &#8220;O \u00f3rgao da Capela da Universidade de Coimbra&#8221;, EMI-ELECTROLA 073 40393, Lisboa 1977.<br \/>\n. Lusitana Musica III \/ Opera phonographice edita. B\/5. &#8220;Carlos Seixas: Sonatas de \u00f3rgao&#8221;, EMI-ELECTROLA 11CO75-40567, Lisboa 1981.<br \/>\n. &#8220;M\u00fasica Sacra Portuguesa do s\u00e9culo XVIII&#8221;, Capela Lusitana &#8211; \u00d3rgao e Direc\u00e7ao musical \/ Gerhard Doderer, JORSOM J-CD 0101, Lisboa 1990.<br \/>\n. &#8220;Portugaliae Monumenta Organica &#8211; Historical Organs of Portugal: Pedro de Ara\u00fajo \/ Carlos Seixas&#8221;, PHILIPS 438 299-2, Lisboa 1992.<br \/>\n. &#8220;Os \u00f3rgaos da S\u00e9 Catedral de Braga&#8221;, NUMERICA 1028, Pa\u00e7os de Brandao 1994.<br \/>\n. &#8220;\u00d3rgaos dos A\u00e7ores, vol. I&#8221;, NUMERICA 1015, Pa\u00e7os de Brandao 1994.<br \/>\n. &#8220;\u00d3rgaos dos A\u00e7ores, vol. II&#8221;, NUMERICA, Pa\u00e7os de Brandao 2003.<\/p>\n<p>Vegeu catal\u00e0 \/ Ver castellano \/ Spanish view<\/p>\n","protected":false},"template":"","rang":[144],"class_list":["post-31977","academic","type-academic","status-publish","hentry","rang-academics-corresponents"],"acf":[],"_links":{"self":[{"href":"https:\/\/www.racba.org\/en\/wp-json\/wp\/v2\/academic\/31977","targetHints":{"allow":["GET"]}}],"collection":[{"href":"https:\/\/www.racba.org\/en\/wp-json\/wp\/v2\/academic"}],"about":[{"href":"https:\/\/www.racba.org\/en\/wp-json\/wp\/v2\/types\/academic"}],"wp:attachment":[{"href":"https:\/\/www.racba.org\/en\/wp-json\/wp\/v2\/media?parent=31977"}],"wp:term":[{"taxonomy":"rang","embeddable":true,"href":"https:\/\/www.racba.org\/en\/wp-json\/wp\/v2\/rang?post=31977"}],"curies":[{"name":"wp","href":"https:\/\/api.w.org\/{rel}","templated":true}]}}

<p>Data do nascimento: 25 de Março de 1944<br />
Nacionalidade: Alema, portuguesa</p>
<p>FORMAÇAO PROFISSIONAL<br />
. 1985 &#8211; Provas de Agregaçao / Facultade de Ciencias Sociais e Humanas &#8211; Universidade Nova de Lisboa.<br />
. 1966-1973 &#8211; Estudo de Ciencias Musicais e de Línguas Italo-ibéricas na Facultade de Filosófia da Julius-Maximilians-Universität de Würzburg; Doutoramento em 1974 com a classificaçao &#8220;magna cum laude&#8221;.<br />
. 1967-1972 &#8211; Estudo de Música na Escola Superior de Música de Würzburg; Staatliche Musikreifeprüfung em 1972 (cadeiras principais Orgao e Cravo) com a classificaçao &#8220;bom&#8221;.<br />
. 1966-1969 &#8211; Estudo de Ciencias Pedagógicas no Instituto Superior de Pedagogia da Julius-Maximilians-Universität de Würzburg (RFA); Licenciatura em 1969 com a classificaçao &#8220;com distinçao&#8221;.</p>
<p>CARREIRA DOCENTE/ARTISTICA<br />
. 1991 &#8211; Professor Catedrático (de nomeaçao definitiva) no Departamento de Ciencias Musicais da Facultade de Ciencias Sociais e Humanas da Universidade Nova de Lisboa.<br />
. 1989 &#8211; Professor Catedrático (de nomeaçao provisória) no Departamento de Ciencias Musicais da Facultade de Ciencias Sociais e Humanas da Universidade Nova de Lisboa.<br />
. 1987 &#8211; Professor Catedrático Convidado no Departamento de Ciencias Musicais, FCSH da UNL.<br />
. 1981-1987 &#8211; Professor Associado Convidado no Departamento de Ciencias Musicais, FCSH da UNL.<br />
. 1978-1981 &#8211; Director e Professor de Ciencias Musicais e de Órgao no &#8220;Hermann-Zilcher-Koservatorium&#8221; da cidade de Würzburg (RFA).<br />
. 1975-1978 &#8211; Vice-Director e Professor de Ciencias Musicais e de Órgao no &#8220;Hermann-Zilcher-Koservatorium&#8221; da cidade de Würzburg (RFA).<br />
. 1973-1975 &#8211; Professor de Organologia e de Órgao no Conservatório Nacional de Lisboa; Director do Museu Instrumental do Conservatório Nacional de Lisboa.</p>
<p>ACTIVIDADE ARTISTICA/PROFISSIONAL<br />
. 1999 &#8211; Director Artístico do I Festival da Música Sacra do Algarve.<br />
. 1993-1998 &#8211; Director Artístico das I, II, III, IV e V Jornadas de Música de Órgao (Braga-Porto).<br />
. 1987 &#8211; Direcçao do conjunto &#8220;Capela Lusitana&#8221;; numerosos concertos no país e no estrangeiro.<br />
. 1975 &#8211; Conferências e seminários subordinados a temas musicológicos (Portugal, Espanha, República Federal da Alemanha, Angola, Macau, Zimbabwe, França, Estados Unidos da América, Uruguay, Brasil).<br />
. 1973 &#8211; Participaçao em congressos de História de Arte, de Ciencias Musicais, de Educaçao (Portugal, República Federal da Alemanha, Inglaterra, Itália, Espanha, Estados Unidos da América).<br />
. 1970 &#8211; Recitais de Orgao e gravaçoes para estaçoes radiofónicas, televisivas e companhias de discos (Portugal, República Federal da Alemanha, Espanha, Zimbabwe, Macau, Hong Kong, Angola, Jugoslávia, Itália, Índia, Tailândia, Africa do Sul, Estados Unidos da América, Uruguay, Brasil).</p>
<p>DISCOGRAFIA<br />
. Lusitana Musica III / Opera phonographice edita. A/2. &#8220;Música vocal e Música de Orgao dos séculos XVII e XVIII&#8221;, EMI-ELECTROLA 073 40427, Lisboa 1976.<br />
. Lusitana Musica III / Opera phonographice edita. B/3. &#8220;O órgao da Capela da Universidade de Coimbra&#8221;, EMI-ELECTROLA 073 40393, Lisboa 1977.<br />
. Lusitana Musica III / Opera phonographice edita. B/5. &#8220;Carlos Seixas: Sonatas de órgao&#8221;, EMI-ELECTROLA 11CO75-40567, Lisboa 1981.<br />
. &#8220;Música Sacra Portuguesa do século XVIII&#8221;, Capela Lusitana &#8211; Órgao e Direcçao musical / Gerhard Doderer, JORSOM J-CD 0101, Lisboa 1990.<br />
. &#8220;Portugaliae Monumenta Organica &#8211; Historical Organs of Portugal: Pedro de Araújo / Carlos Seixas&#8221;, PHILIPS 438 299-2, Lisboa 1992.<br />
. &#8220;Os órgaos da Sé Catedral de Braga&#8221;, NUMERICA 1028, Paços de Brandao 1994.<br />
. &#8220;Órgaos dos Açores, vol. I&#8221;, NUMERICA 1015, Paços de Brandao 1994.<br />
. &#8220;Órgaos dos Açores, vol. II&#8221;, NUMERICA, Paços de Brandao 2003.</p>
<p>Vegeu català / Ver castellano / Spanish view</p>
