{"id":23216,"date":"2023-01-12T23:36:48","date_gmt":"2023-01-12T22:36:48","guid":{"rendered":"http:\/\/novaweb.racba.org\/obra\/retrat-de-lintendent-juan-miguel-de-indart-y-galanena\/"},"modified":"2023-01-12T23:36:48","modified_gmt":"2023-01-12T22:36:48","slug":"retrat-de-lintendent-juan-miguel-de-indart-y-galanena","status":"publish","type":"obra","link":"https:\/\/www.racba.org\/en\/obra\/retrat-de-lintendent-juan-miguel-de-indart-y-galanena\/","title":{"rendered":"Retrat de l\u2019intendent Juan Miguel de Indart y Gala\u00f1ena"},"content":{"rendered":"<p>Signatura: \u201cM YLtre Sr.\/ Suplica \u00e2 V\/ Mariano Ylla\u201d (en un paper a la m\u00e0 esquerra del retratat)<br \/>\nInscripcions: Al marc, en cartel\u2022la antiga amb tinta: \u201c357\u201d. Al dors, etiquetes de les exposicions \u201cExposici\u00f3n de retratos y dibujos&#8230;\u201d i \u201cUn siglo olvidado&#8230;\u201d; en etiqueta Acad\u00e8mia, amb tinta: \u201cRetrato del Intendente Juan Miguel de\/ Indart\/ por Mariano Illa\u201d; i en una altra etiqueta de l\u2019Acad\u00e8mia, amb tinta (molt deteriorada): \u201cN.a. 35(&#8230;)\/ N.m. (&#8230;)\/ Retrato del intendente\/ D. Juan Manuel de Indart\/ por Yllas\/ alto 78 x 62 ancho\u201d.<br \/>\nProced\u00e8ncia: Presid\u00e8ncia de l\u2019Escola de Dibuix de la Junta de Comer\u00e7.<br \/>\nRestauracions: Restaurat pel taller Balaguer i Grau el juliol del 2000.<br \/>\nExposicions: Barcelona, Exposici\u00f3n de Arte Antiguo, 1902, n\u00fam. 1102; Barcelona, Exposici\u00f3n de retratos y dibujos antiguos y modernos, 1910, sala VII, n\u00fam. 15; Barcelona, Un Siglo Olvidado de Pintura Catalana (1750-1850), 1951, n\u00fam. 34; Barcelona, Exposici\u00f3 Intendents, Acad\u00e8mia de Bones Lletres, octubre 2000.<br \/>\nObservacions: El retratat (Ziga, Bazt\u00e1n, 1738 &#8211; Barcelona, 1797) fou Intendent del Principat de Catalunya entre el 24 de maig de 1789 i el 14 de febrer de 1797.<\/p>\n","protected":false},"featured_media":14010,"template":"","ubicacio":[405],"tecnica":[403],"classificacio":[404],"autor":[1909],"class_list":["post-23216","obra","type-obra","status-publish","has-post-thumbnail","hentry","ubicacio-reial-academia-catalana-de-belles-arts-de-sant-jordi","tecnica-oli-sobre-tela","classificacio-pintura","autor-illa-mariano"],"acf":[],"_links":{"self":[{"href":"https:\/\/www.racba.org\/en\/wp-json\/wp\/v2\/obra\/23216","targetHints":{"allow":["GET"]}}],"collection":[{"href":"https:\/\/www.racba.org\/en\/wp-json\/wp\/v2\/obra"}],"about":[{"href":"https:\/\/www.racba.org\/en\/wp-json\/wp\/v2\/types\/obra"}],"wp:featuredmedia":[{"embeddable":true,"href":"https:\/\/www.racba.org\/en\/wp-json\/wp\/v2\/media\/14010"}],"wp:attachment":[{"href":"https:\/\/www.racba.org\/en\/wp-json\/wp\/v2\/media?parent=23216"}],"wp:term":[{"taxonomy":"ubicacio","embeddable":true,"href":"https:\/\/www.racba.org\/en\/wp-json\/wp\/v2\/ubicacio?post=23216"},{"taxonomy":"tecnica","embeddable":true,"href":"https:\/\/www.racba.org\/en\/wp-json\/wp\/v2\/tecnica?post=23216"},{"taxonomy":"classificacio","embeddable":true,"href":"https:\/\/www.racba.org\/en\/wp-json\/wp\/v2\/classificacio?post=23216"},{"taxonomy":"autor","embeddable":true,"href":"https:\/\/www.racba.org\/en\/wp-json\/wp\/v2\/autor?post=23216"}],"curies":[{"name":"wp","href":"https:\/\/api.w.org\/{rel}","templated":true}]}}

Retrat de l’intendent Juan Miguel de Indart y Galañena

<p>Signatura: “M YLtre Sr./ Suplica â V/ Mariano Ylla” (en un paper a la mà esquerra del retratat)<br />
Inscripcions: Al marc, en cartel•la antiga amb tinta: “357”. Al dors, etiquetes de les exposicions “Exposición de retratos y dibujos&#8230;” i “Un siglo olvidado&#8230;”; en etiqueta Acadèmia, amb tinta: “Retrato del Intendente Juan Miguel de/ Indart/ por Mariano Illa”; i en una altra etiqueta de l’Acadèmia, amb tinta (molt deteriorada): “N.a. 35(&#8230;)/ N.m. (&#8230;)/ Retrato del intendente/ D. Juan Manuel de Indart/ por Yllas/ alto 78 x 62 ancho”.<br />
Procedència: Presidència de l’Escola de Dibuix de la Junta de Comerç.<br />
Restauracions: Restaurat pel taller Balaguer i Grau el juliol del 2000.<br />
Exposicions: Barcelona, Exposición de Arte Antiguo, 1902, núm. 1102; Barcelona, Exposición de retratos y dibujos antiguos y modernos, 1910, sala VII, núm. 15; Barcelona, Un Siglo Olvidado de Pintura Catalana (1750-1850), 1951, núm. 34; Barcelona, Exposició Intendents, Acadèmia de Bones Lletres, octubre 2000.<br />
Observacions: El retratat (Ziga, Baztán, 1738 &#8211; Barcelona, 1797) fou Intendent del Principat de Catalunya entre el 24 de maig de 1789 i el 14 de febrer de 1797.</p>
