{"id":23228,"date":"2023-01-12T23:37:02","date_gmt":"2023-01-12T22:37:02","guid":{"rendered":"http:\/\/novaweb.racba.org\/obra\/laparicio-de-sant-jaume-al-rei-ramir\/"},"modified":"2023-01-12T23:37:02","modified_gmt":"2023-01-12T22:37:02","slug":"laparicio-de-sant-jaume-al-rei-ramir","status":"publish","type":"obra","link":"https:\/\/www.racba.org\/en\/obra\/laparicio-de-sant-jaume-al-rei-ramir\/","title":{"rendered":"L\u2019aparici\u00f3 de Sant Jaume al rei Ramir"},"content":{"rendered":"<p>Inscripcions: A l\u2019angle inferior dret, en blanc, mig esborrat: \u201c28\u201d. Al dors, en etiqueta Acad\u00e8mia amb tinta: \u201cN.A. 100\/ N.M. 215\/ El sue\u00f1o de D. Ramiro\/ (&#8230;)or Maella\u201d.<br \/>\nProced\u00e8ncia: Museu de l\u2019antiga Junta de Comer\u00e7.<br \/>\nRestauracions: Restaurat pel Servei de Restauraci\u00f3 de B\u00e9ns Mobles de la Generalitat de Catalunya (avui CRBMC) el 1999.<br \/>\nExposicions: Pamplona-Vitoria-Bilbao-Madrid, RACBASJ. Exposici\u00f3n antol\u00f3gica de pintura, 2000, n\u00fam. 19.<br \/>\nObservacions: Apareix referenciat a l\u2019inventari post-morten de Pasqual-Pere Moles (SUBIRANA, p. 332). Fa refer\u00e8ncia a una llegenda de Ramir I d\u2019Ast\u00faries (? &#8211; Li\u00f1o, 850), segons la qual, despr\u00e9s d\u2019una primera desfeta contra els moros a Clavijo, l\u2019ap\u00f2stol sant Jaume s\u2019hauria aparegut al rei i l\u2019hauria esperonat a tornar-los a combatre. En aquesta definitiva batalla de Clavijo sant Jaume encap\u00e7alaria les tropes cristianes i la  batalla es guanyaria. Es tracta d\u2019una de tantes llegendes desautoritzades per la historiografia moderna, que desment\u00ed fins i tot l\u2019exist\u00e8ncia d\u2019una batalla de Clavijo (vegeu, per exemple, Modesto Lafuente, Historia de Espa\u00f1a, Montaner y Sim\u00f3n, Barcelona 1877, vol. I, p. 198, i especialment la nota 3). Existeix una c\u00f2pia d\u2019aquesta obra, en poder de la Caja de Ahorros de Zaragoza, Arag\u00f3n y La Rioja. El 1777 Maella pint\u00e0 a la col\u2022legiata de San Ildefonso de La Granja, una volta amb el tema de sant Jaume a cavall. A un dels \u00e0lbums de dibuixos de Ferran VII, conservats a la Real Biblioteca de Palacio. Patrimonio Nacional, es troba un dibuix que al seu revers cont\u00e9 un esb\u00f3s parcial d\u2019aquesta pintura (t. II, f. 45, dib. 65) (not\u00edcia apareguda a DE LA MANO 2011).<\/p>\n","protected":false},"featured_media":14054,"template":"","ubicacio":[405],"tecnica":[403],"classificacio":[404],"autor":[1910],"class_list":["post-23228","obra","type-obra","status-publish","has-post-thumbnail","hentry","ubicacio-reial-academia-catalana-de-belles-arts-de-sant-jordi","tecnica-oli-sobre-tela","classificacio-pintura","autor-maella-y-perez-mariano-salvador"],"acf":[],"_links":{"self":[{"href":"https:\/\/www.racba.org\/en\/wp-json\/wp\/v2\/obra\/23228","targetHints":{"allow":["GET"]}}],"collection":[{"href":"https:\/\/www.racba.org\/en\/wp-json\/wp\/v2\/obra"}],"about":[{"href":"https:\/\/www.racba.org\/en\/wp-json\/wp\/v2\/types\/obra"}],"wp:featuredmedia":[{"embeddable":true,"href":"https:\/\/www.racba.org\/en\/wp-json\/wp\/v2\/media\/14054"}],"wp:attachment":[{"href":"https:\/\/www.racba.org\/en\/wp-json\/wp\/v2\/media?parent=23228"}],"wp:term":[{"taxonomy":"ubicacio","embeddable":true,"href":"https:\/\/www.racba.org\/en\/wp-json\/wp\/v2\/ubicacio?post=23228"},{"taxonomy":"tecnica","embeddable":true,"href":"https:\/\/www.racba.org\/en\/wp-json\/wp\/v2\/tecnica?post=23228"},{"taxonomy":"classificacio","embeddable":true,"href":"https:\/\/www.racba.org\/en\/wp-json\/wp\/v2\/classificacio?post=23228"},{"taxonomy":"autor","embeddable":true,"href":"https:\/\/www.racba.org\/en\/wp-json\/wp\/v2\/autor?post=23228"}],"curies":[{"name":"wp","href":"https:\/\/api.w.org\/{rel}","templated":true}]}}

L’aparició de Sant Jaume al rei Ramir

<p>Inscripcions: A l’angle inferior dret, en blanc, mig esborrat: “28”. Al dors, en etiqueta Acadèmia amb tinta: “N.A. 100/ N.M. 215/ El sueño de D. Ramiro/ (&#8230;)or Maella”.<br />
Procedència: Museu de l’antiga Junta de Comerç.<br />
Restauracions: Restaurat pel Servei de Restauració de Béns Mobles de la Generalitat de Catalunya (avui CRBMC) el 1999.<br />
Exposicions: Pamplona-Vitoria-Bilbao-Madrid, RACBASJ. Exposición antológica de pintura, 2000, núm. 19.<br />
Observacions: Apareix referenciat a l’inventari post-morten de Pasqual-Pere Moles (SUBIRANA, p. 332). Fa referència a una llegenda de Ramir I d’Astúries (? &#8211; Liño, 850), segons la qual, després d’una primera desfeta contra els moros a Clavijo, l’apòstol sant Jaume s’hauria aparegut al rei i l’hauria esperonat a tornar-los a combatre. En aquesta definitiva batalla de Clavijo sant Jaume encapçalaria les tropes cristianes i la  batalla es guanyaria. Es tracta d’una de tantes llegendes desautoritzades per la historiografia moderna, que desmentí fins i tot l’existència d’una batalla de Clavijo (vegeu, per exemple, Modesto Lafuente, Historia de España, Montaner y Simón, Barcelona 1877, vol. I, p. 198, i especialment la nota 3). Existeix una còpia d’aquesta obra, en poder de la Caja de Ahorros de Zaragoza, Aragón y La Rioja. El 1777 Maella pintà a la col•legiata de San Ildefonso de La Granja, una volta amb el tema de sant Jaume a cavall. A un dels àlbums de dibuixos de Ferran VII, conservats a la Real Biblioteca de Palacio. Patrimonio Nacional, es troba un dibuix que al seu revers conté un esbós parcial d’aquesta pintura (t. II, f. 45, dib. 65) (notícia apareguda a DE LA MANO 2011).</p>
