{"id":23431,"date":"2023-01-12T23:39:12","date_gmt":"2023-01-12T22:39:12","guid":{"rendered":"http:\/\/novaweb.racba.org\/obra\/retrat-del-marques-dalfarras-2\/"},"modified":"2023-01-12T23:39:12","modified_gmt":"2023-01-12T22:39:12","slug":"retrat-del-marques-dalfarras-2","status":"publish","type":"obra","link":"https:\/\/www.racba.org\/en\/obra\/retrat-del-marques-dalfarras-2\/","title":{"rendered":"Retrat del marqu\u00e8s d\u2019Alfarr\u00e0s"},"content":{"rendered":"<p>Inscripcions: Al marc, en cartel\u2022la antiga amb tinta: \u201c369\u201d; en una altra cartel\u2022la impresa: \u201cExcmo. sor. Marqu\u00e9s de Alfarras:\/ Primer presidente de la academia de Bellas Artes\/ de Barcelona\u201d.\/ Al bastidor, etiqueta de l\u2019exposici\u00f3 \u201cUn siglo olvidado&#8230;\u201d. Al dors del marc, en etiqueta de l\u2019Acad\u00e8mia, trencada, amb tinta: \u201cN.a. 36(&#8230;)\/ N.m. 79\/ (&#8230;)del E(&#8230;)\/ (&#8230;)qu\u00e9s de (&#8230;)\u201d.<br \/>\nProced\u00e8ncia: Donaci\u00f3 de l\u2019autor (no del marqu\u00e8s, com diu el Cat\u00e0leg c. 1872).<br \/>\nData ingr\u00e9s: 6 d\u2019abril de 1856.<br \/>\nExposicions: Barcelona, Asociaci\u00f3n de Amigos de las Bellas Artes, Exposici\u00f3 Anual, 1856, n\u00fam. 12; Barcelona, Un Siglo Olvidado de Pintura Catalana, (1750-1850), 1951 (fora de cat\u00e0leg).<br \/>\nObservacions: L\u2019artista sol apar\u00e8ixer esmentat a l\u2019\u00e8poca com a Miquel Campamar, fet que, segons la investigadora Margalida Tom\u00e0s, podria respondre al seu inter\u00e8s per amagar el seu origen xueta pal\u00e8s al seu primer cognom.<br \/>\nEl retratat, Joaquim Desvalls i de Sarriera (Barcelona 1803 &#8211; Palma de Mallorca 1883), fou president de l\u2019Acad\u00e8mia entre 1850 i 1877. Al Museu hi ha un altre retrat, posterior, del mateix personatge, obra d\u2019Antoni Caba (n\u00fam. d\u2019inv. 200). <\/p>\n","protected":false},"featured_media":15002,"template":"","ubicacio":[405],"tecnica":[403],"classificacio":[404],"autor":[1844],"class_list":["post-23431","obra","type-obra","status-publish","has-post-thumbnail","hentry","ubicacio-reial-academia-catalana-de-belles-arts-de-sant-jordi","tecnica-oli-sobre-tela","classificacio-pintura","autor-pico-i-campamar-miquel"],"acf":[],"_links":{"self":[{"href":"https:\/\/www.racba.org\/en\/wp-json\/wp\/v2\/obra\/23431","targetHints":{"allow":["GET"]}}],"collection":[{"href":"https:\/\/www.racba.org\/en\/wp-json\/wp\/v2\/obra"}],"about":[{"href":"https:\/\/www.racba.org\/en\/wp-json\/wp\/v2\/types\/obra"}],"wp:featuredmedia":[{"embeddable":true,"href":"https:\/\/www.racba.org\/en\/wp-json\/wp\/v2\/media\/15002"}],"wp:attachment":[{"href":"https:\/\/www.racba.org\/en\/wp-json\/wp\/v2\/media?parent=23431"}],"wp:term":[{"taxonomy":"ubicacio","embeddable":true,"href":"https:\/\/www.racba.org\/en\/wp-json\/wp\/v2\/ubicacio?post=23431"},{"taxonomy":"tecnica","embeddable":true,"href":"https:\/\/www.racba.org\/en\/wp-json\/wp\/v2\/tecnica?post=23431"},{"taxonomy":"classificacio","embeddable":true,"href":"https:\/\/www.racba.org\/en\/wp-json\/wp\/v2\/classificacio?post=23431"},{"taxonomy":"autor","embeddable":true,"href":"https:\/\/www.racba.org\/en\/wp-json\/wp\/v2\/autor?post=23431"}],"curies":[{"name":"wp","href":"https:\/\/api.w.org\/{rel}","templated":true}]}}

Retrat del marquès d’Alfarràs

<p>Inscripcions: Al marc, en cartel•la antiga amb tinta: “369”; en una altra cartel•la impresa: “Excmo. sor. Marqués de Alfarras:/ Primer presidente de la academia de Bellas Artes/ de Barcelona”./ Al bastidor, etiqueta de l’exposició “Un siglo olvidado&#8230;”. Al dors del marc, en etiqueta de l’Acadèmia, trencada, amb tinta: “N.a. 36(&#8230;)/ N.m. 79/ (&#8230;)del E(&#8230;)/ (&#8230;)qués de (&#8230;)”.<br />
Procedència: Donació de l’autor (no del marquès, com diu el Catàleg c. 1872).<br />
Data ingrés: 6 d’abril de 1856.<br />
Exposicions: Barcelona, Asociación de Amigos de las Bellas Artes, Exposició Anual, 1856, núm. 12; Barcelona, Un Siglo Olvidado de Pintura Catalana, (1750-1850), 1951 (fora de catàleg).<br />
Observacions: L’artista sol aparèixer esmentat a l’època com a Miquel Campamar, fet que, segons la investigadora Margalida Tomàs, podria respondre al seu interès per amagar el seu origen xueta palès al seu primer cognom.<br />
El retratat, Joaquim Desvalls i de Sarriera (Barcelona 1803 &#8211; Palma de Mallorca 1883), fou president de l’Acadèmia entre 1850 i 1877. Al Museu hi ha un altre retrat, posterior, del mateix personatge, obra d’Antoni Caba (núm. d’inv. 200). </p>
