{"id":23480,"date":"2023-01-12T23:39:41","date_gmt":"2023-01-12T22:39:41","guid":{"rendered":"http:\/\/novaweb.racba.org\/obra\/paisatge-7\/"},"modified":"2023-01-12T23:39:41","modified_gmt":"2023-01-12T22:39:41","slug":"paisatge-7","status":"publish","type":"obra","link":"https:\/\/www.racba.org\/en\/obra\/paisatge-7\/","title":{"rendered":"Paisatge"},"content":{"rendered":"<p>Signatura: \u201cF. Torrescasana\/ 1864\u201d (angle inf. esq.).<br \/>\nInscripcions: A l\u2019angle inferior dret, en vermell: \u201c10602\u201d. Al marc, en cartel\u00b7la met\u00e0l\u00b7lica gravada: \u201cFrancesc Torrescana 1845-1918\/ Dip\u00f2sit de l\u2019Acad\u00e8mia Provincial\/ de Belles Arts\u201d. Al dors del marc, en restes d\u2019etiqueta impresa: \u201cAcademia Provincial de Bellas Artes&#8230;\u201d. Al bastidor, en dues etiquetes: \u201cMuseu de Belles Arts\/ de Barcelona\u201d i \u201c10602\u201d.<br \/>\nProced\u00e8ncia: Adquirit a l\u2019exposici\u00f3 de Barcelona de 1866.<br \/>\nRestauracions:  Restaurat als Establiments Maragall el 1987 i pel taller Balaguer i Grau el 1999.<br \/>\nExposicions: Barcelona, Exposici\u00f3n de objetos de arte celebrada por la Academia de Bellas Artes, 1866, n\u00fam  283(?); Pamplona-Vitoria-Bilbao-Madrid, RACBASJ. Exposici\u00f3n antol\u00f3gica de pintura, 2000, n\u00fam. 53.<br \/>\nObservacions: Francesc Torrescassana va ser alumne de Mart\u00ed i Alsina en l&#8217;Escola de Llotja de Barcelona. L&#8217;any 1864 va obtenir una menci\u00f3 d&#8217;honor en l&#8217;Exposici\u00f3 de Madrid. Despr\u00e9s de ser pensionat a Roma,  va marxar a Par\u00eds on es va relacionar amb les corrents art\u00edstiques m\u00e9s importants. Va treballar en un primer momento la pintura d&#8217;hist\u00f2ria y de costums, amb un t\u00f3 realista molt moderat, influenciat per les ensenyances del seu mestre i per les exig\u00e8ncies de la burgesia de l&#8217;\u00e8poca. Despr\u00e9s, va evolucionar cap a una pintura suau i lluminista, amb una pincelada m\u00e9s lliure, en la que es descubreixen paral\u00b7lelismes amb l&#8217;impresionisme, dedicant-se sobre tot al paisatge i al retrat. Les seves obres van tenir un gran reconeixement en tots els certamens als que hi va participar. L&#8217;Acad\u00e8mia de Belles Arts de Sant Jordi va enriquir el seu fons al comprar aquesta obra juntament a un nombr\u00f3s lot de pintures que havien estat exposades a la mostra cel\u00b7lebrada per aquesta corporaci\u00f3 l&#8217;any 1866. En ocasions se l&#8217;ha titulat Paisatge del Vall\u00e8s.<br \/>\nL&#8217;obra va estar dipositada als Museus d&#8217;Art de Barcelona, on l&#8217;asignaren el n\u00famero d&#8217;inventari 10602. Fou retornada a l&#8217;Acad\u00e8mia l&#8217;1 de desembre de 1980.<\/p>\n","protected":false},"featured_media":15227,"template":"","ubicacio":[405],"tecnica":[403],"classificacio":[404],"autor":[1788],"class_list":["post-23480","obra","type-obra","status-publish","has-post-thumbnail","hentry","ubicacio-reial-academia-catalana-de-belles-arts-de-sant-jordi","tecnica-oli-sobre-tela","classificacio-pintura","autor-torrescassana-i-sallares-francesc"],"acf":[],"_links":{"self":[{"href":"https:\/\/www.racba.org\/en\/wp-json\/wp\/v2\/obra\/23480","targetHints":{"allow":["GET"]}}],"collection":[{"href":"https:\/\/www.racba.org\/en\/wp-json\/wp\/v2\/obra"}],"about":[{"href":"https:\/\/www.racba.org\/en\/wp-json\/wp\/v2\/types\/obra"}],"wp:featuredmedia":[{"embeddable":true,"href":"https:\/\/www.racba.org\/en\/wp-json\/wp\/v2\/media\/15227"}],"wp:attachment":[{"href":"https:\/\/www.racba.org\/en\/wp-json\/wp\/v2\/media?parent=23480"}],"wp:term":[{"taxonomy":"ubicacio","embeddable":true,"href":"https:\/\/www.racba.org\/en\/wp-json\/wp\/v2\/ubicacio?post=23480"},{"taxonomy":"tecnica","embeddable":true,"href":"https:\/\/www.racba.org\/en\/wp-json\/wp\/v2\/tecnica?post=23480"},{"taxonomy":"classificacio","embeddable":true,"href":"https:\/\/www.racba.org\/en\/wp-json\/wp\/v2\/classificacio?post=23480"},{"taxonomy":"autor","embeddable":true,"href":"https:\/\/www.racba.org\/en\/wp-json\/wp\/v2\/autor?post=23480"}],"curies":[{"name":"wp","href":"https:\/\/api.w.org\/{rel}","templated":true}]}}

<p>Signatura: “F. Torrescasana/ 1864” (angle inf. esq.).<br />
Inscripcions: A l’angle inferior dret, en vermell: “10602”. Al marc, en cartel·la metàl·lica gravada: “Francesc Torrescana 1845-1918/ Dipòsit de l’Acadèmia Provincial/ de Belles Arts”. Al dors del marc, en restes d’etiqueta impresa: “Academia Provincial de Bellas Artes&#8230;”. Al bastidor, en dues etiquetes: “Museu de Belles Arts/ de Barcelona” i “10602”.<br />
Procedència: Adquirit a l’exposició de Barcelona de 1866.<br />
Restauracions:  Restaurat als Establiments Maragall el 1987 i pel taller Balaguer i Grau el 1999.<br />
Exposicions: Barcelona, Exposición de objetos de arte celebrada por la Academia de Bellas Artes, 1866, núm  283(?); Pamplona-Vitoria-Bilbao-Madrid, RACBASJ. Exposición antológica de pintura, 2000, núm. 53.<br />
Observacions: Francesc Torrescassana va ser alumne de Martí i Alsina en l&#8217;Escola de Llotja de Barcelona. L&#8217;any 1864 va obtenir una menció d&#8217;honor en l&#8217;Exposició de Madrid. Després de ser pensionat a Roma,  va marxar a París on es va relacionar amb les corrents artístiques més importants. Va treballar en un primer momento la pintura d&#8217;història y de costums, amb un tó realista molt moderat, influenciat per les ensenyances del seu mestre i per les exigències de la burgesia de l&#8217;època. Després, va evolucionar cap a una pintura suau i lluminista, amb una pincelada més lliure, en la que es descubreixen paral·lelismes amb l&#8217;impresionisme, dedicant-se sobre tot al paisatge i al retrat. Les seves obres van tenir un gran reconeixement en tots els certamens als que hi va participar. L&#8217;Acadèmia de Belles Arts de Sant Jordi va enriquir el seu fons al comprar aquesta obra juntament a un nombrós lot de pintures que havien estat exposades a la mostra cel·lebrada per aquesta corporació l&#8217;any 1866. En ocasions se l&#8217;ha titulat Paisatge del Vallès.<br />
L&#8217;obra va estar dipositada als Museus d&#8217;Art de Barcelona, on l&#8217;asignaren el número d&#8217;inventari 10602. Fou retornada a l&#8217;Acadèmia l&#8217;1 de desembre de 1980.</p>
