{"id":23561,"date":"2023-01-12T23:40:33","date_gmt":"2023-01-12T22:40:33","guid":{"rendered":"http:\/\/novaweb.racba.org\/obra\/la-concepcio-ferria-de-lolot-brolla-de-la-boira\/"},"modified":"2023-01-12T23:40:33","modified_gmt":"2023-01-12T22:40:33","slug":"la-concepcio-ferria-de-lolot-brolla-de-la-boira","status":"publish","type":"obra","link":"https:\/\/www.racba.org\/en\/obra\/la-concepcio-ferria-de-lolot-brolla-de-la-boira\/","title":{"rendered":"La concepci\u00f3 f\u00e8rria de l&#8217;Olot brolla de la boira"},"content":{"rendered":"<p>Signatura: \u201cX. Bayle\u201d (a tinta, a l\u2019ang. inf. dret).<br \/>\nInscripcions: &#8220;La concepcion f\u00e9rrea de la &#8220;Olot&#8221; brota de la niebla. (Seg\u00fan fotograf\u00eda de Jordi Parra)&#8221; (a tinta, al dors).<br \/>\nProced\u00e8ncia: Premi del concurs de dibuix Ynglada-Guillot 1997.<br \/>\nData ingr\u00e9s: 2 de juny de 1997 (data del lliurament del premi).<br \/>\nExposicions: EXPO. YNGLADA-GUILLOT 1997.<br \/>\nBibliografia: CAT. YNGLADA-GUILLOT 1997, p. 3 (reprodu\u00eft); PREMI YNGLADA-GUILLOT 50\u00e8 aniversari 2012, p. 128 i 129 (reprodu\u00eft).<br \/>\nObservacions: El dibuix es troba enganxat a un suport de major mida (61,8 x 75,9 cm). Abans de guanyar el premi, Bayle havia estat seleccionat als concursos de 1993, 1995 i 1996 \u2013a aquest \u00faltim certamen va ser finalista-, i posteriorment ho fa als de 1999 i 2000. Establert a Pol\u00f2nia des de fa 7 anys, l\u2019artista, sense abandonar el dibuix i la pintura, dedica la seva activitat professional tamb\u00e9 a les arts gr\u00e0fiques, les instal\u00b7lacions, la fotografia, l\u2019escultura, i fonamentalment a les performances (blog i web de l\u2019artista: http:\/\/xavibayle.blogspot.com\/ i http:\/\/xavierbayle.republika.pl\/).<\/p>\n","protected":false},"featured_media":15576,"template":"","ubicacio":[405],"tecnica":[2210],"classificacio":[408],"autor":[2108],"class_list":["post-23561","obra","type-obra","status-publish","has-post-thumbnail","hentry","ubicacio-reial-academia-catalana-de-belles-arts-de-sant-jordi","tecnica-tinta-estilografica-0-2-mm-sobre-paper","classificacio-dibuix","autor-bayle-garcia-xavier"],"acf":[],"_links":{"self":[{"href":"https:\/\/www.racba.org\/en\/wp-json\/wp\/v2\/obra\/23561","targetHints":{"allow":["GET"]}}],"collection":[{"href":"https:\/\/www.racba.org\/en\/wp-json\/wp\/v2\/obra"}],"about":[{"href":"https:\/\/www.racba.org\/en\/wp-json\/wp\/v2\/types\/obra"}],"wp:featuredmedia":[{"embeddable":true,"href":"https:\/\/www.racba.org\/en\/wp-json\/wp\/v2\/media\/15576"}],"wp:attachment":[{"href":"https:\/\/www.racba.org\/en\/wp-json\/wp\/v2\/media?parent=23561"}],"wp:term":[{"taxonomy":"ubicacio","embeddable":true,"href":"https:\/\/www.racba.org\/en\/wp-json\/wp\/v2\/ubicacio?post=23561"},{"taxonomy":"tecnica","embeddable":true,"href":"https:\/\/www.racba.org\/en\/wp-json\/wp\/v2\/tecnica?post=23561"},{"taxonomy":"classificacio","embeddable":true,"href":"https:\/\/www.racba.org\/en\/wp-json\/wp\/v2\/classificacio?post=23561"},{"taxonomy":"autor","embeddable":true,"href":"https:\/\/www.racba.org\/en\/wp-json\/wp\/v2\/autor?post=23561"}],"curies":[{"name":"wp","href":"https:\/\/api.w.org\/{rel}","templated":true}]}}

La concepció fèrria de l&#8217;Olot brolla de la boira

<p>Signatura: “X. Bayle” (a tinta, a l’ang. inf. dret).<br />
Inscripcions: &#8220;La concepcion férrea de la &#8220;Olot&#8221; brota de la niebla. (Según fotografía de Jordi Parra)&#8221; (a tinta, al dors).<br />
Procedència: Premi del concurs de dibuix Ynglada-Guillot 1997.<br />
Data ingrés: 2 de juny de 1997 (data del lliurament del premi).<br />
Exposicions: EXPO. YNGLADA-GUILLOT 1997.<br />
Bibliografia: CAT. YNGLADA-GUILLOT 1997, p. 3 (reproduït); PREMI YNGLADA-GUILLOT 50è aniversari 2012, p. 128 i 129 (reproduït).<br />
Observacions: El dibuix es troba enganxat a un suport de major mida (61,8 x 75,9 cm). Abans de guanyar el premi, Bayle havia estat seleccionat als concursos de 1993, 1995 i 1996 –a aquest últim certamen va ser finalista-, i posteriorment ho fa als de 1999 i 2000. Establert a Polònia des de fa 7 anys, l’artista, sense abandonar el dibuix i la pintura, dedica la seva activitat professional també a les arts gràfiques, les instal·lacions, la fotografia, l’escultura, i fonamentalment a les performances (blog i web de l’artista: http://xavibayle.blogspot.com/ i http://xavierbayle.republika.pl/).</p>
