{"id":23778,"date":"2023-01-12T23:42:47","date_gmt":"2023-01-12T22:42:47","guid":{"rendered":"http:\/\/novaweb.racba.org\/obra\/casa-vilana-sant-gervasi-barcelona\/"},"modified":"2026-03-02T09:14:10","modified_gmt":"2026-03-02T08:14:10","slug":"casa-vilana-sant-gervasi-barcelona","status":"publish","type":"obra","link":"https:\/\/www.racba.org\/en\/obra\/casa-vilana-sant-gervasi-barcelona\/","title":{"rendered":"Casa Vilana. Sant Gervasi (Barcelona)"},"content":{"rendered":"\n<div class=\"wp-block-group is-vertical is-layout-flex wp-container-core-group-is-layout-8cf370e7 wp-block-group-is-layout-flex\">\n<p><strong>Inventari general: <\/strong>1121 D.<\/p>\n\n\n\n<p><strong>Inscripcions: <\/strong>\u00abS. Gervasio Casa Vilana.\/Abril 1874.\u00bb (a tinta, a la part inf. esq.).<\/p>\n\n\n\n<p><strong>Proced\u00e8ncia<\/strong>: Llegat de l\u2019autor (Arxiu RACBASJ, Carta de Llu\u00eds Rigalt a Andreu de Ferran i Francesc Miquel i Badia).<\/p>\n\n\n\n<p><strong>Data ingr\u00e9s: <\/strong>22 d\u2019abril de 1894 (Arxiu RACBASJ, Acta de la Sessi\u00f3 Plen\u00e0ria de 22 d\u2019abril de 1894).<\/p>\n\n\n\n<p><strong>Exposicions: <\/strong>VIRREINA 1956 (sense cat\u00e0leg).<\/p>\n\n\n\n<p><strong>Bibliografia: <\/strong>CAT. OLL\u00c9 PINELL 1956, p. 27, n\u00fam. 171; CAT. EXPO. RETRAT DE BARCELONA 1995, vol. I, p. 283, n\u00fam. 888; CAT. EXPO. VISTES BARCELONA 1998, p. 97, n\u00fam. 216 (reprod.); CAT. RIGALT 2002, p. 88.<\/p>\n\n\n\n<p><strong>Observacions<\/strong>: La torre Vilana \u00e9s als vessants d\u2019un tur\u00f3 que llavors es va denominar d\u2019en Vilana, al l\u00edmit entre els antics termes de Sarri\u00e0 i Sant Gervasi de Cassoles. \u00c9s l\u2019antiga for\u00e7a o torre de Sarri\u00e0, que \u00e9s va anomenar torre Vilana quan a partir dels segles XVII i XVIII esdevingu\u00e9 propietat de Ramon de Vilana-Perles i els seus successors.<\/p>\n<\/div>\n","protected":false},"featured_media":37230,"template":"","ubicacio":[405],"tecnica":[410],"classificacio":[408],"autor":[1727],"class_list":["post-23778","obra","type-obra","status-publish","has-post-thumbnail","hentry","ubicacio-reial-academia-catalana-de-belles-arts-de-sant-jordi","tecnica-llapis-i-aiguada-marro-sobre-paper","classificacio-dibuix","autor-rigalt-i-farriols-lluis"],"acf":[],"_links":{"self":[{"href":"https:\/\/www.racba.org\/en\/wp-json\/wp\/v2\/obra\/23778","targetHints":{"allow":["GET"]}}],"collection":[{"href":"https:\/\/www.racba.org\/en\/wp-json\/wp\/v2\/obra"}],"about":[{"href":"https:\/\/www.racba.org\/en\/wp-json\/wp\/v2\/types\/obra"}],"wp:featuredmedia":[{"embeddable":true,"href":"https:\/\/www.racba.org\/en\/wp-json\/wp\/v2\/media\/37230"}],"wp:attachment":[{"href":"https:\/\/www.racba.org\/en\/wp-json\/wp\/v2\/media?parent=23778"}],"wp:term":[{"taxonomy":"ubicacio","embeddable":true,"href":"https:\/\/www.racba.org\/en\/wp-json\/wp\/v2\/ubicacio?post=23778"},{"taxonomy":"tecnica","embeddable":true,"href":"https:\/\/www.racba.org\/en\/wp-json\/wp\/v2\/tecnica?post=23778"},{"taxonomy":"classificacio","embeddable":true,"href":"https:\/\/www.racba.org\/en\/wp-json\/wp\/v2\/classificacio?post=23778"},{"taxonomy":"autor","embeddable":true,"href":"https:\/\/www.racba.org\/en\/wp-json\/wp\/v2\/autor?post=23778"}],"curies":[{"name":"wp","href":"https:\/\/api.w.org\/{rel}","templated":true}]}}

<div class="wp-block-group is-vertical is-layout-flex wp-container-core-group-is-layout-8cf370e7 wp-block-group-is-layout-flex">
<p><strong>Inventari general: </strong>1121 D.</p>



<p><strong>Inscripcions: </strong>«S. Gervasio Casa Vilana./Abril 1874.» (a tinta, a la part inf. esq.).</p>



<p><strong>Procedència</strong>: Llegat de l’autor (Arxiu RACBASJ, Carta de Lluís Rigalt a Andreu de Ferran i Francesc Miquel i Badia).</p>



<p><strong>Data ingrés: </strong>22 d’abril de 1894 (Arxiu RACBASJ, Acta de la Sessió Plenària de 22 d’abril de 1894).</p>



<p><strong>Exposicions: </strong>VIRREINA 1956 (sense catàleg).</p>



<p><strong>Bibliografia: </strong>CAT. OLLÉ PINELL 1956, p. 27, núm. 171; CAT. EXPO. RETRAT DE BARCELONA 1995, vol. I, p. 283, núm. 888; CAT. EXPO. VISTES BARCELONA 1998, p. 97, núm. 216 (reprod.); CAT. RIGALT 2002, p. 88.</p>



<p><strong>Observacions</strong>: La torre Vilana és als vessants d’un turó que llavors es va denominar d’en Vilana, al límit entre els antics termes de Sarrià i Sant Gervasi de Cassoles. És l’antiga força o torre de Sarrià, que és va anomenar torre Vilana quan a partir dels segles XVII i XVIII esdevingué propietat de Ramon de Vilana-Perles i els seus successors.</p>
</div>
