{"id":23789,"date":"2023-01-12T23:42:54","date_gmt":"2023-01-12T22:42:54","guid":{"rendered":"http:\/\/novaweb.racba.org\/obra\/claustre-del-convent-del-carme-barcelona\/"},"modified":"2025-11-05T10:17:16","modified_gmt":"2025-11-05T09:17:16","slug":"claustre-del-convent-del-carme-barcelona","status":"publish","type":"obra","link":"https:\/\/www.racba.org\/en\/obra\/claustre-del-convent-del-carme-barcelona\/","title":{"rendered":"Claustre del convent del Carme (Barcelona)"},"content":{"rendered":"\n<div class=\"wp-block-group is-vertical is-layout-flex wp-container-core-group-is-layout-8cf370e7 wp-block-group-is-layout-flex\">\n<p><strong>Inventari general: <\/strong>1175 D<\/p>\n\n\n\n<p><strong>Inscripcions: <\/strong>\u00abEsglesia del Carme-\/Claustre\u00bb (a llapis, al dors).<\/p>\n\n\n\n<p><strong>Proced\u00e8ncia<\/strong>: Llegat de l\u2019autor (Arxiu RACBASJ, Carta de Llu\u00eds Rigalt a Andreu de Ferran i Francesc Miquel i Badia).<\/p>\n\n\n\n<p><strong>Data ingr\u00e9s: <\/strong>22 d\u2019abril de 1894 (Arxiu RACBASJ, Acta de la Sessi\u00f3 Plen\u00e0ria de 22 d\u2019abril de 1894).<\/p>\n\n\n\n<p><strong>Exposicions: <\/strong>VIRREINA 1956 (sense cat\u00e0leg).<\/p>\n\n\n\n<p><strong>Estat e conservaci\u00f3: <\/strong>Bo.<\/p>\n\n\n\n<p><strong>Observacions<\/strong>: Vegeu observacions del dibuix n\u00fam. 277 (inv. 1147 D).<\/p>\n\n\n\n<p><strong>Bibliografia: <\/strong>CAT. OLL\u00c9 PINELL 1956, p. 32, n\u00fam. 237; AMADES, vol. I, p. 484 (reprod.); CAT. EXPO. RETRAT DE BARCELONA 1995, vol. I, p. 272, n\u00fam. 606; CAT. EXPO. VISTES BARCELONA 1998, p. 72, n\u00fam. 103 (reprod.); CAT. RIGALT 2002, p. 94 i 227 (reprod.).<\/p>\n<\/div>\n","protected":false},"featured_media":36878,"template":"","ubicacio":[405],"tecnica":[410],"classificacio":[408],"autor":[1727],"class_list":["post-23789","obra","type-obra","status-publish","has-post-thumbnail","hentry","ubicacio-reial-academia-catalana-de-belles-arts-de-sant-jordi","tecnica-llapis-i-aiguada-marro-sobre-paper","classificacio-dibuix","autor-rigalt-i-farriols-lluis"],"acf":[],"_links":{"self":[{"href":"https:\/\/www.racba.org\/en\/wp-json\/wp\/v2\/obra\/23789","targetHints":{"allow":["GET"]}}],"collection":[{"href":"https:\/\/www.racba.org\/en\/wp-json\/wp\/v2\/obra"}],"about":[{"href":"https:\/\/www.racba.org\/en\/wp-json\/wp\/v2\/types\/obra"}],"wp:featuredmedia":[{"embeddable":true,"href":"https:\/\/www.racba.org\/en\/wp-json\/wp\/v2\/media\/36878"}],"wp:attachment":[{"href":"https:\/\/www.racba.org\/en\/wp-json\/wp\/v2\/media?parent=23789"}],"wp:term":[{"taxonomy":"ubicacio","embeddable":true,"href":"https:\/\/www.racba.org\/en\/wp-json\/wp\/v2\/ubicacio?post=23789"},{"taxonomy":"tecnica","embeddable":true,"href":"https:\/\/www.racba.org\/en\/wp-json\/wp\/v2\/tecnica?post=23789"},{"taxonomy":"classificacio","embeddable":true,"href":"https:\/\/www.racba.org\/en\/wp-json\/wp\/v2\/classificacio?post=23789"},{"taxonomy":"autor","embeddable":true,"href":"https:\/\/www.racba.org\/en\/wp-json\/wp\/v2\/autor?post=23789"}],"curies":[{"name":"wp","href":"https:\/\/api.w.org\/{rel}","templated":true}]}}

<div class="wp-block-group is-vertical is-layout-flex wp-container-core-group-is-layout-8cf370e7 wp-block-group-is-layout-flex">
<p><strong>Inventari general: </strong>1175 D</p>



<p><strong>Inscripcions: </strong>«Esglesia del Carme-/Claustre» (a llapis, al dors).</p>



<p><strong>Procedència</strong>: Llegat de l’autor (Arxiu RACBASJ, Carta de Lluís Rigalt a Andreu de Ferran i Francesc Miquel i Badia).</p>



<p><strong>Data ingrés: </strong>22 d’abril de 1894 (Arxiu RACBASJ, Acta de la Sessió Plenària de 22 d’abril de 1894).</p>



<p><strong>Exposicions: </strong>VIRREINA 1956 (sense catàleg).</p>



<p><strong>Estat e conservació: </strong>Bo.</p>



<p><strong>Observacions</strong>: Vegeu observacions del dibuix núm. 277 (inv. 1147 D).</p>



<p><strong>Bibliografia: </strong>CAT. OLLÉ PINELL 1956, p. 32, núm. 237; AMADES, vol. I, p. 484 (reprod.); CAT. EXPO. RETRAT DE BARCELONA 1995, vol. I, p. 272, núm. 606; CAT. EXPO. VISTES BARCELONA 1998, p. 72, núm. 103 (reprod.); CAT. RIGALT 2002, p. 94 i 227 (reprod.).</p>
</div>
