{"id":24360,"date":"2023-01-12T23:49:23","date_gmt":"2023-01-12T22:49:23","guid":{"rendered":"http:\/\/novaweb.racba.org\/obra\/copia-del-sant-joan-al-desert-de-mengs\/"},"modified":"2023-01-12T23:49:23","modified_gmt":"2023-01-12T22:49:23","slug":"copia-del-sant-joan-al-desert-de-mengs","status":"publish","type":"obra","link":"https:\/\/www.racba.org\/en\/obra\/copia-del-sant-joan-al-desert-de-mengs\/","title":{"rendered":"C\u00f2pia del Sant Joan al desert de Mengs"},"content":{"rendered":"<p>Inscripci\u00f3ns: Al dors de la taula suport, a tinta: &#8220;Franco Lacoma lo copi\u00f3 del quadre originl\/del caballero Meyns en 180..(?)&#8221; i uns signes il\u00b7legibles.<br \/>\nProced\u00e8ncia: Obra de pensionat, s&#8217;integr\u00e0 al Museu de l&#8217;antiga Junta de Comer\u00e7. Desaparescuda durant molts anys, l&#8217;obra va ser recuperada el 15 de febrer de 2005, quan el galerista madrileny Jos\u00e9 de la Mano va tornar-la a l&#8217;Acad\u00e8mia.<br \/>\nData ingr\u00e9s: 1804 i 15 de febrer de 2005.<br \/>\nObservacions: Fa parella amb la &#8220;C\u00f2pia de la Magdalena penitent&#8221; de Mengs (inv. 181). L&#8217;any 2004 el galerista madrileny Jos\u00e9 de la Mano compra en Alacant aquest quadre. Al documentar l&#8217;obra se\u2019n va adonar que era la pe\u00e7a catalogada al Cat\u00e0leg del Museu&#8230; (I-Pintura) en la secci\u00f3 d&#8217;obres presumiblement perdudes. Va possar-se en contacte amb Ventura Bassegoda que, a la vegada, ho va comunicar a Francesc Fontbona.<br \/>\nL&#8217;obra original form\u00e0 part de les col\u00b7leccions reials d&#8217;Espanya.<\/p>\n","protected":false},"featured_media":19383,"template":"","ubicacio":[405],"tecnica":[2246],"classificacio":[404],"autor":[1883],"class_list":["post-24360","obra","type-obra","status-publish","has-post-thumbnail","hentry","ubicacio-reial-academia-catalana-de-belles-arts-de-sant-jordi","tecnica-oli-sobre-tela-enganxat-a-cartro","classificacio-pintura","autor-lacoma-i-sans-francesc"],"acf":[],"_links":{"self":[{"href":"https:\/\/www.racba.org\/en\/wp-json\/wp\/v2\/obra\/24360","targetHints":{"allow":["GET"]}}],"collection":[{"href":"https:\/\/www.racba.org\/en\/wp-json\/wp\/v2\/obra"}],"about":[{"href":"https:\/\/www.racba.org\/en\/wp-json\/wp\/v2\/types\/obra"}],"wp:featuredmedia":[{"embeddable":true,"href":"https:\/\/www.racba.org\/en\/wp-json\/wp\/v2\/media\/19383"}],"wp:attachment":[{"href":"https:\/\/www.racba.org\/en\/wp-json\/wp\/v2\/media?parent=24360"}],"wp:term":[{"taxonomy":"ubicacio","embeddable":true,"href":"https:\/\/www.racba.org\/en\/wp-json\/wp\/v2\/ubicacio?post=24360"},{"taxonomy":"tecnica","embeddable":true,"href":"https:\/\/www.racba.org\/en\/wp-json\/wp\/v2\/tecnica?post=24360"},{"taxonomy":"classificacio","embeddable":true,"href":"https:\/\/www.racba.org\/en\/wp-json\/wp\/v2\/classificacio?post=24360"},{"taxonomy":"autor","embeddable":true,"href":"https:\/\/www.racba.org\/en\/wp-json\/wp\/v2\/autor?post=24360"}],"curies":[{"name":"wp","href":"https:\/\/api.w.org\/{rel}","templated":true}]}}

Còpia del Sant Joan al desert de Mengs

<p>Inscripcións: Al dors de la taula suport, a tinta: &#8220;Franco Lacoma lo copió del quadre originl/del caballero Meyns en 180..(?)&#8221; i uns signes il·legibles.<br />
Procedència: Obra de pensionat, s&#8217;integrà al Museu de l&#8217;antiga Junta de Comerç. Desaparescuda durant molts anys, l&#8217;obra va ser recuperada el 15 de febrer de 2005, quan el galerista madrileny José de la Mano va tornar-la a l&#8217;Acadèmia.<br />
Data ingrés: 1804 i 15 de febrer de 2005.<br />
Observacions: Fa parella amb la &#8220;Còpia de la Magdalena penitent&#8221; de Mengs (inv. 181). L&#8217;any 2004 el galerista madrileny José de la Mano compra en Alacant aquest quadre. Al documentar l&#8217;obra se’n va adonar que era la peça catalogada al Catàleg del Museu&#8230; (I-Pintura) en la secció d&#8217;obres presumiblement perdudes. Va possar-se en contacte amb Ventura Bassegoda que, a la vegada, ho va comunicar a Francesc Fontbona.<br />
L&#8217;obra original formà part de les col·leccions reials d&#8217;Espanya.</p>
