{"id":24514,"date":"2023-01-12T23:51:08","date_gmt":"2023-01-12T22:51:08","guid":{"rendered":"http:\/\/novaweb.racba.org\/obra\/copia-de-la-sibilla-de-domenichino\/"},"modified":"2023-01-12T23:51:08","modified_gmt":"2023-01-12T22:51:08","slug":"copia-de-la-sibilla-de-domenichino","status":"publish","type":"obra","link":"https:\/\/www.racba.org\/en\/obra\/copia-de-la-sibilla-de-domenichino\/","title":{"rendered":"C\u00f2pia de La Sibil\u00b7la de Domenichino"},"content":{"rendered":"<p>Inscripcions: Al dors del marc, en etiqueta de l\u2019Acad\u00e8mia trencada, amb tinta: \u201cNum. ant. 459\/ Num. Mod. 313\/ Sibila Euterpense\/ Copia(&#8230;)&#8221;; en altra etiqueta moderna, amb tinta: \u201cACADEMIA\/ Retrat dona&#8221;; i en cartel.la antiga amb tinta: \u201c59&#8243;. Al dors de la tela, amb guix : &#8220;59&#8221;.<br \/>\nProced\u00e8ncia: Probable obra d\u2019un pensionat a Roma (Francesc Rodr\u00edguez Pusat, Miquel Cabanyes, Ramon Planella?), pass\u00e0 al Museu de la Junta de Comer\u00e7.<br \/>\nRestauracions: Restaurat per Josep M. Xarri\u00e9 el 1980; restaurat per La Pinacoteca el 1995.<br \/>\nExposicions: Barcelona, Banca Jover, febrer-maig 1995.<br \/>\nObservacions: Consta com a c\u00f2pia ja al primer Cat\u00e0leg impr\u00e8s del Museu de l\u2019Acad\u00e8mia (1833), en canvi als cat\u00e0legs de 1837 i 1847 nom\u00e9s diu \u201cde Dominiquino\u201d; el car\u00e0cter de c\u00f2pia torna a ser expressat en els cat\u00e0legs posteriors. L\u2019original, pr\u00e0cticament de la mateixa mida (123 x 94), \u00e9s a la Galleria Borghese de Roma, i va ser pintat per al Cardenal Scipione Borghese. A la Real Academia de San Fernando de Madrid n\u2019hi ha una altra c\u00f2pia, feta per Alejandro de la Cruz, del segle XVIII. El 1932 pass\u00e0 en dip\u00f2sit a la Comissi\u00f3 Provincial de Monuments Hist\u00f2rics i Art\u00edstics de Barcelona &#8211; n\u00famero 8 de la relaci\u00f3 de peces cedides &#8211; d\u2019on es recuper\u00e0 anys despr\u00e9s.<\/p>\n","protected":false},"featured_media":19959,"template":"","ubicacio":[405],"tecnica":[403],"classificacio":[404],"autor":[2041],"class_list":["post-24514","obra","type-obra","status-publish","has-post-thumbnail","hentry","ubicacio-reial-academia-catalana-de-belles-arts-de-sant-jordi","tecnica-oli-sobre-tela","classificacio-pintura","autor-anonim-escola-catalana-segle-xix"],"acf":[],"_links":{"self":[{"href":"https:\/\/www.racba.org\/en\/wp-json\/wp\/v2\/obra\/24514","targetHints":{"allow":["GET"]}}],"collection":[{"href":"https:\/\/www.racba.org\/en\/wp-json\/wp\/v2\/obra"}],"about":[{"href":"https:\/\/www.racba.org\/en\/wp-json\/wp\/v2\/types\/obra"}],"wp:featuredmedia":[{"embeddable":true,"href":"https:\/\/www.racba.org\/en\/wp-json\/wp\/v2\/media\/19959"}],"wp:attachment":[{"href":"https:\/\/www.racba.org\/en\/wp-json\/wp\/v2\/media?parent=24514"}],"wp:term":[{"taxonomy":"ubicacio","embeddable":true,"href":"https:\/\/www.racba.org\/en\/wp-json\/wp\/v2\/ubicacio?post=24514"},{"taxonomy":"tecnica","embeddable":true,"href":"https:\/\/www.racba.org\/en\/wp-json\/wp\/v2\/tecnica?post=24514"},{"taxonomy":"classificacio","embeddable":true,"href":"https:\/\/www.racba.org\/en\/wp-json\/wp\/v2\/classificacio?post=24514"},{"taxonomy":"autor","embeddable":true,"href":"https:\/\/www.racba.org\/en\/wp-json\/wp\/v2\/autor?post=24514"}],"curies":[{"name":"wp","href":"https:\/\/api.w.org\/{rel}","templated":true}]}}

Còpia de La Sibil·la de Domenichino

<p>Inscripcions: Al dors del marc, en etiqueta de l’Acadèmia trencada, amb tinta: “Num. ant. 459/ Num. Mod. 313/ Sibila Euterpense/ Copia(&#8230;)&#8221;; en altra etiqueta moderna, amb tinta: “ACADEMIA/ Retrat dona&#8221;; i en cartel.la antiga amb tinta: “59&#8243;. Al dors de la tela, amb guix : &#8220;59&#8221;.<br />
Procedència: Probable obra d’un pensionat a Roma (Francesc Rodríguez Pusat, Miquel Cabanyes, Ramon Planella?), passà al Museu de la Junta de Comerç.<br />
Restauracions: Restaurat per Josep M. Xarrié el 1980; restaurat per La Pinacoteca el 1995.<br />
Exposicions: Barcelona, Banca Jover, febrer-maig 1995.<br />
Observacions: Consta com a còpia ja al primer Catàleg imprès del Museu de l’Acadèmia (1833), en canvi als catàlegs de 1837 i 1847 només diu “de Dominiquino”; el caràcter de còpia torna a ser expressat en els catàlegs posteriors. L’original, pràcticament de la mateixa mida (123 x 94), és a la Galleria Borghese de Roma, i va ser pintat per al Cardenal Scipione Borghese. A la Real Academia de San Fernando de Madrid n’hi ha una altra còpia, feta per Alejandro de la Cruz, del segle XVIII. El 1932 passà en dipòsit a la Comissió Provincial de Monuments Històrics i Artístics de Barcelona &#8211; número 8 de la relació de peces cedides &#8211; d’on es recuperà anys després.</p>
