{"id":24515,"date":"2023-01-12T23:51:08","date_gmt":"2023-01-12T22:51:08","guid":{"rendered":"http:\/\/novaweb.racba.org\/obra\/copia-de-la-verge-de-la-cadira-de-rafael-sanzio\/"},"modified":"2023-01-12T23:51:08","modified_gmt":"2023-01-12T22:51:08","slug":"copia-de-la-verge-de-la-cadira-de-rafael-sanzio","status":"publish","type":"obra","link":"https:\/\/www.racba.org\/en\/obra\/copia-de-la-verge-de-la-cadira-de-rafael-sanzio\/","title":{"rendered":"C\u00f2pia de La Verge de la cadira de Rafael Sanzio"},"content":{"rendered":"<p>Inscripcions: Al bastidor i al dors del marc, en etiqueta Acad\u00e8mia amb tinta: \u201cN.a. 110\/ N.M. 108\/ La Virgen (&#8230;) la Silla\/ (Del mus(&#8230;) de Luca)\/ Copia de Rafael\/ por Lac(&#8230;)ma&#8221;.<br \/>\nProced\u00e8ncia: Museu de l\u2019antiga Junta de Comer\u00e7.<br \/>\nRestauracions: L\u2019obra ha estat restaurada i reentelada.<br \/>\nObservacions: Els Cat\u00e0legs del Museu de l\u2019Acad\u00e8mia no precisen, com \u00e9s habitual, si es tracta d\u2019una obra de Lacoma i Sans o de Lacoma i Fontanet. Tanmateix el fet que es tracti d\u2019una c\u00f2pia -b\u00e9 que fragment\u00e0ria i de format alterat- de la famosa Verge de la Cadira de Rafael fa pensar que l\u2019autor ha de ser Lacoma i Fontanet, ja que aquesta obra, conservada al Palazzo Pitti de Flor\u00e8ncia, va ser entre els anys 1799 i 1815 a Par\u00eds &#8211; on resid\u00ed Lacoma i Fontanet des de 1804 &#8211; en el bot\u00ed napole\u00f2nic, bot\u00ed que tan b\u00e9 coneixia el pintor catal\u00e0, que va ser encarregat de repatriar-ne la part espanyola. Si a m\u00e9s fos certa la precisi\u00f3 tardana (Cat\u00e0leg 1866) que l\u2019original de Rafael no era el conegut sin\u00f3 un del Museo de Luca, res quadraria ja que cap dels Lacoma, pel que se sap, va ser a It\u00e0lia.<\/p>\n","protected":false},"featured_media":19963,"template":"","ubicacio":[405],"tecnica":[403],"classificacio":[404],"autor":[1882],"class_list":["post-24515","obra","type-obra","status-publish","has-post-thumbnail","hentry","ubicacio-reial-academia-catalana-de-belles-arts-de-sant-jordi","tecnica-oli-sobre-tela","classificacio-pintura","autor-lacoma-i-fontanet-francesc-atribuit"],"acf":[],"_links":{"self":[{"href":"https:\/\/www.racba.org\/en\/wp-json\/wp\/v2\/obra\/24515","targetHints":{"allow":["GET"]}}],"collection":[{"href":"https:\/\/www.racba.org\/en\/wp-json\/wp\/v2\/obra"}],"about":[{"href":"https:\/\/www.racba.org\/en\/wp-json\/wp\/v2\/types\/obra"}],"wp:featuredmedia":[{"embeddable":true,"href":"https:\/\/www.racba.org\/en\/wp-json\/wp\/v2\/media\/19963"}],"wp:attachment":[{"href":"https:\/\/www.racba.org\/en\/wp-json\/wp\/v2\/media?parent=24515"}],"wp:term":[{"taxonomy":"ubicacio","embeddable":true,"href":"https:\/\/www.racba.org\/en\/wp-json\/wp\/v2\/ubicacio?post=24515"},{"taxonomy":"tecnica","embeddable":true,"href":"https:\/\/www.racba.org\/en\/wp-json\/wp\/v2\/tecnica?post=24515"},{"taxonomy":"classificacio","embeddable":true,"href":"https:\/\/www.racba.org\/en\/wp-json\/wp\/v2\/classificacio?post=24515"},{"taxonomy":"autor","embeddable":true,"href":"https:\/\/www.racba.org\/en\/wp-json\/wp\/v2\/autor?post=24515"}],"curies":[{"name":"wp","href":"https:\/\/api.w.org\/{rel}","templated":true}]}}

Còpia de La Verge de la cadira de Rafael Sanzio

<p>Inscripcions: Al bastidor i al dors del marc, en etiqueta Acadèmia amb tinta: “N.a. 110/ N.M. 108/ La Virgen (&#8230;) la Silla/ (Del mus(&#8230;) de Luca)/ Copia de Rafael/ por Lac(&#8230;)ma&#8221;.<br />
Procedència: Museu de l’antiga Junta de Comerç.<br />
Restauracions: L’obra ha estat restaurada i reentelada.<br />
Observacions: Els Catàlegs del Museu de l’Acadèmia no precisen, com és habitual, si es tracta d’una obra de Lacoma i Sans o de Lacoma i Fontanet. Tanmateix el fet que es tracti d’una còpia -bé que fragmentària i de format alterat- de la famosa Verge de la Cadira de Rafael fa pensar que l’autor ha de ser Lacoma i Fontanet, ja que aquesta obra, conservada al Palazzo Pitti de Florència, va ser entre els anys 1799 i 1815 a París &#8211; on residí Lacoma i Fontanet des de 1804 &#8211; en el botí napoleònic, botí que tan bé coneixia el pintor català, que va ser encarregat de repatriar-ne la part espanyola. Si a més fos certa la precisió tardana (Catàleg 1866) que l’original de Rafael no era el conegut sinó un del Museo de Luca, res quadraria ja que cap dels Lacoma, pel que se sap, va ser a Itàlia.</p>
