{"id":24654,"date":"2023-01-12T23:52:42","date_gmt":"2023-01-12T22:52:42","guid":{"rendered":"http:\/\/novaweb.racba.org\/obra\/retrat-de-la-reina-isabel-ii-nena\/"},"modified":"2023-01-12T23:52:42","modified_gmt":"2023-01-12T22:52:42","slug":"retrat-de-la-reina-isabel-ii-nena","status":"publish","type":"obra","link":"https:\/\/www.racba.org\/en\/obra\/retrat-de-la-reina-isabel-ii-nena\/","title":{"rendered":"Retrat de la reina Isabel II, nena"},"content":{"rendered":"<p>Inscripcions: Al dors del marc, en etiqueta de l\u2019Acad\u00e8mia, amb tinta: \u201cNum. ant. S(&#8230;)\/ Num. mod. 3(&#8230;)\/ Crucifi(&#8230;)\u201d.<br \/>\nProced\u00e8ncia: Museu de l\u2019antiga Junta de Comer\u00e7.<br \/>\nObservacions: la retratada (1830-1904), filla de Ferran VII, va ser reina d\u2019Espanya entre 1833 i 1868.<br \/>\nA l\u2019Acad\u00e8mia va haver-hi dos retrats m\u00e9s d\u2019aquesta reina: un, de Federico de Madrazo, la representava m\u00e9s gran (de 1864) i va ser destru\u00eft durant la Revoluci\u00f3 de 1868; l\u2019altre, atribu\u00eft a Antoni Ferran (BORDAS 1837, p. 33 (?) i CAT\u00c0LEG 1847, n\u00fam. 268). En no estar signat, aquest podria ser tant el de Batlle com el de Ferran, per\u00f2 les mides del de Ferran les coneixem per una nota manuscrita a l\u2019arxiu de l\u2019Acad\u00e8mia i s\u00f3n molt m\u00e9s grans (230 x 190 cm); encara que aquestes mides tampoc es corresponen amb exactitud amb les del retrat de la reina, tampoc signat, que hem atribu\u00eft a Ferran (n\u00fam. d\u2019inv. 5950) s\u2019hi apropen molt m\u00e9s.<br \/>\nL\u2019etiqueta del dors no correspon a aquest quadre sin\u00f3 a l\u2019an\u00f2nim titulat Crist crucificat (CAT\u00c0LEG 1913, n\u00fam. 307), actualment n\u00fam. d\u2019inv. 979, el marc del qual va ser posat en aquest retrat en una data ignorada del segle XX.<br \/>\nL\u2019autor, pare del tamb\u00e9 pintor R\u00f2mul Batlle i Guardiola, fou acad\u00e8mic de m\u00e8rit de Sant Carles des del 27 de juliol de 1835. (Arxiu RACBASJ 2.18) i professor de l\u2019Escola de Belles Arts de Barcelona: de Dibuix de figura, el 1829; mestre subaltern de l\u2019Escola, el 29 de novembre de 1836; a partir de 1839, ajudant de diferents seccions de la classe de Principis, que llavors comprenia Elements d\u2019ombra, peus i mans; nomenat el 18.12.1845 tinent director de l\u2019Escola, a la mort de Jacint Corominas i Armengol; des de 1850 (29 de juliol) fins 1859, professor de la classe de Figures juntament amb Ramon Mart\u00ed Alsina; i des de 1858 fins la seva mort, professor de la classe de Colorit i composici\u00f3.<\/p>\n","protected":false},"featured_media":20501,"template":"","ubicacio":[405],"tecnica":[403],"classificacio":[404],"autor":[1711],"class_list":["post-24654","obra","type-obra","status-publish","has-post-thumbnail","hentry","ubicacio-reial-academia-catalana-de-belles-arts-de-sant-jordi","tecnica-oli-sobre-tela","classificacio-pintura","autor-batlle-i-mir-jaume"],"acf":[],"_links":{"self":[{"href":"https:\/\/www.racba.org\/en\/wp-json\/wp\/v2\/obra\/24654","targetHints":{"allow":["GET"]}}],"collection":[{"href":"https:\/\/www.racba.org\/en\/wp-json\/wp\/v2\/obra"}],"about":[{"href":"https:\/\/www.racba.org\/en\/wp-json\/wp\/v2\/types\/obra"}],"wp:featuredmedia":[{"embeddable":true,"href":"https:\/\/www.racba.org\/en\/wp-json\/wp\/v2\/media\/20501"}],"wp:attachment":[{"href":"https:\/\/www.racba.org\/en\/wp-json\/wp\/v2\/media?parent=24654"}],"wp:term":[{"taxonomy":"ubicacio","embeddable":true,"href":"https:\/\/www.racba.org\/en\/wp-json\/wp\/v2\/ubicacio?post=24654"},{"taxonomy":"tecnica","embeddable":true,"href":"https:\/\/www.racba.org\/en\/wp-json\/wp\/v2\/tecnica?post=24654"},{"taxonomy":"classificacio","embeddable":true,"href":"https:\/\/www.racba.org\/en\/wp-json\/wp\/v2\/classificacio?post=24654"},{"taxonomy":"autor","embeddable":true,"href":"https:\/\/www.racba.org\/en\/wp-json\/wp\/v2\/autor?post=24654"}],"curies":[{"name":"wp","href":"https:\/\/api.w.org\/{rel}","templated":true}]}}

<p>Inscripcions: Al dors del marc, en etiqueta de l’Acadèmia, amb tinta: “Num. ant. S(&#8230;)/ Num. mod. 3(&#8230;)/ Crucifi(&#8230;)”.<br />
Procedència: Museu de l’antiga Junta de Comerç.<br />
Observacions: la retratada (1830-1904), filla de Ferran VII, va ser reina d’Espanya entre 1833 i 1868.<br />
A l’Acadèmia va haver-hi dos retrats més d’aquesta reina: un, de Federico de Madrazo, la representava més gran (de 1864) i va ser destruït durant la Revolució de 1868; l’altre, atribuït a Antoni Ferran (BORDAS 1837, p. 33 (?) i CATÀLEG 1847, núm. 268). En no estar signat, aquest podria ser tant el de Batlle com el de Ferran, però les mides del de Ferran les coneixem per una nota manuscrita a l’arxiu de l’Acadèmia i són molt més grans (230 x 190 cm); encara que aquestes mides tampoc es corresponen amb exactitud amb les del retrat de la reina, tampoc signat, que hem atribuït a Ferran (núm. d’inv. 5950) s’hi apropen molt més.<br />
L’etiqueta del dors no correspon a aquest quadre sinó a l’anònim titulat Crist crucificat (CATÀLEG 1913, núm. 307), actualment núm. d’inv. 979, el marc del qual va ser posat en aquest retrat en una data ignorada del segle XX.<br />
L’autor, pare del també pintor Ròmul Batlle i Guardiola, fou acadèmic de mèrit de Sant Carles des del 27 de juliol de 1835. (Arxiu RACBASJ 2.18) i professor de l’Escola de Belles Arts de Barcelona: de Dibuix de figura, el 1829; mestre subaltern de l’Escola, el 29 de novembre de 1836; a partir de 1839, ajudant de diferents seccions de la classe de Principis, que llavors comprenia Elements d’ombra, peus i mans; nomenat el 18.12.1845 tinent director de l’Escola, a la mort de Jacint Corominas i Armengol; des de 1850 (29 de juliol) fins 1859, professor de la classe de Figures juntament amb Ramon Martí Alsina; i des de 1858 fins la seva mort, professor de la classe de Colorit i composició.</p>
