{"id":34992,"date":"2025-04-28T10:29:38","date_gmt":"2025-04-28T08:29:38","guid":{"rendered":"https:\/\/www.racba.org\/?post_type=obra&#038;p=34992"},"modified":"2026-03-27T14:57:37","modified_gmt":"2026-03-27T13:57:37","slug":"cordoba-_307-ter-__vista-interior-de-la-mezquita-o-catedral","status":"publish","type":"obra","link":"https:\/\/www.racba.org\/en\/obra\/cordoba-_307-ter-__vista-interior-de-la-mezquita-o-catedral\/","title":{"rendered":"Vista interior de la Mesquita o Catedral de C\u00f3rdoba"},"content":{"rendered":"\n<div class=\"wp-block-group is-vertical is-layout-flex wp-container-core-group-is-layout-8cf370e7 wp-block-group-is-layout-flex\">\n<p><strong>Inventari general:<\/strong> 9679 F<\/p>\n\n\n\n<p><strong>Proced\u00e8ncia:<\/strong> Fons fotogr\u00e0fic Acad\u00e8mia<\/p>\n\n\n\n<p><strong>Inscripcions: <\/strong>A la fotografia: C\u00d3RDOBA._307 ter.__Vista interior de la Mezquita \u00f3 Catedral.<br>J. Laurent. Madrid. Al marc: J. LAURENT Y CIA. 39. Car\u00aa. S. Ger\u00f3nimo. Madrid. Es propiedad. Rue Richelieu 90 \u00e0 Paris. D\u00e9pos\u00e9.<br><strong>Observacions: <\/strong>Segell de l&#8217;Acad\u00e8mia Provincial de Belles Arts de Barcelona.<\/p>\n<\/div>\n","protected":false},"featured_media":34993,"template":"","ubicacio":[405],"tecnica":[2906],"classificacio":[2907],"autor":[2908],"class_list":["post-34992","obra","type-obra","status-publish","has-post-thumbnail","hentry","ubicacio-reial-academia-catalana-de-belles-arts-de-sant-jordi","tecnica-fotografia","classificacio-fotografia","autor-laurent-jean"],"acf":[],"_links":{"self":[{"href":"https:\/\/www.racba.org\/en\/wp-json\/wp\/v2\/obra\/34992","targetHints":{"allow":["GET"]}}],"collection":[{"href":"https:\/\/www.racba.org\/en\/wp-json\/wp\/v2\/obra"}],"about":[{"href":"https:\/\/www.racba.org\/en\/wp-json\/wp\/v2\/types\/obra"}],"wp:featuredmedia":[{"embeddable":true,"href":"https:\/\/www.racba.org\/en\/wp-json\/wp\/v2\/media\/34993"}],"wp:attachment":[{"href":"https:\/\/www.racba.org\/en\/wp-json\/wp\/v2\/media?parent=34992"}],"wp:term":[{"taxonomy":"ubicacio","embeddable":true,"href":"https:\/\/www.racba.org\/en\/wp-json\/wp\/v2\/ubicacio?post=34992"},{"taxonomy":"tecnica","embeddable":true,"href":"https:\/\/www.racba.org\/en\/wp-json\/wp\/v2\/tecnica?post=34992"},{"taxonomy":"classificacio","embeddable":true,"href":"https:\/\/www.racba.org\/en\/wp-json\/wp\/v2\/classificacio?post=34992"},{"taxonomy":"autor","embeddable":true,"href":"https:\/\/www.racba.org\/en\/wp-json\/wp\/v2\/autor?post=34992"}],"curies":[{"name":"wp","href":"https:\/\/api.w.org\/{rel}","templated":true}]}}

Vista interior de la Mesquita o Catedral de Córdoba

<div class="wp-block-group is-vertical is-layout-flex wp-container-core-group-is-layout-8cf370e7 wp-block-group-is-layout-flex">
<p><strong>Inventari general:</strong> 9679 F</p>



<p><strong>Procedència:</strong> Fons fotogràfic Acadèmia</p>



<p><strong>Inscripcions: </strong>A la fotografia: CÓRDOBA._307 ter.__Vista interior de la Mezquita ó Catedral.<br>J. Laurent. Madrid. Al marc: J. LAURENT Y CIA. 39. Carª. S. Gerónimo. Madrid. Es propiedad. Rue Richelieu 90 à Paris. Déposé.<br><strong>Observacions: </strong>Segell de l&#8217;Acadèmia Provincial de Belles Arts de Barcelona.</p>
</div>
