{"id":35454,"date":"2025-07-28T14:37:11","date_gmt":"2025-07-28T12:37:11","guid":{"rendered":"https:\/\/www.racba.org\/?post_type=obra&#038;p=35454"},"modified":"2025-07-28T14:55:05","modified_gmt":"2025-07-28T12:55:05","slug":"jacobo-alberto-eduardo-hamilton-duc-de-abercorn","status":"publish","type":"obra","link":"https:\/\/www.racba.org\/en\/obra\/jacobo-alberto-eduardo-hamilton-duc-de-abercorn\/","title":{"rendered":"Jacobo Alberto Eduardo Hamilton \/ Duc de Abercorn (1869-1953)"},"content":{"rendered":"\n<div class=\"wp-block-group is-vertical is-layout-flex wp-container-core-group-is-layout-8cf370e7 wp-block-group-is-layout-flex\">\n<p><strong>Inventari<\/strong>: Ba008<\/p>\n\n\n\n<p><strong>Cognom\/T\u00edtol\/Descripci\u00f3<\/strong>: Hamilton \/ Duc de Abercorn<\/p>\n\n\n\n<p><strong>Nom\/Pa\u00eds<\/strong>: Jacobo Alberto Eduardo<\/p>\n\n\n\n<p><strong>\u00c0rea Geografia<\/strong>: Londres, Anglaterra, Gran Bretanya.<\/p>\n\n\n\n<p><strong>Inscripcions<\/strong>: En la part superior del paper suport: &#8220;duque de ABERCORN&#8221; (mecanografiat); &#8220;publicat \/ 51-XII-922&#8221; (mecanografiat); &#8220;publicat 51-XII-922&#8221; (a llapis).<\/p>\n\n\n\n<p><strong>Data \/ \u00c8poca<\/strong>: 1922 ?\u00a0\u00a0\u00a0\u00a0\u00a0\u00a0\u00a0\u00a0\u00a0\u00a0\u00a0\u00a0\u00a0\u00a0\u00a0\u00a0\u00a0\u00a0\u00a0\u00a0\u00a0\u00a0\u00a0\u00a0\u00a0\u00a0\u00a0\u00a0\u00a0\u00a0\u00a0\u00a0\u00a0\u00a0\u00a0\u00a0\u00a0\u00a0 <\/p>\n\n\n\n<p><strong>Data publ\/N\u00fam.<\/strong>: 23\/12\/1922, n\u00fam. 51, p. 811 (revista) (p. 11 pdf)<\/p>\n\n\n\n<p><strong>Fot\u00f2graf\/ autor\/a<\/strong>: No consta<\/p>\n\n\n\n<p><strong>T\u00e8cnica\/material<\/strong>: Retall de diari; impressi\u00f3; blanc i negre. Horitzontal. Positiu.<\/p>\n\n\n\n<p><strong>Suport<\/strong>: Paper\u00a0\u00a0\u00a0\u00a0\u00a0\u00a0\u00a0\u00a0\u00a0\u00a0\u00a0\u00a0\u00a0\u00a0\u00a0\u00a0\u00a0\u00a0\u00a0\u00a0\u00a0\u00a0\u00a0\u00a0\u00a0\u00a0\u00a0\u00a0\u00a0\u00a0\u00a0\u00a0\u00a0\u00a0\u00a0\u00a0\u00a0\u00a0\u00a0\u00a0\u00a0\u00a0\u00a0\u00a0\u00a0\u00a0\u00a0\u00a0\u00a0\u00a0\u00a0\u00a0\u00a0\u00a0\u00a0\u00a0\u00a0\u00a0\u00a0\u00a0\u00a0\u00a0\u00a0\u00a0\u00a0\u00a0 <\/p>\n\n\n\n<p><strong>Estat de conservaci\u00f3<\/strong>: Bo.<\/p>\n\n\n\n<p><strong>Observacions\/ descripci\u00f3 \/ hist\u00f2ria-context<\/strong>: Retall de premsa completament enganxada a un paper suport de major grand\u00e0ria de color ocre. Jacobo Alberto Eduardo Hamilton, 3r Duc d&#8217;Abercorn, fou el fill major de Jacobo Hamilton, 2do Duc d&#8217;Abercorn i fillol del llavors Pr\u00edncep de Gal\u00b7les Alberto Eduardo. Nasqu\u00e8 el 30 de novembre de 1869 a la Gran Bretanya, concretament a Hamilton Place, Picadilly, Londres, i va morir el 12 de setembre de 1953. La seva figura \u00e9s rellevant perqu\u00e8 va ser el primer governador d&#8217;Irlanda del Nord.<br>Va ser educat en el Col\u00b7legi Eton i subseq\u00fcentment servir en el Royal Inniskilling Fusiliers fins a 1982 quan es va unir a la 1a Life Guards. En l&#8217;elecci\u00f3 general de 1900, va ser triat membre del parlament per a la Ciutat de Londonderry, i tres anys despr\u00e9s es va convertir en tresorer del \u00abhousehold\u00bb, un lloc que va mantenir fins a la caiguda de l&#8217;administraci\u00f3 conservadora d&#8217;Arthur Balfour. Despr\u00e9s de servir un temps en l&#8217;oposici\u00f3 parlament\u00e0ria, Hamilton va succeir als t\u00edtols del seu pare com 3r Duc de Abercorn en 1913 i nou anys despr\u00e9s va ser nomenat com a governador de l&#8217;acabada de crear Irlanda del Nord. Tamb\u00e9 va servir com a Lord tinent de Tyone des de 1917 fins a la seva mort, a m\u00e9s de ser alcalde de North Irish Horse.<br>En 1931 va declinar al Govern General del Canad\u00e0 i tres anys despr\u00e9s va ser novament designat com a governador d&#8217;Irlanda del Nord pel seu tercer terme. El Duc va ser anomenat Cavaller de Sant Patrici en 1922, i sis anys despr\u00e9s Cavaller de la Jarretera. En aquest mateix any va rebre un t\u00edtol honorari del Queen&#8217;s University de Belfast, a m\u00e9s de la Real Cadena Victoriana en 1945 i aquest mateix any es convert\u00ed en Canceller Privat.<\/p>\n\n\n\n<p><strong>Personatges<\/strong>: Jacobo Alberto Eduardo Hamilton (1869-1953).<\/p>\n\n\n\n<p><strong>Proced\u00e8ncia<\/strong>: Fons de la revista<em> La Hormiga de Oro<\/em>, RACBASJ.<\/p>\n\n\n\n<p><strong>Bibliografia<\/strong><\/p>\n\n\n\n<p>\u00a0\u00a0\u00a0\u00a0 \u2022 Revista <em>La Hormiga de Oro<\/em>: <a href=\"https:\/\/hemerotecadigital.bne.es\/hd\/es\/viewer?id=70248c7b-33d9-4b0a-94cca16a4df10c87&amp;page=11\">https:\/\/hemerotecadigital.bne.es\/hd\/es\/viewer?id=70248c7b-33d9-4b0a-94cca16a4df10c87&amp;page=11<\/a> [Consulta: 14 de setembre 2022].<\/p>\n<\/div>\n","protected":false},"featured_media":35455,"template":"","ubicacio":[405],"tecnica":[2928],"classificacio":[2907],"autor":[2011],"class_list":["post-35454","obra","type-obra","status-publish","has-post-thumbnail","hentry","ubicacio-reial-academia-catalana-de-belles-arts-de-sant-jordi","tecnica-reproduccio-mecanica","classificacio-fotografia","autor-anonim-1a-meitat-segle-xx"],"acf":[],"_links":{"self":[{"href":"https:\/\/www.racba.org\/en\/wp-json\/wp\/v2\/obra\/35454","targetHints":{"allow":["GET"]}}],"collection":[{"href":"https:\/\/www.racba.org\/en\/wp-json\/wp\/v2\/obra"}],"about":[{"href":"https:\/\/www.racba.org\/en\/wp-json\/wp\/v2\/types\/obra"}],"wp:featuredmedia":[{"embeddable":true,"href":"https:\/\/www.racba.org\/en\/wp-json\/wp\/v2\/media\/35455"}],"wp:attachment":[{"href":"https:\/\/www.racba.org\/en\/wp-json\/wp\/v2\/media?parent=35454"}],"wp:term":[{"taxonomy":"ubicacio","embeddable":true,"href":"https:\/\/www.racba.org\/en\/wp-json\/wp\/v2\/ubicacio?post=35454"},{"taxonomy":"tecnica","embeddable":true,"href":"https:\/\/www.racba.org\/en\/wp-json\/wp\/v2\/tecnica?post=35454"},{"taxonomy":"classificacio","embeddable":true,"href":"https:\/\/www.racba.org\/en\/wp-json\/wp\/v2\/classificacio?post=35454"},{"taxonomy":"autor","embeddable":true,"href":"https:\/\/www.racba.org\/en\/wp-json\/wp\/v2\/autor?post=35454"}],"curies":[{"name":"wp","href":"https:\/\/api.w.org\/{rel}","templated":true}]}}

<div class="wp-block-group is-vertical is-layout-flex wp-container-core-group-is-layout-8cf370e7 wp-block-group-is-layout-flex">
<p><strong>Inventari</strong>: Ba008</p>



<p><strong>Cognom/Títol/Descripció</strong>: Hamilton / Duc de Abercorn</p>



<p><strong>Nom/País</strong>: Jacobo Alberto Eduardo</p>



<p><strong>Àrea Geografia</strong>: Londres, Anglaterra, Gran Bretanya.</p>



<p><strong>Inscripcions</strong>: En la part superior del paper suport: &#8220;duque de ABERCORN&#8221; (mecanografiat); &#8220;publicat / 51-XII-922&#8221; (mecanografiat); &#8220;publicat 51-XII-922&#8221; (a llapis).</p>



<p><strong>Data / Època</strong>: 1922 ?                                       </p>



<p><strong>Data publ/Núm.</strong>: 23/12/1922, núm. 51, p. 811 (revista) (p. 11 pdf)</p>



<p><strong>Fotògraf/ autor/a</strong>: No consta</p>



<p><strong>Tècnica/material</strong>: Retall de diari; impressió; blanc i negre. Horitzontal. Positiu.</p>



<p><strong>Suport</strong>: Paper                                                                   </p>



<p><strong>Estat de conservació</strong>: Bo.</p>



<p><strong>Observacions/ descripció / història-context</strong>: Retall de premsa completament enganxada a un paper suport de major grandària de color ocre. Jacobo Alberto Eduardo Hamilton, 3r Duc d&#8217;Abercorn, fou el fill major de Jacobo Hamilton, 2do Duc d&#8217;Abercorn i fillol del llavors Príncep de Gal·les Alberto Eduardo. Nasquè el 30 de novembre de 1869 a la Gran Bretanya, concretament a Hamilton Place, Picadilly, Londres, i va morir el 12 de setembre de 1953. La seva figura és rellevant perquè va ser el primer governador d&#8217;Irlanda del Nord.<br>Va ser educat en el Col·legi Eton i subseqüentment servir en el Royal Inniskilling Fusiliers fins a 1982 quan es va unir a la 1a Life Guards. En l&#8217;elecció general de 1900, va ser triat membre del parlament per a la Ciutat de Londonderry, i tres anys després es va convertir en tresorer del «household», un lloc que va mantenir fins a la caiguda de l&#8217;administració conservadora d&#8217;Arthur Balfour. Després de servir un temps en l&#8217;oposició parlamentària, Hamilton va succeir als títols del seu pare com 3r Duc de Abercorn en 1913 i nou anys després va ser nomenat com a governador de l&#8217;acabada de crear Irlanda del Nord. També va servir com a Lord tinent de Tyone des de 1917 fins a la seva mort, a més de ser alcalde de North Irish Horse.<br>En 1931 va declinar al Govern General del Canadà i tres anys després va ser novament designat com a governador d&#8217;Irlanda del Nord pel seu tercer terme. El Duc va ser anomenat Cavaller de Sant Patrici en 1922, i sis anys després Cavaller de la Jarretera. En aquest mateix any va rebre un títol honorari del Queen&#8217;s University de Belfast, a més de la Real Cadena Victoriana en 1945 i aquest mateix any es convertí en Canceller Privat.</p>



<p><strong>Personatges</strong>: Jacobo Alberto Eduardo Hamilton (1869-1953).</p>



<p><strong>Procedència</strong>: Fons de la revista<em> La Hormiga de Oro</em>, RACBASJ.</p>



<p><strong>Bibliografia</strong></p>



<p>     • Revista <em>La Hormiga de Oro</em>: <a href="https://hemerotecadigital.bne.es/hd/es/viewer?id=70248c7b-33d9-4b0a-94cca16a4df10c87&amp;page=11">https://hemerotecadigital.bne.es/hd/es/viewer?id=70248c7b-33d9-4b0a-94cca16a4df10c87&amp;page=11</a> [Consulta: 14 de setembre 2022].</p>
</div>
