{"id":37456,"date":"2026-03-16T14:47:05","date_gmt":"2026-03-16T13:47:05","guid":{"rendered":"https:\/\/www.racba.org\/?post_type=obra&#038;p=37456"},"modified":"2026-03-16T14:48:56","modified_gmt":"2026-03-16T13:48:56","slug":"poema-de-vicent-rodes","status":"publish","type":"obra","link":"https:\/\/www.racba.org\/en\/obra\/poema-de-vicent-rodes\/","title":{"rendered":"\u00abPoema\u00bb, de Vicent Rodes"},"content":{"rendered":"\n<div class=\"wp-block-group is-vertical is-layout-flex wp-container-core-group-is-layout-8cf370e7 wp-block-group-is-layout-flex\">\n<p><strong>Inventari general: <\/strong>11073 G<\/p>\n\n\n\n<p><strong>Proced\u00e8ncia: <\/strong>Donaci\u00f3 d\u2019Enric Oliv\u00e9 i Serret, acad\u00e8mic corresponent per Tarragona, i de la seva esposa Sra. Maria Rosa Elias Arcalis.<\/p>\n\n\n\n<p><strong>Data d\u2019ingr\u00e9s: <\/strong>17 de novembre de 2025.<\/p>\n\n\n\n<p><strong>Signatura: <\/strong>No en t\u00e9.<\/p>\n\n\n\n<p><strong>Inscripcions: <\/strong>Escrit a m\u00e0, amb tinta de color s\u00e8pia:<\/p>\n\n\n\n<p>\u00ab<em>Felice dia que el sin igual festivo<\/em><\/p>\n\n\n\n<p><em>Que el Orbe inspira celestial contento<\/em><\/p>\n\n\n\n<p><em>Por \u00e9l oh Padres con afecto vivo <\/em><\/p>\n\n\n\n<p><em>Espreso cuanto en mi interior yo siento <\/em><\/p>\n\n\n\n<p><em>Viviendo siglos el Natal glorioso <\/em><\/p>\n\n\n\n<p><em>Con paz y bienes celebreis dichoso.<\/em><\/p>\n\n\n\n<p><em>Su hijo Vicente Rodes<\/em>.\u00bb<\/p>\n\n\n\n<p><strong>Estat de conservaci\u00f3: <\/strong>Bo.<\/p>\n\n\n\n<p><strong>Observacions: <\/strong>Del document destaca la sanefa que emmarca el contingut escrit a m\u00e0, perqu\u00e8 il\u00b7lustra els mateixos motius que en els diplomes emesos per l\u2019Escola Josep Carreras, atorgats a Vicent Rodes [inv. 11070 G i 11071 G] i d\u2019elaboraci\u00f3 an\u00f2nima. Aquest fet dona lloc a la hip\u00f2tesi que, potser, aquest sigui un dels treballs lliurats en aquesta escola. Es desconeix si aquest poema est\u00e0 relacionat amb un altre, <em>D\u00e9cimas <\/em>[inv. 11073 G] \u2014tamb\u00e9 atribu\u00eft a Rodes\u2014 que es conserva i que forma part de la mateixa donaci\u00f3.<\/p>\n<\/div>\n","protected":false},"featured_media":37457,"template":"","ubicacio":[405],"tecnica":[3029,3041],"classificacio":[1653],"autor":[1930],"class_list":["post-37456","obra","type-obra","status-publish","has-post-thumbnail","hentry","ubicacio-reial-academia-catalana-de-belles-arts-de-sant-jordi","tecnica-gravat-calcografic-sobre-paper","tecnica-tinta-estilografica","classificacio-estampa","autor-rodes-i-aries-vicent"],"acf":[],"_links":{"self":[{"href":"https:\/\/www.racba.org\/en\/wp-json\/wp\/v2\/obra\/37456","targetHints":{"allow":["GET"]}}],"collection":[{"href":"https:\/\/www.racba.org\/en\/wp-json\/wp\/v2\/obra"}],"about":[{"href":"https:\/\/www.racba.org\/en\/wp-json\/wp\/v2\/types\/obra"}],"wp:featuredmedia":[{"embeddable":true,"href":"https:\/\/www.racba.org\/en\/wp-json\/wp\/v2\/media\/37457"}],"wp:attachment":[{"href":"https:\/\/www.racba.org\/en\/wp-json\/wp\/v2\/media?parent=37456"}],"wp:term":[{"taxonomy":"ubicacio","embeddable":true,"href":"https:\/\/www.racba.org\/en\/wp-json\/wp\/v2\/ubicacio?post=37456"},{"taxonomy":"tecnica","embeddable":true,"href":"https:\/\/www.racba.org\/en\/wp-json\/wp\/v2\/tecnica?post=37456"},{"taxonomy":"classificacio","embeddable":true,"href":"https:\/\/www.racba.org\/en\/wp-json\/wp\/v2\/classificacio?post=37456"},{"taxonomy":"autor","embeddable":true,"href":"https:\/\/www.racba.org\/en\/wp-json\/wp\/v2\/autor?post=37456"}],"curies":[{"name":"wp","href":"https:\/\/api.w.org\/{rel}","templated":true}]}}

<div class="wp-block-group is-vertical is-layout-flex wp-container-core-group-is-layout-8cf370e7 wp-block-group-is-layout-flex">
<p><strong>Inventari general: </strong>11073 G</p>



<p><strong>Procedència: </strong>Donació d’Enric Olivé i Serret, acadèmic corresponent per Tarragona, i de la seva esposa Sra. Maria Rosa Elias Arcalis.</p>



<p><strong>Data d’ingrés: </strong>17 de novembre de 2025.</p>



<p><strong>Signatura: </strong>No en té.</p>



<p><strong>Inscripcions: </strong>Escrit a mà, amb tinta de color sèpia:</p>



<p>«<em>Felice dia que el sin igual festivo</em></p>



<p><em>Que el Orbe inspira celestial contento</em></p>



<p><em>Por él oh Padres con afecto vivo </em></p>



<p><em>Espreso cuanto en mi interior yo siento </em></p>



<p><em>Viviendo siglos el Natal glorioso </em></p>



<p><em>Con paz y bienes celebreis dichoso.</em></p>



<p><em>Su hijo Vicente Rodes</em>.»</p>



<p><strong>Estat de conservació: </strong>Bo.</p>



<p><strong>Observacions: </strong>Del document destaca la sanefa que emmarca el contingut escrit a mà, perquè il·lustra els mateixos motius que en els diplomes emesos per l’Escola Josep Carreras, atorgats a Vicent Rodes [inv. 11070 G i 11071 G] i d’elaboració anònima. Aquest fet dona lloc a la hipòtesi que, potser, aquest sigui un dels treballs lliurats en aquesta escola. Es desconeix si aquest poema està relacionat amb un altre, <em>Décimas </em>[inv. 11073 G] —també atribuït a Rodes— que es conserva i que forma part de la mateixa donació.</p>
</div>
