{"id":10058,"date":"1863-01-01T00:00:00","date_gmt":"1863-01-01T00:14:44","guid":{"rendered":"http:\/\/novaweb.racba.org\/publicacio\/observaciones-acerca-de-la-forma-fisica-del-hombre-considerada-como-medio-representativo-de-la-belleza-ideal-o-artistica-del-mismo\/"},"modified":"2023-04-14T15:03:46","modified_gmt":"2023-04-14T13:03:46","slug":"observaciones-acerca-de-la-forma-fisica-del-hombre-considerada-como-medio-representativo-de-la-belleza-ideal-o-artistica-del-mismo","status":"publish","type":"publicacio","link":"https:\/\/www.racba.org\/en\/publicacio\/observaciones-acerca-de-la-forma-fisica-del-hombre-considerada-como-medio-representativo-de-la-belleza-ideal-o-artistica-del-mismo\/","title":{"rendered":"Observaciones acerca de la forma f\u00edsica del hombre considerada como medio representativo de la belleza ideal \u00f3 art\u00edstica del mismo"},"content":{"rendered":"<p>&#8220;Observaciones acerca de la forma f\u00edsica del hombre considerada como medio representativo de la belleza ideal \u00f3 art\u00edstica del mismo&#8221;. (16 p\u00e0g., 27 cm.). Exhaurit.<\/p>\n","protected":false},"featured_media":0,"template":"","tipus":[2323],"autor-publicacio":[2350],"class_list":["post-10058","publicacio","type-publicacio","status-publish","hentry","tipus-altres","autor-publicacio-faraudo-y-condeminas-geronimo"],"acf":[],"_links":{"self":[{"href":"https:\/\/www.racba.org\/en\/wp-json\/wp\/v2\/publicacio\/10058","targetHints":{"allow":["GET"]}}],"collection":[{"href":"https:\/\/www.racba.org\/en\/wp-json\/wp\/v2\/publicacio"}],"about":[{"href":"https:\/\/www.racba.org\/en\/wp-json\/wp\/v2\/types\/publicacio"}],"version-history":[{"count":1,"href":"https:\/\/www.racba.org\/en\/wp-json\/wp\/v2\/publicacio\/10058\/revisions"}],"predecessor-version":[{"id":25016,"href":"https:\/\/www.racba.org\/en\/wp-json\/wp\/v2\/publicacio\/10058\/revisions\/25016"}],"wp:attachment":[{"href":"https:\/\/www.racba.org\/en\/wp-json\/wp\/v2\/media?parent=10058"}],"wp:term":[{"taxonomy":"tipus","embeddable":true,"href":"https:\/\/www.racba.org\/en\/wp-json\/wp\/v2\/tipus?post=10058"},{"taxonomy":"autor-publicacio","embeddable":true,"href":"https:\/\/www.racba.org\/en\/wp-json\/wp\/v2\/autor-publicacio?post=10058"}],"curies":[{"name":"wp","href":"https:\/\/api.w.org\/{rel}","templated":true}]}}

Observaciones acerca de la forma física del hombre considerada como medio representativo de la belleza ideal ó artística del mismo

<p>&#8220;Observaciones acerca de la forma física del hombre considerada como medio representativo de la belleza ideal ó artística del mismo&#8221;. (16 pàg., 27 cm.). Exhaurit.</p>
