{"id":10105,"date":"2007-01-01T00:00:00","date_gmt":"2006-12-31T23:00:00","guid":{"rendered":"http:\/\/novaweb.racba.org\/publicacio\/la-generacio-dels-grafistes\/"},"modified":"2023-04-14T15:03:50","modified_gmt":"2023-04-14T13:03:50","slug":"la-generacio-dels-grafistes","status":"publish","type":"publicacio","link":"https:\/\/www.racba.org\/en\/publicacio\/la-generacio-dels-grafistes\/","title":{"rendered":"La generaci\u00f3 dels &#8216;grafistes&#8217;"},"content":{"rendered":"<p>Discurs d&#8217;ingr\u00e9s &#8220;La generaci\u00f3 dels &#8216;grafistes'&#8221;. Inclou discurs de contesta de Josep Bracons Clap\u00e9s. (99 p\u00e0g., 24 cm.). 10,00 \u20ac<\/p>\n","protected":false},"featured_media":10106,"template":"","tipus":[2319],"autor-publicacio":[2364],"class_list":["post-10105","publicacio","type-publicacio","status-publish","has-post-thumbnail","hentry","tipus-discurs-dingres","autor-publicacio-giralt-miracle-i-rodriguez-daniel"],"acf":[],"_links":{"self":[{"href":"https:\/\/www.racba.org\/en\/wp-json\/wp\/v2\/publicacio\/10105","targetHints":{"allow":["GET"]}}],"collection":[{"href":"https:\/\/www.racba.org\/en\/wp-json\/wp\/v2\/publicacio"}],"about":[{"href":"https:\/\/www.racba.org\/en\/wp-json\/wp\/v2\/types\/publicacio"}],"version-history":[{"count":1,"href":"https:\/\/www.racba.org\/en\/wp-json\/wp\/v2\/publicacio\/10105\/revisions"}],"predecessor-version":[{"id":25695,"href":"https:\/\/www.racba.org\/en\/wp-json\/wp\/v2\/publicacio\/10105\/revisions\/25695"}],"wp:featuredmedia":[{"embeddable":true,"href":"https:\/\/www.racba.org\/en\/wp-json\/wp\/v2\/media\/10106"}],"wp:attachment":[{"href":"https:\/\/www.racba.org\/en\/wp-json\/wp\/v2\/media?parent=10105"}],"wp:term":[{"taxonomy":"tipus","embeddable":true,"href":"https:\/\/www.racba.org\/en\/wp-json\/wp\/v2\/tipus?post=10105"},{"taxonomy":"autor-publicacio","embeddable":true,"href":"https:\/\/www.racba.org\/en\/wp-json\/wp\/v2\/autor-publicacio?post=10105"}],"curies":[{"name":"wp","href":"https:\/\/api.w.org\/{rel}","templated":true}]}}

La generació dels &#8216;grafistes&#8217;

<p>Discurs d&#8217;ingrés &#8220;La generació dels &#8216;grafistes'&#8221;. Inclou discurs de contesta de Josep Bracons Clapés. (99 pàg., 24 cm.). 10,00 €</p>
