{"id":10301,"date":"1935-01-01T00:00:00","date_gmt":"1935-01-01T00:00:00","guid":{"rendered":"http:\/\/novaweb.racba.org\/publicacio\/lleis-historiques-de-la-vida-dels-estils-arquitectonics\/"},"modified":"2023-04-14T15:04:05","modified_gmt":"2023-04-14T13:04:05","slug":"lleis-historiques-de-la-vida-dels-estils-arquitectonics","status":"publish","type":"publicacio","link":"https:\/\/www.racba.org\/en\/publicacio\/lleis-historiques-de-la-vida-dels-estils-arquitectonics\/","title":{"rendered":"Lleis hist\u00f2riques de la vida dels estils arquitect\u00f2nics"},"content":{"rendered":"<p>&#8220;Lleis hist\u00f2riques de la vida dels estils arquitect\u00f2nics&#8221;. (29 p\u00e0g., 27 cm.). 10,00 \u20ac<\/p>\n","protected":false},"featured_media":10302,"template":"","tipus":[2323],"autor-publicacio":[2408],"class_list":["post-10301","publicacio","type-publicacio","status-publish","has-post-thumbnail","hentry","tipus-altres","autor-publicacio-puig-i-cadafalch-josep"],"acf":[],"_links":{"self":[{"href":"https:\/\/www.racba.org\/en\/wp-json\/wp\/v2\/publicacio\/10301","targetHints":{"allow":["GET"]}}],"collection":[{"href":"https:\/\/www.racba.org\/en\/wp-json\/wp\/v2\/publicacio"}],"about":[{"href":"https:\/\/www.racba.org\/en\/wp-json\/wp\/v2\/types\/publicacio"}],"version-history":[{"count":1,"href":"https:\/\/www.racba.org\/en\/wp-json\/wp\/v2\/publicacio\/10301\/revisions"}],"predecessor-version":[{"id":25135,"href":"https:\/\/www.racba.org\/en\/wp-json\/wp\/v2\/publicacio\/10301\/revisions\/25135"}],"wp:featuredmedia":[{"embeddable":true,"href":"https:\/\/www.racba.org\/en\/wp-json\/wp\/v2\/media\/10302"}],"wp:attachment":[{"href":"https:\/\/www.racba.org\/en\/wp-json\/wp\/v2\/media?parent=10301"}],"wp:term":[{"taxonomy":"tipus","embeddable":true,"href":"https:\/\/www.racba.org\/en\/wp-json\/wp\/v2\/tipus?post=10301"},{"taxonomy":"autor-publicacio","embeddable":true,"href":"https:\/\/www.racba.org\/en\/wp-json\/wp\/v2\/autor-publicacio?post=10301"}],"curies":[{"name":"wp","href":"https:\/\/api.w.org\/{rel}","templated":true}]}}

Lleis històriques de la vida dels estils arquitectònics

<p>&#8220;Lleis històriques de la vida dels estils arquitectònics&#8221;. (29 pàg., 27 cm.). 10,00 €</p>
