{"id":10340,"date":"1908-01-01T00:00:00","date_gmt":"1908-01-01T00:00:00","guid":{"rendered":"http:\/\/novaweb.racba.org\/publicacio\/la-acropolis-de-atenas-en-la-epoca-catalana\/"},"modified":"2023-04-14T15:04:07","modified_gmt":"2023-04-14T13:04:07","slug":"la-acropolis-de-atenas-en-la-epoca-catalana","status":"publish","type":"publicacio","link":"https:\/\/www.racba.org\/en\/publicacio\/la-acropolis-de-atenas-en-la-epoca-catalana\/","title":{"rendered":"La Acr\u00f3polis de Atenas en la \u00e9poca catalana"},"content":{"rendered":"<p>&#8220;La Acr\u00f3polis de Atenas en la \u00e9poca catalana&#8221;. (34 p\u00e0g., 27 cm.). 10,00 \u20ac<\/p>\n","protected":false},"featured_media":10341,"template":"","tipus":[2323],"autor-publicacio":[2416],"class_list":["post-10340","publicacio","type-publicacio","status-publish","has-post-thumbnail","hentry","tipus-altres","autor-publicacio-rubio-y-lluch-antonio"],"acf":[],"_links":{"self":[{"href":"https:\/\/www.racba.org\/en\/wp-json\/wp\/v2\/publicacio\/10340","targetHints":{"allow":["GET"]}}],"collection":[{"href":"https:\/\/www.racba.org\/en\/wp-json\/wp\/v2\/publicacio"}],"about":[{"href":"https:\/\/www.racba.org\/en\/wp-json\/wp\/v2\/types\/publicacio"}],"version-history":[{"count":1,"href":"https:\/\/www.racba.org\/en\/wp-json\/wp\/v2\/publicacio\/10340\/revisions"}],"predecessor-version":[{"id":25088,"href":"https:\/\/www.racba.org\/en\/wp-json\/wp\/v2\/publicacio\/10340\/revisions\/25088"}],"wp:featuredmedia":[{"embeddable":true,"href":"https:\/\/www.racba.org\/en\/wp-json\/wp\/v2\/media\/10341"}],"wp:attachment":[{"href":"https:\/\/www.racba.org\/en\/wp-json\/wp\/v2\/media?parent=10340"}],"wp:term":[{"taxonomy":"tipus","embeddable":true,"href":"https:\/\/www.racba.org\/en\/wp-json\/wp\/v2\/tipus?post=10340"},{"taxonomy":"autor-publicacio","embeddable":true,"href":"https:\/\/www.racba.org\/en\/wp-json\/wp\/v2\/autor-publicacio?post=10340"}],"curies":[{"name":"wp","href":"https:\/\/api.w.org\/{rel}","templated":true}]}}

La Acrópolis de Atenas en la época catalana

<p>&#8220;La Acrópolis de Atenas en la época catalana&#8221;. (34 pàg., 27 cm.). 10,00 €</p>
