{"id":10412,"date":"1896-01-01T00:00:00","date_gmt":"1896-01-01T00:14:44","guid":{"rendered":"http:\/\/novaweb.racba.org\/publicacio\/discurso-leido-en-la-sesion-publica-celebrada-en-la-academia-provincial-de-bellas-artes-de-barcelona-el-27-de-diciembre-de-1896\/"},"modified":"2023-04-14T15:04:11","modified_gmt":"2023-04-14T13:04:11","slug":"discurso-leido-en-la-sesion-publica-celebrada-en-la-academia-provincial-de-bellas-artes-de-barcelona-el-27-de-diciembre-de-1896","status":"publish","type":"publicacio","link":"https:\/\/www.racba.org\/en\/publicacio\/discurso-leido-en-la-sesion-publica-celebrada-en-la-academia-provincial-de-bellas-artes-de-barcelona-el-27-de-diciembre-de-1896\/","title":{"rendered":"Discurso le\u00eddo en la sesi\u00f3n p\u00fablica celebrada en la Academia Provincial de Bellas Artes de Barcelona, el 27 de diciembre de 1896"},"content":{"rendered":"<p>&#8220;Discurso le\u00eddo en la sesi\u00f3n p\u00fablica celebrada en la Academia Provincial de Bellas Artes de Barcelona, el 27 de diciembre de 1896&#8221;. (23 p\u00e0g., 27 cm.). Exhaurit.<\/p>\n","protected":false},"featured_media":0,"template":"","tipus":[2323],"autor-publicacio":[2433],"class_list":["post-10412","publicacio","type-publicacio","status-publish","hentry","tipus-altres","autor-publicacio-torras-y-bages-jose"],"acf":[],"_links":{"self":[{"href":"https:\/\/www.racba.org\/en\/wp-json\/wp\/v2\/publicacio\/10412","targetHints":{"allow":["GET"]}}],"collection":[{"href":"https:\/\/www.racba.org\/en\/wp-json\/wp\/v2\/publicacio"}],"about":[{"href":"https:\/\/www.racba.org\/en\/wp-json\/wp\/v2\/types\/publicacio"}],"version-history":[{"count":1,"href":"https:\/\/www.racba.org\/en\/wp-json\/wp\/v2\/publicacio\/10412\/revisions"}],"predecessor-version":[{"id":25057,"href":"https:\/\/www.racba.org\/en\/wp-json\/wp\/v2\/publicacio\/10412\/revisions\/25057"}],"wp:attachment":[{"href":"https:\/\/www.racba.org\/en\/wp-json\/wp\/v2\/media?parent=10412"}],"wp:term":[{"taxonomy":"tipus","embeddable":true,"href":"https:\/\/www.racba.org\/en\/wp-json\/wp\/v2\/tipus?post=10412"},{"taxonomy":"autor-publicacio","embeddable":true,"href":"https:\/\/www.racba.org\/en\/wp-json\/wp\/v2\/autor-publicacio?post=10412"}],"curies":[{"name":"wp","href":"https:\/\/api.w.org\/{rel}","templated":true}]}}

Discurso leído en la sesión pública celebrada en la Academia Provincial de Bellas Artes de Barcelona, el 27 de diciembre de 1896

<p>&#8220;Discurso leído en la sesión pública celebrada en la Academia Provincial de Bellas Artes de Barcelona, el 27 de diciembre de 1896&#8221;. (23 pàg., 27 cm.). Exhaurit.</p>
