{"id":10508,"date":"2008-01-01T00:00:00","date_gmt":"2007-12-31T23:00:00","guid":{"rendered":"http:\/\/novaweb.racba.org\/publicacio\/museu-del-monestir-de-sant-joan-de-les-abadesses-la-seva-formacio-i-installacio-del-seu-contingut\/"},"modified":"2023-04-14T15:04:14","modified_gmt":"2023-04-14T13:04:14","slug":"museu-del-monestir-de-sant-joan-de-les-abadesses-la-seva-formacio-i-installacio-del-seu-contingut","status":"publish","type":"publicacio","link":"https:\/\/www.racba.org\/en\/publicacio\/museu-del-monestir-de-sant-joan-de-les-abadesses-la-seva-formacio-i-installacio-del-seu-contingut\/","title":{"rendered":"Museu del monestir de Sant Joan de les Abadesses. La seva formaci\u00f3 i instal\u00b7laci\u00f3 del seu contingut"},"content":{"rendered":"<p>Discurs d&#8217;ingr\u00e9s &#8220;Museu del monestir de Sant Joan de les Abadesses. La seva formaci\u00f3 i instal\u00b7laci\u00f3 del seu contingut&#8221;. Inclou discurs de contesta d&#8217;Antoni Pladevall i Font. (45 p\u00e0g. + il., 24 cm.). 10,00 \u20ac<\/p>\n","protected":false},"featured_media":10529,"template":"","tipus":[2319],"autor-publicacio":[2448],"class_list":["post-10508","publicacio","type-publicacio","status-publish","has-post-thumbnail","hentry","tipus-discurs-dingres","autor-publicacio-fajula-i-pellicer-francesc"],"acf":[],"_links":{"self":[{"href":"https:\/\/www.racba.org\/en\/wp-json\/wp\/v2\/publicacio\/10508","targetHints":{"allow":["GET"]}}],"collection":[{"href":"https:\/\/www.racba.org\/en\/wp-json\/wp\/v2\/publicacio"}],"about":[{"href":"https:\/\/www.racba.org\/en\/wp-json\/wp\/v2\/types\/publicacio"}],"version-history":[{"count":1,"href":"https:\/\/www.racba.org\/en\/wp-json\/wp\/v2\/publicacio\/10508\/revisions"}],"predecessor-version":[{"id":25702,"href":"https:\/\/www.racba.org\/en\/wp-json\/wp\/v2\/publicacio\/10508\/revisions\/25702"}],"wp:featuredmedia":[{"embeddable":true,"href":"https:\/\/www.racba.org\/en\/wp-json\/wp\/v2\/media\/10529"}],"wp:attachment":[{"href":"https:\/\/www.racba.org\/en\/wp-json\/wp\/v2\/media?parent=10508"}],"wp:term":[{"taxonomy":"tipus","embeddable":true,"href":"https:\/\/www.racba.org\/en\/wp-json\/wp\/v2\/tipus?post=10508"},{"taxonomy":"autor-publicacio","embeddable":true,"href":"https:\/\/www.racba.org\/en\/wp-json\/wp\/v2\/autor-publicacio?post=10508"}],"curies":[{"name":"wp","href":"https:\/\/api.w.org\/{rel}","templated":true}]}}

Museu del monestir de Sant Joan de les Abadesses. La seva formació i instal·lació del seu contingut

<p>Discurs d&#8217;ingrés &#8220;Museu del monestir de Sant Joan de les Abadesses. La seva formació i instal·lació del seu contingut&#8221;. Inclou discurs de contesta d&#8217;Antoni Pladevall i Font. (45 pàg. + il., 24 cm.). 10,00 €</p>
