{"id":10533,"date":"1888-01-01T00:00:00","date_gmt":"1888-01-01T00:14:44","guid":{"rendered":"http:\/\/novaweb.racba.org\/publicacio\/acta-de-la-sesion-publica-celebrada-por-la-academia-de-bellas-artes-de-barcelona-del-dia-24-de-junio-de-1888\/"},"modified":"2023-04-14T15:04:27","modified_gmt":"2023-04-14T13:04:27","slug":"acta-de-la-sesion-publica-celebrada-por-la-academia-de-bellas-artes-de-barcelona-del-dia-24-de-junio-de-1888","status":"publish","type":"publicacio","link":"https:\/\/www.racba.org\/en\/publicacio\/acta-de-la-sesion-publica-celebrada-por-la-academia-de-bellas-artes-de-barcelona-del-dia-24-de-junio-de-1888\/","title":{"rendered":"Acta de la Sesi\u00f3n P\u00fablica celebrada por la Academia de Bellas Artes de Barcelona del d\u00eda 24 de junio de 1888"},"content":{"rendered":"<p>&#8220;Acta de la Sesi\u00f3n P\u00fablica celebrada por la Academia de Bellas Artes de Barcelona del d\u00eda 24 de junio de 1888&#8221;. (Inclou discurs de Leopoldo Soler i P\u00e9rez). (32 p\u00e0g., 27 cm.). Exhaurit.<\/p>\n","protected":false},"featured_media":0,"template":"","tipus":[2323],"autor-publicacio":[2463],"class_list":["post-10533","publicacio","type-publicacio","status-publish","hentry","tipus-altres","autor-publicacio-acta-discurs-leopoldo-soler"],"acf":[],"_links":{"self":[{"href":"https:\/\/www.racba.org\/en\/wp-json\/wp\/v2\/publicacio\/10533","targetHints":{"allow":["GET"]}}],"collection":[{"href":"https:\/\/www.racba.org\/en\/wp-json\/wp\/v2\/publicacio"}],"about":[{"href":"https:\/\/www.racba.org\/en\/wp-json\/wp\/v2\/types\/publicacio"}],"version-history":[{"count":1,"href":"https:\/\/www.racba.org\/en\/wp-json\/wp\/v2\/publicacio\/10533\/revisions"}],"predecessor-version":[{"id":25044,"href":"https:\/\/www.racba.org\/en\/wp-json\/wp\/v2\/publicacio\/10533\/revisions\/25044"}],"wp:attachment":[{"href":"https:\/\/www.racba.org\/en\/wp-json\/wp\/v2\/media?parent=10533"}],"wp:term":[{"taxonomy":"tipus","embeddable":true,"href":"https:\/\/www.racba.org\/en\/wp-json\/wp\/v2\/tipus?post=10533"},{"taxonomy":"autor-publicacio","embeddable":true,"href":"https:\/\/www.racba.org\/en\/wp-json\/wp\/v2\/autor-publicacio?post=10533"}],"curies":[{"name":"wp","href":"https:\/\/api.w.org\/{rel}","templated":true}]}}

Acta de la Sesión Pública celebrada por la Academia de Bellas Artes de Barcelona del día 24 de junio de 1888

<p>&#8220;Acta de la Sesión Pública celebrada por la Academia de Bellas Artes de Barcelona del día 24 de junio de 1888&#8221;. (Inclou discurs de Leopoldo Soler i Pérez). (32 pàg., 27 cm.). Exhaurit.</p>
