{"id":10546,"date":"1892-01-01T00:00:00","date_gmt":"1892-01-01T00:14:44","guid":{"rendered":"http:\/\/novaweb.racba.org\/publicacio\/acta-de-la-sesion-publica-celebrada-por-la-academia-de-bellas-artes-de-barcelona-del-dia-29-de-junio-de-1892\/"},"modified":"2023-04-14T15:04:28","modified_gmt":"2023-04-14T13:04:28","slug":"acta-de-la-sesion-publica-celebrada-por-la-academia-de-bellas-artes-de-barcelona-del-dia-29-de-junio-de-1892-2","status":"publish","type":"publicacio","link":"https:\/\/www.racba.org\/en\/publicacio\/acta-de-la-sesion-publica-celebrada-por-la-academia-de-bellas-artes-de-barcelona-del-dia-29-de-junio-de-1892-2\/","title":{"rendered":"Acta de la Sesi\u00f3n P\u00fablica celebrada por la Academia de Bellas Artes de Barcelona del dia 29 de junio de 1892"},"content":{"rendered":"<p>&#8220;Acta de la Sesi\u00f3n P\u00fablica celebrada por la Academia de Bellas Artes de Barcelona del dia 29 de junio de 1892&#8243;. (Inclou lectura per l&#8217;acad\u00e8mic Francesc Miquel i Badia de l'&#8221;Elogio del Excmo. Sr. Don Ramon de Sentmenat y de Despujol, Marqu\u00e9s de Sentmenat y de Ciutadilla&#8221;). (36 p\u00e0g., 27 cm.). Exhaurit.<\/p>\n","protected":false},"featured_media":0,"template":"","tipus":[2323],"autor-publicacio":[2461],"class_list":["post-10546","publicacio","type-publicacio","status-publish","hentry","tipus-altres","autor-publicacio-acta-discurs-francesc-miquel-i-badia"],"acf":[],"_links":{"self":[{"href":"https:\/\/www.racba.org\/en\/wp-json\/wp\/v2\/publicacio\/10546","targetHints":{"allow":["GET"]}}],"collection":[{"href":"https:\/\/www.racba.org\/en\/wp-json\/wp\/v2\/publicacio"}],"about":[{"href":"https:\/\/www.racba.org\/en\/wp-json\/wp\/v2\/types\/publicacio"}],"version-history":[{"count":1,"href":"https:\/\/www.racba.org\/en\/wp-json\/wp\/v2\/publicacio\/10546\/revisions"}],"predecessor-version":[{"id":25050,"href":"https:\/\/www.racba.org\/en\/wp-json\/wp\/v2\/publicacio\/10546\/revisions\/25050"}],"wp:attachment":[{"href":"https:\/\/www.racba.org\/en\/wp-json\/wp\/v2\/media?parent=10546"}],"wp:term":[{"taxonomy":"tipus","embeddable":true,"href":"https:\/\/www.racba.org\/en\/wp-json\/wp\/v2\/tipus?post=10546"},{"taxonomy":"autor-publicacio","embeddable":true,"href":"https:\/\/www.racba.org\/en\/wp-json\/wp\/v2\/autor-publicacio?post=10546"}],"curies":[{"name":"wp","href":"https:\/\/api.w.org\/{rel}","templated":true}]}}

Acta de la Sesión Pública celebrada por la Academia de Bellas Artes de Barcelona del dia 29 de junio de 1892

<p>&#8220;Acta de la Sesión Pública celebrada por la Academia de Bellas Artes de Barcelona del dia 29 de junio de 1892&#8243;. (Inclou lectura per l&#8217;acadèmic Francesc Miquel i Badia de l'&#8221;Elogio del Excmo. Sr. Don Ramon de Sentmenat y de Despujol, Marqués de Sentmenat y de Ciutadilla&#8221;). (36 pàg., 27 cm.). Exhaurit.</p>
