{"id":10617,"date":"1921-01-01T00:00:00","date_gmt":"1921-01-01T00:00:00","guid":{"rendered":"http:\/\/novaweb.racba.org\/publicacio\/acta-de-la-sesion-publica-celebrada-por-la-academia-de-bellas-artes-de-barcelona-del-dia-3-de-abril-de-1921\/"},"modified":"2023-04-14T15:04:37","modified_gmt":"2023-04-14T13:04:37","slug":"acta-de-la-sesion-publica-celebrada-por-la-academia-de-bellas-artes-de-barcelona-del-dia-3-de-abril-de-1921","status":"publish","type":"publicacio","link":"https:\/\/www.racba.org\/en\/publicacio\/acta-de-la-sesion-publica-celebrada-por-la-academia-de-bellas-artes-de-barcelona-del-dia-3-de-abril-de-1921\/","title":{"rendered":"Acta de la Sesi\u00f3n P\u00fablica celebrada por la Academia de Bellas Artes de Barcelona del dia 3 de abril de 1921"},"content":{"rendered":"<p>&#8220;Acta de la Sesi\u00f3n P\u00fablica celebrada por la Academia de Bellas Artes de Barcelona del dia 3 de abril de 1921&#8221;. (Inclou discurs de Llu\u00eds Masriera &#8220;Infantilismo pict\u00f3rico&#8221;). (37 p\u00e0g. + 22 l\u00e0m., 27 cm.). 10,00 \u20ac<\/p>\n","protected":false},"featured_media":10618,"template":"","tipus":[2323],"autor-publicacio":[2444],"class_list":["post-10617","publicacio","type-publicacio","status-publish","has-post-thumbnail","hentry","tipus-altres","autor-publicacio-masriera-i-roses-lluis"],"acf":[],"_links":{"self":[{"href":"https:\/\/www.racba.org\/en\/wp-json\/wp\/v2\/publicacio\/10617","targetHints":{"allow":["GET"]}}],"collection":[{"href":"https:\/\/www.racba.org\/en\/wp-json\/wp\/v2\/publicacio"}],"about":[{"href":"https:\/\/www.racba.org\/en\/wp-json\/wp\/v2\/types\/publicacio"}],"version-history":[{"count":1,"href":"https:\/\/www.racba.org\/en\/wp-json\/wp\/v2\/publicacio\/10617\/revisions"}],"predecessor-version":[{"id":25111,"href":"https:\/\/www.racba.org\/en\/wp-json\/wp\/v2\/publicacio\/10617\/revisions\/25111"}],"wp:featuredmedia":[{"embeddable":true,"href":"https:\/\/www.racba.org\/en\/wp-json\/wp\/v2\/media\/10618"}],"wp:attachment":[{"href":"https:\/\/www.racba.org\/en\/wp-json\/wp\/v2\/media?parent=10617"}],"wp:term":[{"taxonomy":"tipus","embeddable":true,"href":"https:\/\/www.racba.org\/en\/wp-json\/wp\/v2\/tipus?post=10617"},{"taxonomy":"autor-publicacio","embeddable":true,"href":"https:\/\/www.racba.org\/en\/wp-json\/wp\/v2\/autor-publicacio?post=10617"}],"curies":[{"name":"wp","href":"https:\/\/api.w.org\/{rel}","templated":true}]}}

Acta de la Sesión Pública celebrada por la Academia de Bellas Artes de Barcelona del dia 3 de abril de 1921

<p>&#8220;Acta de la Sesión Pública celebrada por la Academia de Bellas Artes de Barcelona del dia 3 de abril de 1921&#8221;. (Inclou discurs de Lluís Masriera &#8220;Infantilismo pictórico&#8221;). (37 pàg. + 22 làm., 27 cm.). 10,00 €</p>
