{"id":10633,"date":"1926-01-01T00:00:00","date_gmt":"1926-01-01T00:00:00","guid":{"rendered":"http:\/\/novaweb.racba.org\/publicacio\/acta-de-la-sesion-publica-celebrada-por-la-academia-de-bellas-artes-de-barcelona-del-dia-27-de-junio-de-1926\/"},"modified":"2023-04-14T15:04:37","modified_gmt":"2023-04-14T13:04:37","slug":"acta-de-la-sesion-publica-celebrada-por-la-academia-de-bellas-artes-de-barcelona-del-dia-27-de-junio-de-1926","status":"publish","type":"publicacio","link":"https:\/\/www.racba.org\/en\/publicacio\/acta-de-la-sesion-publica-celebrada-por-la-academia-de-bellas-artes-de-barcelona-del-dia-27-de-junio-de-1926\/","title":{"rendered":"Acta de la Sesi\u00f3n P\u00fablica celebrada por la Academia de Bellas Artes de Barcelona del dia 27 de junio de 1926"},"content":{"rendered":"<p>&#8220;Acta de la Sesi\u00f3n P\u00fablica celebrada por la Academia de Bellas Artes de Barcelona del dia 27 de junio de 1926&#8221;. (Inclou discurs de Dion\u00eds Baixeras &#8220;Pl\u00e1tica a los j\u00f3venes&#8221;). (29 p\u00e0g., 27 cm.). 10,00 \u20ac<\/p>\n","protected":false},"featured_media":10634,"template":"","tipus":[2323],"autor-publicacio":[2485],"class_list":["post-10633","publicacio","type-publicacio","status-publish","has-post-thumbnail","hentry","tipus-altres","autor-publicacio-acta-discurs-dionis-baixeras"],"acf":[],"_links":{"self":[{"href":"https:\/\/www.racba.org\/en\/wp-json\/wp\/v2\/publicacio\/10633","targetHints":{"allow":["GET"]}}],"collection":[{"href":"https:\/\/www.racba.org\/en\/wp-json\/wp\/v2\/publicacio"}],"about":[{"href":"https:\/\/www.racba.org\/en\/wp-json\/wp\/v2\/types\/publicacio"}],"version-history":[{"count":1,"href":"https:\/\/www.racba.org\/en\/wp-json\/wp\/v2\/publicacio\/10633\/revisions"}],"predecessor-version":[{"id":25121,"href":"https:\/\/www.racba.org\/en\/wp-json\/wp\/v2\/publicacio\/10633\/revisions\/25121"}],"wp:featuredmedia":[{"embeddable":true,"href":"https:\/\/www.racba.org\/en\/wp-json\/wp\/v2\/media\/10634"}],"wp:attachment":[{"href":"https:\/\/www.racba.org\/en\/wp-json\/wp\/v2\/media?parent=10633"}],"wp:term":[{"taxonomy":"tipus","embeddable":true,"href":"https:\/\/www.racba.org\/en\/wp-json\/wp\/v2\/tipus?post=10633"},{"taxonomy":"autor-publicacio","embeddable":true,"href":"https:\/\/www.racba.org\/en\/wp-json\/wp\/v2\/autor-publicacio?post=10633"}],"curies":[{"name":"wp","href":"https:\/\/api.w.org\/{rel}","templated":true}]}}

Acta de la Sesión Pública celebrada por la Academia de Bellas Artes de Barcelona del dia 27 de junio de 1926

<p>&#8220;Acta de la Sesión Pública celebrada por la Academia de Bellas Artes de Barcelona del dia 27 de junio de 1926&#8221;. (Inclou discurs de Dionís Baixeras &#8220;Plática a los jóvenes&#8221;). (29 pàg., 27 cm.). 10,00 €</p>
