{"id":10695,"date":"1998-01-01T00:00:00","date_gmt":"1997-12-31T23:00:00","guid":{"rendered":"http:\/\/novaweb.racba.org\/publicacio\/la-obra-arquitectonica-de-pedro-joaquin-y-buenaventura-bassegoda-1856-1934\/"},"modified":"2023-04-14T15:04:45","modified_gmt":"2023-04-14T13:04:45","slug":"lluis-rigalt-i-farriols-vistes-de-la-barcelona-antiga-1867-1884","status":"publish","type":"publicacio","link":"https:\/\/www.racba.org\/en\/publicacio\/lluis-rigalt-i-farriols-vistes-de-la-barcelona-antiga-1867-1884\/","title":{"rendered":"Llu\u00eds Rigalt i Farriols. Vistes de la Barcelona antiga (1867-1884)"},"content":{"rendered":"<p>Cat\u00e1logo de la exposici\u00f3n &#8220;Llu\u00eds Rigalt i Farriols. Vistes de la Barcelona antiga (1867-1884)&#8221;. Noviembre 1998. (111 p\u00e1gs.: il. col.; 29 cm.). 30,00 \u20ac<\/p>\n","protected":false},"featured_media":10702,"template":"","tipus":[2492],"autor-publicacio":[2501],"class_list":["post-10695","publicacio","type-publicacio","status-publish","has-post-thumbnail","hentry","tipus-cataleg","autor-publicacio-dura-victoria"],"acf":[],"_links":{"self":[{"href":"https:\/\/www.racba.org\/en\/wp-json\/wp\/v2\/publicacio\/10695","targetHints":{"allow":["GET"]}}],"collection":[{"href":"https:\/\/www.racba.org\/en\/wp-json\/wp\/v2\/publicacio"}],"about":[{"href":"https:\/\/www.racba.org\/en\/wp-json\/wp\/v2\/types\/publicacio"}],"version-history":[{"count":1,"href":"https:\/\/www.racba.org\/en\/wp-json\/wp\/v2\/publicacio\/10695\/revisions"}],"predecessor-version":[{"id":25501,"href":"https:\/\/www.racba.org\/en\/wp-json\/wp\/v2\/publicacio\/10695\/revisions\/25501"}],"wp:featuredmedia":[{"embeddable":true,"href":"https:\/\/www.racba.org\/en\/wp-json\/wp\/v2\/media\/10702"}],"wp:attachment":[{"href":"https:\/\/www.racba.org\/en\/wp-json\/wp\/v2\/media?parent=10695"}],"wp:term":[{"taxonomy":"tipus","embeddable":true,"href":"https:\/\/www.racba.org\/en\/wp-json\/wp\/v2\/tipus?post=10695"},{"taxonomy":"autor-publicacio","embeddable":true,"href":"https:\/\/www.racba.org\/en\/wp-json\/wp\/v2\/autor-publicacio?post=10695"}],"curies":[{"name":"wp","href":"https:\/\/api.w.org\/{rel}","templated":true}]}}

Lluís Rigalt i Farriols. Vistes de la Barcelona antiga (1867-1884)

<p>Catálogo de la exposición &#8220;Lluís Rigalt i Farriols. Vistes de la Barcelona antiga (1867-1884)&#8221;. Noviembre 1998. (111 págs.: il. col.; 29 cm.). 30,00 €</p>
