{"id":10726,"date":"2004-01-01T00:00:00","date_gmt":"2003-12-31T23:00:00","guid":{"rendered":"http:\/\/novaweb.racba.org\/publicacio\/dos-segles-de-disseny-a-catalunya-1775-1975\/"},"modified":"2023-04-14T15:04:45","modified_gmt":"2023-04-14T13:04:45","slug":"dos-segles-de-disseny-a-catalunya-1775-1975","status":"publish","type":"publicacio","link":"https:\/\/www.racba.org\/en\/publicacio\/dos-segles-de-disseny-a-catalunya-1775-1975\/","title":{"rendered":"Dos segles de disseny a Catalunya (1775-1975)"},"content":{"rendered":"<p>&#8220;Dos segles de disseny a Catalunya (1775-1975)&#8221;. (118 p\u00e0g.: il., 27 cm.). (Inclou articles de Jordi Bonet i Armengol, Josep Bracons i Clap\u00e9s, Andr\u00e9 Ricard, Frederic-Pau Verri\u00e9, Pilar V\u00e9lez Vicente i Joan Vila-Grau). 18,00 \u20ac<\/p>\n","protected":false},"featured_media":10727,"template":"","tipus":[2323],"autor-publicacio":[2503],"class_list":["post-10726","publicacio","type-publicacio","status-publish","has-post-thumbnail","hentry","tipus-altres","autor-publicacio-velez-i-vicente-pilar-coord"],"acf":[],"_links":{"self":[{"href":"https:\/\/www.racba.org\/en\/wp-json\/wp\/v2\/publicacio\/10726","targetHints":{"allow":["GET"]}}],"collection":[{"href":"https:\/\/www.racba.org\/en\/wp-json\/wp\/v2\/publicacio"}],"about":[{"href":"https:\/\/www.racba.org\/en\/wp-json\/wp\/v2\/types\/publicacio"}],"version-history":[{"count":1,"href":"https:\/\/www.racba.org\/en\/wp-json\/wp\/v2\/publicacio\/10726\/revisions"}],"predecessor-version":[{"id":25681,"href":"https:\/\/www.racba.org\/en\/wp-json\/wp\/v2\/publicacio\/10726\/revisions\/25681"}],"wp:featuredmedia":[{"embeddable":true,"href":"https:\/\/www.racba.org\/en\/wp-json\/wp\/v2\/media\/10727"}],"wp:attachment":[{"href":"https:\/\/www.racba.org\/en\/wp-json\/wp\/v2\/media?parent=10726"}],"wp:term":[{"taxonomy":"tipus","embeddable":true,"href":"https:\/\/www.racba.org\/en\/wp-json\/wp\/v2\/tipus?post=10726"},{"taxonomy":"autor-publicacio","embeddable":true,"href":"https:\/\/www.racba.org\/en\/wp-json\/wp\/v2\/autor-publicacio?post=10726"}],"curies":[{"name":"wp","href":"https:\/\/api.w.org\/{rel}","templated":true}]}}

<p>&#8220;Dos segles de disseny a Catalunya (1775-1975)&#8221;. (118 pàg.: il., 27 cm.). (Inclou articles de Jordi Bonet i Armengol, Josep Bracons i Clapés, André Ricard, Frederic-Pau Verrié, Pilar Vélez Vicente i Joan Vila-Grau). 18,00 €</p>
