{"id":10979,"date":"1991-01-01T00:00:00","date_gmt":"1990-12-31T23:00:00","guid":{"rendered":"http:\/\/novaweb.racba.org\/publicacio\/homenaje-al-escultor-federico-mares\/"},"modified":"2023-04-14T15:05:23","modified_gmt":"2023-04-14T13:05:23","slug":"homenaje-al-escultor-federico-mares-2","status":"publish","type":"publicacio","link":"https:\/\/www.racba.org\/en\/publicacio\/homenaje-al-escultor-federico-mares-2\/","title":{"rendered":"Homenaje al escultor Federico Mar\u00e9s"},"content":{"rendered":"<p>&#8220;Homenaje al escultor Federico Mar\u00e9s&#8221;. Butllet\u00ed IV-V, 1991 (p\u00e0g. 75-80). Exhaurida.<\/p>\n","protected":false},"featured_media":0,"template":"","tipus":[2543],"autor-publicacio":[2597],"class_list":["post-10979","publicacio","type-publicacio","status-publish","hentry","tipus-butlleti","autor-publicacio-olivan-bayle-francisco-ripoll-perello-eduard-necrologica"],"acf":[],"_links":{"self":[{"href":"https:\/\/www.racba.org\/en\/wp-json\/wp\/v2\/publicacio\/10979","targetHints":{"allow":["GET"]}}],"collection":[{"href":"https:\/\/www.racba.org\/en\/wp-json\/wp\/v2\/publicacio"}],"about":[{"href":"https:\/\/www.racba.org\/en\/wp-json\/wp\/v2\/types\/publicacio"}],"version-history":[{"count":1,"href":"https:\/\/www.racba.org\/en\/wp-json\/wp\/v2\/publicacio\/10979\/revisions"}],"predecessor-version":[{"id":25302,"href":"https:\/\/www.racba.org\/en\/wp-json\/wp\/v2\/publicacio\/10979\/revisions\/25302"}],"wp:attachment":[{"href":"https:\/\/www.racba.org\/en\/wp-json\/wp\/v2\/media?parent=10979"}],"wp:term":[{"taxonomy":"tipus","embeddable":true,"href":"https:\/\/www.racba.org\/en\/wp-json\/wp\/v2\/tipus?post=10979"},{"taxonomy":"autor-publicacio","embeddable":true,"href":"https:\/\/www.racba.org\/en\/wp-json\/wp\/v2\/autor-publicacio?post=10979"}],"curies":[{"name":"wp","href":"https:\/\/api.w.org\/{rel}","templated":true}]}}

Homenaje al escultor Federico Marés

<p>&#8220;Homenaje al escultor Federico Marés&#8221;. Butlletí IV-V, 1991 (pàg. 75-80). Exhaurida.</p>
