{"id":10988,"date":"1991-01-01T00:00:00","date_gmt":"1990-12-31T23:00:00","guid":{"rendered":"http:\/\/novaweb.racba.org\/publicacio\/sessio-publica-i-solemne-del-dia-20-de-marc-de-1991-per-lliurar-els-diplomes-als-academics-dhonor-i-corresponents\/"},"modified":"2023-04-14T15:05:34","modified_gmt":"2023-04-14T13:05:34","slug":"sessio-publica-i-solemne-del-dia-20-de-marc-de-1991-per-lliurar-els-diplomes-als-academics-dhonor-i-corresponents","status":"publish","type":"publicacio","link":"https:\/\/www.racba.org\/en\/publicacio\/sessio-publica-i-solemne-del-dia-20-de-marc-de-1991-per-lliurar-els-diplomes-als-academics-dhonor-i-corresponents\/","title":{"rendered":"Sessi\u00f3 p\u00fablica i solemne del dia 20 de mar\u00e7 de 1991 per lliurar els diplomes als Acad\u00e8mics d&#8217;Honor i Corresponents"},"content":{"rendered":"<p>&#8220;Sessi\u00f3 p\u00fablica i solemne del dia 20 de mar\u00e7 de 1991 per lliurar els diplomes als Acad\u00e8mics d&#8217;Honor i Corresponents&#8221;. Butllet\u00ed IV-V, 1991 (p\u00e0g. 339-351). Exhaurida.<\/p>\n","protected":false},"featured_media":0,"template":"","tipus":[2543],"autor-publicacio":[2573],"class_list":["post-10988","publicacio","type-publicacio","status-publish","hentry","tipus-butlleti","autor-publicacio-udina-i-martorell-frederic-separata"],"acf":[],"_links":{"self":[{"href":"https:\/\/www.racba.org\/en\/wp-json\/wp\/v2\/publicacio\/10988","targetHints":{"allow":["GET"]}}],"collection":[{"href":"https:\/\/www.racba.org\/en\/wp-json\/wp\/v2\/publicacio"}],"about":[{"href":"https:\/\/www.racba.org\/en\/wp-json\/wp\/v2\/types\/publicacio"}],"version-history":[{"count":1,"href":"https:\/\/www.racba.org\/en\/wp-json\/wp\/v2\/publicacio\/10988\/revisions"}],"predecessor-version":[{"id":25311,"href":"https:\/\/www.racba.org\/en\/wp-json\/wp\/v2\/publicacio\/10988\/revisions\/25311"}],"wp:attachment":[{"href":"https:\/\/www.racba.org\/en\/wp-json\/wp\/v2\/media?parent=10988"}],"wp:term":[{"taxonomy":"tipus","embeddable":true,"href":"https:\/\/www.racba.org\/en\/wp-json\/wp\/v2\/tipus?post=10988"},{"taxonomy":"autor-publicacio","embeddable":true,"href":"https:\/\/www.racba.org\/en\/wp-json\/wp\/v2\/autor-publicacio?post=10988"}],"curies":[{"name":"wp","href":"https:\/\/api.w.org\/{rel}","templated":true}]}}

Sessió pública i solemne del dia 20 de març de 1991 per lliurar els diplomes als Acadèmics d&#8217;Honor i Corresponents

<p>&#8220;Sessió pública i solemne del dia 20 de març de 1991 per lliurar els diplomes als Acadèmics d&#8217;Honor i Corresponents&#8221;. Butlletí IV-V, 1991 (pàg. 339-351). Exhaurida.</p>
