{"id":11019,"date":"1993-01-01T00:00:00","date_gmt":"1992-12-31T23:00:00","guid":{"rendered":"http:\/\/novaweb.racba.org\/publicacio\/el-meu-frederic-mares-escultor-de-port-bou-2\/"},"modified":"2023-04-14T15:05:45","modified_gmt":"2023-04-14T13:05:45","slug":"el-meu-frederic-mares-escultor-de-port-bou-2","status":"publish","type":"publicacio","link":"https:\/\/www.racba.org\/en\/publicacio\/el-meu-frederic-mares-escultor-de-port-bou-2\/","title":{"rendered":"El meu Frederic Mar\u00e8s, escultor de Port-Bou"},"content":{"rendered":"<p>&#8220;El meu Frederic Mar\u00e8s, escultor de Port-Bou&#8221;. Butllet\u00ed VI, 1993 (p\u00e0g. 225-232). Exhaurida.<\/p>\n","protected":false},"featured_media":0,"template":"","tipus":[2543],"autor-publicacio":[2612],"class_list":["post-11019","publicacio","type-publicacio","status-publish","hentry","tipus-butlleti","autor-publicacio-santos-torroella-rafael-necrologica"],"acf":[],"_links":{"self":[{"href":"https:\/\/www.racba.org\/en\/wp-json\/wp\/v2\/publicacio\/11019","targetHints":{"allow":["GET"]}}],"collection":[{"href":"https:\/\/www.racba.org\/en\/wp-json\/wp\/v2\/publicacio"}],"about":[{"href":"https:\/\/www.racba.org\/en\/wp-json\/wp\/v2\/types\/publicacio"}],"version-history":[{"count":1,"href":"https:\/\/www.racba.org\/en\/wp-json\/wp\/v2\/publicacio\/11019\/revisions"}],"predecessor-version":[{"id":25347,"href":"https:\/\/www.racba.org\/en\/wp-json\/wp\/v2\/publicacio\/11019\/revisions\/25347"}],"wp:attachment":[{"href":"https:\/\/www.racba.org\/en\/wp-json\/wp\/v2\/media?parent=11019"}],"wp:term":[{"taxonomy":"tipus","embeddable":true,"href":"https:\/\/www.racba.org\/en\/wp-json\/wp\/v2\/tipus?post=11019"},{"taxonomy":"autor-publicacio","embeddable":true,"href":"https:\/\/www.racba.org\/en\/wp-json\/wp\/v2\/autor-publicacio?post=11019"}],"curies":[{"name":"wp","href":"https:\/\/api.w.org\/{rel}","templated":true}]}}

El meu Frederic Marès, escultor de Port-Bou

<p>&#8220;El meu Frederic Marès, escultor de Port-Bou&#8221;. Butlletí VI, 1993 (pàg. 225-232). Exhaurida.</p>
