{"id":11036,"date":"1993-01-01T00:00:00","date_gmt":"1992-12-31T23:00:00","guid":{"rendered":"http:\/\/novaweb.racba.org\/publicacio\/la-vida-academica-del-bienni-1991-1992\/"},"modified":"2023-04-14T15:05:46","modified_gmt":"2023-04-14T13:05:46","slug":"la-vida-academica-del-bienni-1991-1992","status":"publish","type":"publicacio","link":"https:\/\/www.racba.org\/en\/publicacio\/la-vida-academica-del-bienni-1991-1992\/","title":{"rendered":"La vida acad\u00e8mica del bienni 1991-1992"},"content":{"rendered":"<p>&#8220;La vida acad\u00e8mica del bienni 1991-1992&#8221;. Butllet\u00ed VI, 1993 (p\u00e0g. 241-248). Exhaurida.<\/p>\n","protected":false},"featured_media":0,"template":"","tipus":[2543],"autor-publicacio":[2573],"class_list":["post-11036","publicacio","type-publicacio","status-publish","hentry","tipus-butlleti","autor-publicacio-udina-i-martorell-frederic-separata"],"acf":[],"_links":{"self":[{"href":"https:\/\/www.racba.org\/en\/wp-json\/wp\/v2\/publicacio\/11036","targetHints":{"allow":["GET"]}}],"collection":[{"href":"https:\/\/www.racba.org\/en\/wp-json\/wp\/v2\/publicacio"}],"about":[{"href":"https:\/\/www.racba.org\/en\/wp-json\/wp\/v2\/types\/publicacio"}],"version-history":[{"count":1,"href":"https:\/\/www.racba.org\/en\/wp-json\/wp\/v2\/publicacio\/11036\/revisions"}],"predecessor-version":[{"id":25356,"href":"https:\/\/www.racba.org\/en\/wp-json\/wp\/v2\/publicacio\/11036\/revisions\/25356"}],"wp:attachment":[{"href":"https:\/\/www.racba.org\/en\/wp-json\/wp\/v2\/media?parent=11036"}],"wp:term":[{"taxonomy":"tipus","embeddable":true,"href":"https:\/\/www.racba.org\/en\/wp-json\/wp\/v2\/tipus?post=11036"},{"taxonomy":"autor-publicacio","embeddable":true,"href":"https:\/\/www.racba.org\/en\/wp-json\/wp\/v2\/autor-publicacio?post=11036"}],"curies":[{"name":"wp","href":"https:\/\/api.w.org\/{rel}","templated":true}]}}

La vida acadèmica del bienni 1991-1992

<p>&#8220;La vida acadèmica del bienni 1991-1992&#8221;. Butlletí VI, 1993 (pàg. 241-248). Exhaurida.</p>
