{"id":11186,"date":"1995-01-01T00:00:00","date_gmt":"1994-12-31T23:00:00","guid":{"rendered":"http:\/\/novaweb.racba.org\/publicacio\/unes-notes-sobre-picasso-els-ibers-i-els-negres\/"},"modified":"2023-04-14T15:05:58","modified_gmt":"2023-04-14T13:05:58","slug":"unes-notes-sobre-picasso-els-ibers-i-els-negres","status":"publish","type":"publicacio","link":"https:\/\/www.racba.org\/en\/publicacio\/unes-notes-sobre-picasso-els-ibers-i-els-negres\/","title":{"rendered":"Unes notes sobre Picasso, els \u00cdbers i els negres"},"content":{"rendered":"<p>&#8220;Unes notes sobre Picasso, els \u00cdbers i els negres&#8221;. Butllet\u00ed IX, 1995 (p\u00e0g. 127-142). 3,00 \u20ac<\/p>\n","protected":false},"featured_media":11161,"template":"","tipus":[2543],"autor-publicacio":[2594],"class_list":["post-11186","publicacio","type-publicacio","status-publish","has-post-thumbnail","hentry","tipus-butlleti","autor-publicacio-ripoll-perello-eduard-separata"],"acf":[],"_links":{"self":[{"href":"https:\/\/www.racba.org\/en\/wp-json\/wp\/v2\/publicacio\/11186","targetHints":{"allow":["GET"]}}],"collection":[{"href":"https:\/\/www.racba.org\/en\/wp-json\/wp\/v2\/publicacio"}],"about":[{"href":"https:\/\/www.racba.org\/en\/wp-json\/wp\/v2\/types\/publicacio"}],"version-history":[{"count":1,"href":"https:\/\/www.racba.org\/en\/wp-json\/wp\/v2\/publicacio\/11186\/revisions"}],"predecessor-version":[{"id":25412,"href":"https:\/\/www.racba.org\/en\/wp-json\/wp\/v2\/publicacio\/11186\/revisions\/25412"}],"wp:featuredmedia":[{"embeddable":true,"href":"https:\/\/www.racba.org\/en\/wp-json\/wp\/v2\/media\/11161"}],"wp:attachment":[{"href":"https:\/\/www.racba.org\/en\/wp-json\/wp\/v2\/media?parent=11186"}],"wp:term":[{"taxonomy":"tipus","embeddable":true,"href":"https:\/\/www.racba.org\/en\/wp-json\/wp\/v2\/tipus?post=11186"},{"taxonomy":"autor-publicacio","embeddable":true,"href":"https:\/\/www.racba.org\/en\/wp-json\/wp\/v2\/autor-publicacio?post=11186"}],"curies":[{"name":"wp","href":"https:\/\/api.w.org\/{rel}","templated":true}]}}

Unes notes sobre Picasso, els Íbers i els negres

<p>&#8220;Unes notes sobre Picasso, els Íbers i els negres&#8221;. Butlletí IX, 1995 (pàg. 127-142). 3,00 €</p>
