{"id":11208,"date":"1995-01-01T00:00:00","date_gmt":"1994-12-31T23:00:00","guid":{"rendered":"http:\/\/novaweb.racba.org\/publicacio\/don-manuel-gomez-moreno-en-el-recuerdo\/"},"modified":"2023-04-14T15:06:00","modified_gmt":"2023-04-14T13:06:00","slug":"don-manuel-gomez-moreno-en-el-recuerdo","status":"publish","type":"publicacio","link":"https:\/\/www.racba.org\/en\/publicacio\/don-manuel-gomez-moreno-en-el-recuerdo\/","title":{"rendered":"Don Manuel G\u00f3mez-Moreno en el recuerdo"},"content":{"rendered":"<p>&#8220;Don Manuel G\u00f3mez-Moreno en el recuerdo&#8221;. Butllet\u00ed IX, 1995 (p\u00e0g. 247-250). 3,00 \u20ac<\/p>\n","protected":false},"featured_media":11209,"template":"","tipus":[2543],"autor-publicacio":[2637],"class_list":["post-11208","publicacio","type-publicacio","status-publish","has-post-thumbnail","hentry","tipus-butlleti","autor-publicacio-ripoll-perello-eduard-necrologica"],"acf":[],"_links":{"self":[{"href":"https:\/\/www.racba.org\/en\/wp-json\/wp\/v2\/publicacio\/11208","targetHints":{"allow":["GET"]}}],"collection":[{"href":"https:\/\/www.racba.org\/en\/wp-json\/wp\/v2\/publicacio"}],"about":[{"href":"https:\/\/www.racba.org\/en\/wp-json\/wp\/v2\/types\/publicacio"}],"version-history":[{"count":1,"href":"https:\/\/www.racba.org\/en\/wp-json\/wp\/v2\/publicacio\/11208\/revisions"}],"predecessor-version":[{"id":25416,"href":"https:\/\/www.racba.org\/en\/wp-json\/wp\/v2\/publicacio\/11208\/revisions\/25416"}],"wp:featuredmedia":[{"embeddable":true,"href":"https:\/\/www.racba.org\/en\/wp-json\/wp\/v2\/media\/11209"}],"wp:attachment":[{"href":"https:\/\/www.racba.org\/en\/wp-json\/wp\/v2\/media?parent=11208"}],"wp:term":[{"taxonomy":"tipus","embeddable":true,"href":"https:\/\/www.racba.org\/en\/wp-json\/wp\/v2\/tipus?post=11208"},{"taxonomy":"autor-publicacio","embeddable":true,"href":"https:\/\/www.racba.org\/en\/wp-json\/wp\/v2\/autor-publicacio?post=11208"}],"curies":[{"name":"wp","href":"https:\/\/api.w.org\/{rel}","templated":true}]}}

Don Manuel Gómez-Moreno en el recuerdo

<p>&#8220;Don Manuel Gómez-Moreno en el recuerdo&#8221;. Butlletí IX, 1995 (pàg. 247-250). 3,00 €</p>
