{"id":11518,"date":"1998-01-01T00:00:00","date_gmt":"1997-12-31T23:00:00","guid":{"rendered":"http:\/\/novaweb.racba.org\/publicacio\/notes-en-ocasio-del-vii-centenari-de-la-primera-pedra-de-la-catedral-gotica-de-barcelona\/"},"modified":"2023-04-14T15:06:20","modified_gmt":"2023-04-14T13:06:20","slug":"notes-en-ocasio-del-vii-centenari-de-la-primera-pedra-de-la-catedral-gotica-de-barcelona","status":"publish","type":"publicacio","link":"https:\/\/www.racba.org\/en\/publicacio\/notes-en-ocasio-del-vii-centenari-de-la-primera-pedra-de-la-catedral-gotica-de-barcelona\/","title":{"rendered":"Notes en ocasi\u00f3 del VII centenari de la primera pedra de la catedral g\u00f2tica de Barcelona"},"content":{"rendered":"<p>&#8220;Notes en ocasi\u00f3 del VII centenari de la primera pedra de la catedral g\u00f2tica de Barcelona&#8221;. Butllet\u00ed XII, 1998 (p\u00e0g. 263-298). 3,00 \u20ac.<\/p>\n","protected":false},"featured_media":11519,"template":"","tipus":[2543],"autor-publicacio":[2571],"class_list":["post-11518","publicacio","type-publicacio","status-publish","has-post-thumbnail","hentry","tipus-butlleti","autor-publicacio-bassegoda-i-nonell-joan-separata"],"acf":[],"_links":{"self":[{"href":"https:\/\/www.racba.org\/en\/wp-json\/wp\/v2\/publicacio\/11518","targetHints":{"allow":["GET"]}}],"collection":[{"href":"https:\/\/www.racba.org\/en\/wp-json\/wp\/v2\/publicacio"}],"about":[{"href":"https:\/\/www.racba.org\/en\/wp-json\/wp\/v2\/types\/publicacio"}],"version-history":[{"count":1,"href":"https:\/\/www.racba.org\/en\/wp-json\/wp\/v2\/publicacio\/11518\/revisions"}],"predecessor-version":[{"id":25512,"href":"https:\/\/www.racba.org\/en\/wp-json\/wp\/v2\/publicacio\/11518\/revisions\/25512"}],"wp:featuredmedia":[{"embeddable":true,"href":"https:\/\/www.racba.org\/en\/wp-json\/wp\/v2\/media\/11519"}],"wp:attachment":[{"href":"https:\/\/www.racba.org\/en\/wp-json\/wp\/v2\/media?parent=11518"}],"wp:term":[{"taxonomy":"tipus","embeddable":true,"href":"https:\/\/www.racba.org\/en\/wp-json\/wp\/v2\/tipus?post=11518"},{"taxonomy":"autor-publicacio","embeddable":true,"href":"https:\/\/www.racba.org\/en\/wp-json\/wp\/v2\/autor-publicacio?post=11518"}],"curies":[{"name":"wp","href":"https:\/\/api.w.org\/{rel}","templated":true}]}}

Notes en ocasió del VII centenari de la primera pedra de la catedral gòtica de Barcelona

<p>&#8220;Notes en ocasió del VII centenari de la primera pedra de la catedral gòtica de Barcelona&#8221;. Butlletí XII, 1998 (pàg. 263-298). 3,00 €.</p>
