{"id":12038,"date":"2009-01-01T00:00:00","date_gmt":"2008-12-31T23:00:00","guid":{"rendered":"http:\/\/novaweb.racba.org\/publicacio\/historia-critica-de-la-musica-catalana\/"},"modified":"2023-04-14T15:07:02","modified_gmt":"2023-04-14T13:07:02","slug":"historia-critica-de-la-musica-catalana","status":"publish","type":"publicacio","link":"https:\/\/www.racba.org\/en\/publicacio\/historia-critica-de-la-musica-catalana\/","title":{"rendered":"Hist\u00f2ria Cr\u00edtica de la M\u00fasica Catalana"},"content":{"rendered":"<p>&#8220;Hist\u00f2ria Cr\u00edtica de la M\u00fasica Catalana&#8221;. (606 p\u00e0gs.:il; 24 cm.). 20,00 \u20ac<\/p>\n","protected":false},"featured_media":12039,"template":"","tipus":[2323],"autor-publicacio":[2757],"class_list":["post-12038","publicacio","type-publicacio","status-publish","has-post-thumbnail","hentry","tipus-altres","autor-publicacio-bonastre-francesc-cortes-francesc-coordinadors"],"acf":[],"_links":{"self":[{"href":"https:\/\/www.racba.org\/en\/wp-json\/wp\/v2\/publicacio\/12038","targetHints":{"allow":["GET"]}}],"collection":[{"href":"https:\/\/www.racba.org\/en\/wp-json\/wp\/v2\/publicacio"}],"about":[{"href":"https:\/\/www.racba.org\/en\/wp-json\/wp\/v2\/types\/publicacio"}],"version-history":[{"count":1,"href":"https:\/\/www.racba.org\/en\/wp-json\/wp\/v2\/publicacio\/12038\/revisions"}],"predecessor-version":[{"id":25706,"href":"https:\/\/www.racba.org\/en\/wp-json\/wp\/v2\/publicacio\/12038\/revisions\/25706"}],"wp:featuredmedia":[{"embeddable":true,"href":"https:\/\/www.racba.org\/en\/wp-json\/wp\/v2\/media\/12039"}],"wp:attachment":[{"href":"https:\/\/www.racba.org\/en\/wp-json\/wp\/v2\/media?parent=12038"}],"wp:term":[{"taxonomy":"tipus","embeddable":true,"href":"https:\/\/www.racba.org\/en\/wp-json\/wp\/v2\/tipus?post=12038"},{"taxonomy":"autor-publicacio","embeddable":true,"href":"https:\/\/www.racba.org\/en\/wp-json\/wp\/v2\/autor-publicacio?post=12038"}],"curies":[{"name":"wp","href":"https:\/\/api.w.org\/{rel}","templated":true}]}}

Història Crítica de la Música Catalana

<p>&#8220;Història Crítica de la Música Catalana&#8221;. (606 pàgs.:il; 24 cm.). 20,00 €</p>
