{"id":12121,"date":"2015-01-01T00:00:00","date_gmt":"2014-12-31T23:00:00","guid":{"rendered":"http:\/\/novaweb.racba.org\/publicacio\/lart-de-la-meva-vida\/"},"modified":"2023-04-14T15:07:07","modified_gmt":"2023-04-14T13:07:07","slug":"lart-de-la-meva-vida","status":"publish","type":"publicacio","link":"https:\/\/www.racba.org\/en\/publicacio\/lart-de-la-meva-vida\/","title":{"rendered":"L&#8217;art de la meva vida"},"content":{"rendered":"<p>Discurs d&#8217;ingr\u00e9s &#8220;L&#8217;art de la meva vida&#8221;. Inclou discurs de resposta de Daniel Giralt-Miracle i Rodr\u00edguez (150 p\u00e0g., 24 cm.). Edici\u00f3 biling\u00fce catal\u00e0\/castell\u00e0. 10,00 \u20ac<\/p>\n","protected":false},"featured_media":12122,"template":"","tipus":[2319],"autor-publicacio":[2776],"class_list":["post-12121","publicacio","type-publicacio","status-publish","has-post-thumbnail","hentry","tipus-discurs-dingres","autor-publicacio-lluis-bassat-i-coen"],"acf":[],"_links":{"self":[{"href":"https:\/\/www.racba.org\/en\/wp-json\/wp\/v2\/publicacio\/12121","targetHints":{"allow":["GET"]}}],"collection":[{"href":"https:\/\/www.racba.org\/en\/wp-json\/wp\/v2\/publicacio"}],"about":[{"href":"https:\/\/www.racba.org\/en\/wp-json\/wp\/v2\/types\/publicacio"}],"version-history":[{"count":1,"href":"https:\/\/www.racba.org\/en\/wp-json\/wp\/v2\/publicacio\/12121\/revisions"}],"predecessor-version":[{"id":25726,"href":"https:\/\/www.racba.org\/en\/wp-json\/wp\/v2\/publicacio\/12121\/revisions\/25726"}],"wp:featuredmedia":[{"embeddable":true,"href":"https:\/\/www.racba.org\/en\/wp-json\/wp\/v2\/media\/12122"}],"wp:attachment":[{"href":"https:\/\/www.racba.org\/en\/wp-json\/wp\/v2\/media?parent=12121"}],"wp:term":[{"taxonomy":"tipus","embeddable":true,"href":"https:\/\/www.racba.org\/en\/wp-json\/wp\/v2\/tipus?post=12121"},{"taxonomy":"autor-publicacio","embeddable":true,"href":"https:\/\/www.racba.org\/en\/wp-json\/wp\/v2\/autor-publicacio?post=12121"}],"curies":[{"name":"wp","href":"https:\/\/api.w.org\/{rel}","templated":true}]}}

<p>Discurs d&#8217;ingrés &#8220;L&#8217;art de la meva vida&#8221;. Inclou discurs de resposta de Daniel Giralt-Miracle i Rodríguez (150 pàg., 24 cm.). Edició bilingüe català/castellà. 10,00 €</p>
