{"id":12153,"date":"1912-01-01T00:00:00","date_gmt":"1912-01-01T00:00:00","guid":{"rendered":"http:\/\/novaweb.racba.org\/publicacio\/necrologia-del-ilustre-senor-d-felipe-bertran-de-amat\/"},"modified":"2023-04-14T15:07:07","modified_gmt":"2023-04-14T13:07:07","slug":"necrologia-del-ilustre-senor-d-felipe-bertran-de-amat","status":"publish","type":"publicacio","link":"https:\/\/www.racba.org\/en\/publicacio\/necrologia-del-ilustre-senor-d-felipe-bertran-de-amat\/","title":{"rendered":"Necrolog\u00eda del ilustre se\u00f1or D. Felipe Bertr\u00e1n de Amat"},"content":{"rendered":"<p>&#8220;Necrolog\u00eda del ilustre se\u00f1or D. Felipe Bertr\u00e1n de Amat&#8221;. (15 p\u00e0g., 27,5 x 17,5 cm). 10,00 \u20ac.<\/p>\n","protected":false},"featured_media":12154,"template":"","tipus":[2323],"autor-publicacio":[2783],"class_list":["post-12153","publicacio","type-publicacio","status-publish","has-post-thumbnail","hentry","tipus-altres","autor-publicacio-jordan-de-urries-y-azara-jose"],"acf":[],"_links":{"self":[{"href":"https:\/\/www.racba.org\/en\/wp-json\/wp\/v2\/publicacio\/12153","targetHints":{"allow":["GET"]}}],"collection":[{"href":"https:\/\/www.racba.org\/en\/wp-json\/wp\/v2\/publicacio"}],"about":[{"href":"https:\/\/www.racba.org\/en\/wp-json\/wp\/v2\/types\/publicacio"}],"version-history":[{"count":1,"href":"https:\/\/www.racba.org\/en\/wp-json\/wp\/v2\/publicacio\/12153\/revisions"}],"predecessor-version":[{"id":25099,"href":"https:\/\/www.racba.org\/en\/wp-json\/wp\/v2\/publicacio\/12153\/revisions\/25099"}],"wp:featuredmedia":[{"embeddable":true,"href":"https:\/\/www.racba.org\/en\/wp-json\/wp\/v2\/media\/12154"}],"wp:attachment":[{"href":"https:\/\/www.racba.org\/en\/wp-json\/wp\/v2\/media?parent=12153"}],"wp:term":[{"taxonomy":"tipus","embeddable":true,"href":"https:\/\/www.racba.org\/en\/wp-json\/wp\/v2\/tipus?post=12153"},{"taxonomy":"autor-publicacio","embeddable":true,"href":"https:\/\/www.racba.org\/en\/wp-json\/wp\/v2\/autor-publicacio?post=12153"}],"curies":[{"name":"wp","href":"https:\/\/api.w.org\/{rel}","templated":true}]}}

Necrología del ilustre señor D. Felipe Bertrán de Amat

<p>&#8220;Necrología del ilustre señor D. Felipe Bertrán de Amat&#8221;. (15 pàg., 27,5 x 17,5 cm). 10,00 €.</p>
