{"id":12356,"date":"1992-01-01T00:00:00","date_gmt":"1991-12-31T23:00:00","guid":{"rendered":"http:\/\/novaweb.racba.org\/publicacio\/vida-academica-del-bienni-1991-1992\/"},"modified":"2023-04-14T15:07:28","modified_gmt":"2023-04-14T13:07:28","slug":"vida-academica-del-bienni-1991-1992","status":"publish","type":"publicacio","link":"https:\/\/www.racba.org\/en\/publicacio\/vida-academica-del-bienni-1991-1992\/","title":{"rendered":"Vida acad\u00e8mica del bienni 1991-1992"},"content":{"rendered":"<p>&#8220;Vida acad\u00e8mica del bienni 1991-1992&#8221;.  Butllet\u00ed VI, 1992 (p\u00e0g. 241-248). 3,00 \u20ac.<\/p>\n","protected":false},"featured_media":12357,"template":"","tipus":[2543],"autor-publicacio":[2573],"class_list":["post-12356","publicacio","type-publicacio","status-publish","has-post-thumbnail","hentry","tipus-butlleti","autor-publicacio-udina-i-martorell-frederic-separata"],"acf":[],"_links":{"self":[{"href":"https:\/\/www.racba.org\/en\/wp-json\/wp\/v2\/publicacio\/12356","targetHints":{"allow":["GET"]}}],"collection":[{"href":"https:\/\/www.racba.org\/en\/wp-json\/wp\/v2\/publicacio"}],"about":[{"href":"https:\/\/www.racba.org\/en\/wp-json\/wp\/v2\/types\/publicacio"}],"version-history":[{"count":1,"href":"https:\/\/www.racba.org\/en\/wp-json\/wp\/v2\/publicacio\/12356\/revisions"}],"predecessor-version":[{"id":25315,"href":"https:\/\/www.racba.org\/en\/wp-json\/wp\/v2\/publicacio\/12356\/revisions\/25315"}],"wp:featuredmedia":[{"embeddable":true,"href":"https:\/\/www.racba.org\/en\/wp-json\/wp\/v2\/media\/12357"}],"wp:attachment":[{"href":"https:\/\/www.racba.org\/en\/wp-json\/wp\/v2\/media?parent=12356"}],"wp:term":[{"taxonomy":"tipus","embeddable":true,"href":"https:\/\/www.racba.org\/en\/wp-json\/wp\/v2\/tipus?post=12356"},{"taxonomy":"autor-publicacio","embeddable":true,"href":"https:\/\/www.racba.org\/en\/wp-json\/wp\/v2\/autor-publicacio?post=12356"}],"curies":[{"name":"wp","href":"https:\/\/api.w.org\/{rel}","templated":true}]}}

Vida acadèmica del bienni 1991-1992

<p>&#8220;Vida acadèmica del bienni 1991-1992&#8221;.  Butlletí VI, 1992 (pàg. 241-248). 3,00 €.</p>
