{"id":25762,"date":"1956-01-01T00:00:00","date_gmt":"1955-12-31T23:00:00","guid":{"rendered":"http:\/\/novaweb.racba.org\/publicacio\/el-escultor-damian-campeny-estrany-en-el-primer-centenario-de-su-muerte\/"},"modified":"1956-01-01T00:00:00","modified_gmt":"1955-12-31T23:00:00","slug":"el-escultor-damian-campeny-estrany-en-el-primer-centenario-de-su-muerte","status":"publish","type":"publicacio","link":"https:\/\/www.racba.org\/en\/publicacio\/el-escultor-damian-campeny-estrany-en-el-primer-centenario-de-su-muerte\/","title":{"rendered":"El escultor Dami\u00e1n Campeny Estrany en el primer centenario de su muerte"},"content":{"rendered":"<p>&#8220;El escultor Dami\u00e1n Campeny Estrany en el primer centenario de su muerte&#8221;. (18 p\u00e0g. + 46 l\u00e0m., 30 cm.). Exhaurit.<\/p>\n","protected":false},"featured_media":0,"template":"","tipus":[2323],"autor-publicacio":[2382],"class_list":["post-25762","publicacio","type-publicacio","status-publish","hentry","tipus-altres","autor-publicacio-mares-deulovol-federico"],"acf":[],"_links":{"self":[{"href":"https:\/\/www.racba.org\/en\/wp-json\/wp\/v2\/publicacio\/25762","targetHints":{"allow":["GET"]}}],"collection":[{"href":"https:\/\/www.racba.org\/en\/wp-json\/wp\/v2\/publicacio"}],"about":[{"href":"https:\/\/www.racba.org\/en\/wp-json\/wp\/v2\/types\/publicacio"}],"version-history":[{"count":0,"href":"https:\/\/www.racba.org\/en\/wp-json\/wp\/v2\/publicacio\/25762\/revisions"}],"wp:attachment":[{"href":"https:\/\/www.racba.org\/en\/wp-json\/wp\/v2\/media?parent=25762"}],"wp:term":[{"taxonomy":"tipus","embeddable":true,"href":"https:\/\/www.racba.org\/en\/wp-json\/wp\/v2\/tipus?post=25762"},{"taxonomy":"autor-publicacio","embeddable":true,"href":"https:\/\/www.racba.org\/en\/wp-json\/wp\/v2\/autor-publicacio?post=25762"}],"curies":[{"name":"wp","href":"https:\/\/api.w.org\/{rel}","templated":true}]}}

El escultor Damián Campeny Estrany en el primer centenario de su muerte

<p>&#8220;El escultor Damián Campeny Estrany en el primer centenario de su muerte&#8221;. (18 pàg. + 46 làm., 30 cm.). Exhaurit.</p>
