{"id":25792,"date":"1991-01-01T00:00:00","date_gmt":"1990-12-31T23:00:00","guid":{"rendered":"http:\/\/novaweb.racba.org\/publicacio\/gaieta-soler-i-la-seva-influencia-dins-la-historiografia-arqueologica-badalonina-els-darrers-cent-anys\/"},"modified":"1991-01-01T00:00:00","modified_gmt":"1990-12-31T23:00:00","slug":"gaieta-soler-i-la-seva-influencia-dins-la-historiografia-arqueologica-badalonina-els-darrers-cent-anys","status":"publish","type":"publicacio","link":"https:\/\/www.racba.org\/en\/publicacio\/gaieta-soler-i-la-seva-influencia-dins-la-historiografia-arqueologica-badalonina-els-darrers-cent-anys\/","title":{"rendered":"Gaiet\u00e0 Soler i la seva influ\u00e8ncia dins la historiografia arqueol\u00f2gica badalonina, els darrers cent anys"},"content":{"rendered":"<p>&#8220;Gaiet\u00e0 Soler i la seva influ\u00e8ncia dins la historiografia arqueol\u00f2gica badalonina, els darrers cent anys&#8221;. Butllet\u00ed IV-V, 1991 (p\u00e0g. 45-58). Exhaurida.<\/p>\n","protected":false},"featured_media":0,"template":"","tipus":[2543],"autor-publicacio":[2593],"class_list":["post-25792","publicacio","type-publicacio","status-publish","hentry","tipus-butlleti","autor-publicacio-padros-i-cuyas-josep-m-separata"],"acf":[],"_links":{"self":[{"href":"https:\/\/www.racba.org\/en\/wp-json\/wp\/v2\/publicacio\/25792","targetHints":{"allow":["GET"]}}],"collection":[{"href":"https:\/\/www.racba.org\/en\/wp-json\/wp\/v2\/publicacio"}],"about":[{"href":"https:\/\/www.racba.org\/en\/wp-json\/wp\/v2\/types\/publicacio"}],"version-history":[{"count":0,"href":"https:\/\/www.racba.org\/en\/wp-json\/wp\/v2\/publicacio\/25792\/revisions"}],"wp:attachment":[{"href":"https:\/\/www.racba.org\/en\/wp-json\/wp\/v2\/media?parent=25792"}],"wp:term":[{"taxonomy":"tipus","embeddable":true,"href":"https:\/\/www.racba.org\/en\/wp-json\/wp\/v2\/tipus?post=25792"},{"taxonomy":"autor-publicacio","embeddable":true,"href":"https:\/\/www.racba.org\/en\/wp-json\/wp\/v2\/autor-publicacio?post=25792"}],"curies":[{"name":"wp","href":"https:\/\/api.w.org\/{rel}","templated":true}]}}

Gaietà Soler i la seva influència dins la historiografia arqueològica badalonina, els darrers cent anys

<p>&#8220;Gaietà Soler i la seva influència dins la historiografia arqueològica badalonina, els darrers cent anys&#8221;. Butlletí IV-V, 1991 (pàg. 45-58). Exhaurida.</p>
