{"id":25795,"date":"1991-01-01T00:00:00","date_gmt":"1990-12-31T23:00:00","guid":{"rendered":"http:\/\/novaweb.racba.org\/publicacio\/celebracio-de-la-festa-de-sant-jordi\/"},"modified":"1991-01-01T00:00:00","modified_gmt":"1990-12-31T23:00:00","slug":"celebracio-de-la-festa-de-sant-jordi","status":"publish","type":"publicacio","link":"https:\/\/www.racba.org\/en\/publicacio\/celebracio-de-la-festa-de-sant-jordi\/","title":{"rendered":"Celebraci\u00f3 de la Festa de Sant Jordi"},"content":{"rendered":"<p>&#8220;Celebraci\u00f3 de la Festa de Sant Jordi&#8221;. Butllet\u00ed IV-V, 1991 (p\u00e0g. 321-326). Exhaurida.<\/p>\n","protected":false},"featured_media":0,"template":"","tipus":[2543],"autor-publicacio":[2573],"class_list":["post-25795","publicacio","type-publicacio","status-publish","hentry","tipus-butlleti","autor-publicacio-udina-i-martorell-frederic-separata"],"acf":[],"_links":{"self":[{"href":"https:\/\/www.racba.org\/en\/wp-json\/wp\/v2\/publicacio\/25795","targetHints":{"allow":["GET"]}}],"collection":[{"href":"https:\/\/www.racba.org\/en\/wp-json\/wp\/v2\/publicacio"}],"about":[{"href":"https:\/\/www.racba.org\/en\/wp-json\/wp\/v2\/types\/publicacio"}],"version-history":[{"count":0,"href":"https:\/\/www.racba.org\/en\/wp-json\/wp\/v2\/publicacio\/25795\/revisions"}],"wp:attachment":[{"href":"https:\/\/www.racba.org\/en\/wp-json\/wp\/v2\/media?parent=25795"}],"wp:term":[{"taxonomy":"tipus","embeddable":true,"href":"https:\/\/www.racba.org\/en\/wp-json\/wp\/v2\/tipus?post=25795"},{"taxonomy":"autor-publicacio","embeddable":true,"href":"https:\/\/www.racba.org\/en\/wp-json\/wp\/v2\/autor-publicacio?post=25795"}],"curies":[{"name":"wp","href":"https:\/\/api.w.org\/{rel}","templated":true}]}}

Celebració de la Festa de Sant Jordi

<p>&#8220;Celebració de la Festa de Sant Jordi&#8221;. Butlletí IV-V, 1991 (pàg. 321-326). Exhaurida.</p>
