{"id":25808,"date":"2000-01-01T00:00:00","date_gmt":"1999-12-31T23:00:00","guid":{"rendered":"http:\/\/novaweb.racba.org\/publicacio\/aspectes-docents-i-professionals-de-lluis-domenech-i-montaner\/"},"modified":"2000-01-01T00:00:00","modified_gmt":"1999-12-31T23:00:00","slug":"aspectes-docents-i-professionals-de-lluis-domenech-i-montaner","status":"publish","type":"publicacio","link":"https:\/\/www.racba.org\/en\/publicacio\/aspectes-docents-i-professionals-de-lluis-domenech-i-montaner\/","title":{"rendered":"Aspectes docents i professionals de Llu\u00eds Dom\u00e8nech i Montaner"},"content":{"rendered":"<p>&#8220;Aspectes docents i professionals de Llu\u00eds Dom\u00e8nech i Montaner&#8221;. Butllet\u00ed XIV, 2000 (p\u00e0g. 291-294). 3,00 \u20ac<\/p>\n","protected":false},"featured_media":11714,"template":"","tipus":[2543],"autor-publicacio":[2571],"class_list":["post-25808","publicacio","type-publicacio","status-publish","has-post-thumbnail","hentry","tipus-butlleti","autor-publicacio-bassegoda-i-nonell-joan-separata"],"acf":[],"_links":{"self":[{"href":"https:\/\/www.racba.org\/en\/wp-json\/wp\/v2\/publicacio\/25808","targetHints":{"allow":["GET"]}}],"collection":[{"href":"https:\/\/www.racba.org\/en\/wp-json\/wp\/v2\/publicacio"}],"about":[{"href":"https:\/\/www.racba.org\/en\/wp-json\/wp\/v2\/types\/publicacio"}],"version-history":[{"count":0,"href":"https:\/\/www.racba.org\/en\/wp-json\/wp\/v2\/publicacio\/25808\/revisions"}],"wp:featuredmedia":[{"embeddable":true,"href":"https:\/\/www.racba.org\/en\/wp-json\/wp\/v2\/media\/11714"}],"wp:attachment":[{"href":"https:\/\/www.racba.org\/en\/wp-json\/wp\/v2\/media?parent=25808"}],"wp:term":[{"taxonomy":"tipus","embeddable":true,"href":"https:\/\/www.racba.org\/en\/wp-json\/wp\/v2\/tipus?post=25808"},{"taxonomy":"autor-publicacio","embeddable":true,"href":"https:\/\/www.racba.org\/en\/wp-json\/wp\/v2\/autor-publicacio?post=25808"}],"curies":[{"name":"wp","href":"https:\/\/api.w.org\/{rel}","templated":true}]}}

Aspectes docents i professionals de Lluís Domènech i Montaner

<p>&#8220;Aspectes docents i professionals de Lluís Domènech i Montaner&#8221;. Butlletí XIV, 2000 (pàg. 291-294). 3,00 €</p>
