{"id":9973,"date":"1952-01-01T00:00:00","date_gmt":"1951-12-31T23:00:00","guid":{"rendered":"http:\/\/novaweb.racba.org\/publicacio\/discurso-de-recepcion-del-nuevo-academico-d-federico-mompou-dencausse-con-el-comentario-de-este-a-su\/"},"modified":"2023-04-14T15:03:38","modified_gmt":"2023-04-14T13:03:38","slug":"discurso-de-recepcion-del-nuevo-academico-d-federico-mompou-dencausse-con-el-comentario-de-este-a-su","status":"publish","type":"publicacio","link":"https:\/\/www.racba.org\/en\/publicacio\/discurso-de-recepcion-del-nuevo-academico-d-federico-mompou-dencausse-con-el-comentario-de-este-a-su\/","title":{"rendered":"Discurso de recepci\u00f3n del nuevo acad\u00e9mico D. Federico Mompou Dencausse con el comentario de este a su"},"content":{"rendered":"<p>&#8220;Discurso de recepci\u00f3n del nuevo acad\u00e9mico D. Federico Mompou Dencausse con el comentario de este a su &#8220;M\u00fasica callada&#8221;&#8221;. (14 p\u00e0g., 27 cm.). 10,00 \u20ac<\/p>\n","protected":false},"featured_media":9858,"template":"","tipus":[2319],"autor-publicacio":[2326],"class_list":["post-9973","publicacio","type-publicacio","status-publish","has-post-thumbnail","hentry","tipus-discurs-dingres","autor-publicacio-barbera-y-abello-pedro-benavent-de"],"acf":[],"_links":{"self":[{"href":"https:\/\/www.racba.org\/en\/wp-json\/wp\/v2\/publicacio\/9973","targetHints":{"allow":["GET"]}}],"collection":[{"href":"https:\/\/www.racba.org\/en\/wp-json\/wp\/v2\/publicacio"}],"about":[{"href":"https:\/\/www.racba.org\/en\/wp-json\/wp\/v2\/types\/publicacio"}],"version-history":[{"count":1,"href":"https:\/\/www.racba.org\/en\/wp-json\/wp\/v2\/publicacio\/9973\/revisions"}],"predecessor-version":[{"id":25143,"href":"https:\/\/www.racba.org\/en\/wp-json\/wp\/v2\/publicacio\/9973\/revisions\/25143"}],"wp:featuredmedia":[{"embeddable":true,"href":"https:\/\/www.racba.org\/en\/wp-json\/wp\/v2\/media\/9858"}],"wp:attachment":[{"href":"https:\/\/www.racba.org\/en\/wp-json\/wp\/v2\/media?parent=9973"}],"wp:term":[{"taxonomy":"tipus","embeddable":true,"href":"https:\/\/www.racba.org\/en\/wp-json\/wp\/v2\/tipus?post=9973"},{"taxonomy":"autor-publicacio","embeddable":true,"href":"https:\/\/www.racba.org\/en\/wp-json\/wp\/v2\/autor-publicacio?post=9973"}],"curies":[{"name":"wp","href":"https:\/\/api.w.org\/{rel}","templated":true}]}}

Discurso de recepción del nuevo académico D. Federico Mompou Dencausse con el comentario de este a su

<p>&#8220;Discurso de recepción del nuevo académico D. Federico Mompou Dencausse con el comentario de este a su &#8220;Música callada&#8221;&#8221;. (14 pàg., 27 cm.). 10,00 €</p>
