{"id":9975,"date":"1966-01-01T00:00:00","date_gmt":"1965-12-31T23:00:00","guid":{"rendered":"http:\/\/novaweb.racba.org\/publicacio\/evocacion-del-maestro-labarta-en-su-vida-y-en-su-obra\/"},"modified":"2023-04-14T15:03:39","modified_gmt":"2023-04-14T13:03:39","slug":"evocacion-del-maestro-labarta-en-su-vida-y-en-su-obra","status":"publish","type":"publicacio","link":"https:\/\/www.racba.org\/en\/publicacio\/evocacion-del-maestro-labarta-en-su-vida-y-en-su-obra\/","title":{"rendered":"Evocaci\u00f3n del maestro Labarta en su vida y en su obra"},"content":{"rendered":"<p>&#8220;Evocaci\u00f3n del maestro Labarta en su vida y en su obra&#8221;. (36 p\u00e0g., 27 cm.). 10,00 \u20ac<\/p>\n","protected":false},"featured_media":9866,"template":"","tipus":[2323],"autor-publicacio":[2326],"class_list":["post-9975","publicacio","type-publicacio","status-publish","has-post-thumbnail","hentry","tipus-altres","autor-publicacio-barbera-y-abello-pedro-benavent-de"],"acf":[],"_links":{"self":[{"href":"https:\/\/www.racba.org\/en\/wp-json\/wp\/v2\/publicacio\/9975","targetHints":{"allow":["GET"]}}],"collection":[{"href":"https:\/\/www.racba.org\/en\/wp-json\/wp\/v2\/publicacio"}],"about":[{"href":"https:\/\/www.racba.org\/en\/wp-json\/wp\/v2\/types\/publicacio"}],"version-history":[{"count":1,"href":"https:\/\/www.racba.org\/en\/wp-json\/wp\/v2\/publicacio\/9975\/revisions"}],"predecessor-version":[{"id":25189,"href":"https:\/\/www.racba.org\/en\/wp-json\/wp\/v2\/publicacio\/9975\/revisions\/25189"}],"wp:featuredmedia":[{"embeddable":true,"href":"https:\/\/www.racba.org\/en\/wp-json\/wp\/v2\/media\/9866"}],"wp:attachment":[{"href":"https:\/\/www.racba.org\/en\/wp-json\/wp\/v2\/media?parent=9975"}],"wp:term":[{"taxonomy":"tipus","embeddable":true,"href":"https:\/\/www.racba.org\/en\/wp-json\/wp\/v2\/tipus?post=9975"},{"taxonomy":"autor-publicacio","embeddable":true,"href":"https:\/\/www.racba.org\/en\/wp-json\/wp\/v2\/autor-publicacio?post=9975"}],"curies":[{"name":"wp","href":"https:\/\/api.w.org\/{rel}","templated":true}]}}

Evocación del maestro Labarta en su vida y en su obra

<p>&#8220;Evocación del maestro Labarta en su vida y en su obra&#8221;. (36 pàg., 27 cm.). 10,00 €</p>
