{"id":30757,"date":"2023-12-12T16:49:27","date_gmt":"2023-12-12T15:49:27","guid":{"rendered":"https:\/\/www.racba.org\/academic\/bracons-i-clapes-josep-2\/"},"modified":"2023-12-12T16:49:27","modified_gmt":"2023-12-12T15:49:27","slug":"bracons-i-clapes-josep","status":"publish","type":"academic","link":"https:\/\/www.racba.org\/es\/academic\/bracons-i-clapes-josep\/","title":{"rendered":"Bracons i Clap\u00e9s, Josep"},"content":{"rendered":"<p>Barcelona 1957.<\/p>\n<p>Historiador, cr\u00edtico de arte y docente.<\/p>\n<p>Vinculaci\u00f3n con la Reial Acad\u00e8mia<br \/>\n. Acad\u00e9mico de n\u00famero adscrito a la secci\u00f3n de escultura (medalla XXVI); elegido el 18 de junio de 2003, acceptando la propuesta presentada por los acad\u00e9micos de n\u00famero Francesc Fontbona de Vallescar, Antoni Pladevall Font, y Josep Maria Subirachs Sitjar.<br \/>\n. Fecha de ingreso: 16 de junio de 2004, con la lectura del discurso \u00abApunts sobre els ensenyaments art\u00edstics a Catalunya a la segona meitat del segle XX.  Creixement i ramificaci\u00f3 de l\u2019escola de Llotja\u00bb.<br \/>\n. Acad\u00e9mico conservador del museo y como tal miembro de la Junta de Gobierno desde 2004.<br \/>\n. Director del \u00abButllet\u00ed\u00bb desde 2012.<\/p>\n<p>Actividad docente<br \/>\n. Profesor en la Escola Superior de Conservaci\u00f3 i Restauraci\u00f3 de B\u00e9ns Culturals de Catalunya (desde 1999) y consultor en los Estudios de Humanidades de la UOC (Universitat Oberta de Catalunya) (desde 1998).<br \/>\n. Anteriormente, profesor en el Departament d&#8217;Hist\u00f2ria de l&#8217;Art de la Universitat de Barcelona (1981-1985) i en la Escola d&#8217;Arts Aplicades i Oficis Art\u00edstics &#8216;Llotja&#8217; (1985-1999).<\/p>\n<p>Estudios y actividades<br \/>\n. Estudios y trabajos centrados en el arte medieval (rom\u00e1nico y g\u00f3tico) y en el arte catal\u00e1n de finales del siglo XIX y principios del siglo XX, con intereses complementarios por la historia de las artes decorativas y el dise\u00f1o y la historia de las instituciones culturales y el patrimonio. Publicaciones sobre estos temas a nivel de investigaci\u00f3n y divulgaci\u00f3n.<br \/>\n. Actividades de inventario y catalogaci\u00f3n del patrimonio art\u00edstico y en el \u00e1mbito de la museolog\u00eda sobre la base del convencimento de la necesidad de crear infrastructura para el estudio del arte y del patrimonio art\u00edstico catal\u00e1n.<\/p>\n<p>Cargos<br \/>\n. Presidente de la ACCA (Associaci\u00f3 Catalana de Cr\u00edtics d\u2019Art) (2001-2007).<br \/>\n. Vice-presidente del Cercle Art\u00edstic de Sant Lluc (1993-2001).<\/p>\n","protected":false},"template":"","rang":[142],"class_list":["post-30757","academic","type-academic","status-publish","has-post-thumbnail","hentry","rang-academics-de-numero"],"acf":[],"_links":{"self":[{"href":"https:\/\/www.racba.org\/es\/wp-json\/wp\/v2\/academic\/30757","targetHints":{"allow":["GET"]}}],"collection":[{"href":"https:\/\/www.racba.org\/es\/wp-json\/wp\/v2\/academic"}],"about":[{"href":"https:\/\/www.racba.org\/es\/wp-json\/wp\/v2\/types\/academic"}],"wp:featuredmedia":[{"embeddable":true,"href":"https:\/\/www.racba.org\/es\/wp-json\/wp\/v2\/media\/7893"}],"wp:attachment":[{"href":"https:\/\/www.racba.org\/es\/wp-json\/wp\/v2\/media?parent=30757"}],"wp:term":[{"taxonomy":"rang","embeddable":true,"href":"https:\/\/www.racba.org\/es\/wp-json\/wp\/v2\/rang?post=30757"}],"curies":[{"name":"wp","href":"https:\/\/api.w.org\/{rel}","templated":true}]}}

Bracons i Clapés, Josep

<p>Barcelona 1957.</p>
<p>Historiador, crítico de arte y docente.</p>
<p>Vinculación con la Reial Acadèmia<br />
. Académico de número adscrito a la sección de escultura (medalla XXVI); elegido el 18 de junio de 2003, acceptando la propuesta presentada por los académicos de número Francesc Fontbona de Vallescar, Antoni Pladevall Font, y Josep Maria Subirachs Sitjar.<br />
. Fecha de ingreso: 16 de junio de 2004, con la lectura del discurso «Apunts sobre els ensenyaments artístics a Catalunya a la segona meitat del segle XX.  Creixement i ramificació de l’escola de Llotja».<br />
. Académico conservador del museo y como tal miembro de la Junta de Gobierno desde 2004.<br />
. Director del «Butlletí» desde 2012.</p>
<p>Actividad docente<br />
. Profesor en la Escola Superior de Conservació i Restauració de Béns Culturals de Catalunya (desde 1999) y consultor en los Estudios de Humanidades de la UOC (Universitat Oberta de Catalunya) (desde 1998).<br />
. Anteriormente, profesor en el Departament d&#8217;Història de l&#8217;Art de la Universitat de Barcelona (1981-1985) i en la Escola d&#8217;Arts Aplicades i Oficis Artístics &#8216;Llotja&#8217; (1985-1999).</p>
<p>Estudios y actividades<br />
. Estudios y trabajos centrados en el arte medieval (románico y gótico) y en el arte catalán de finales del siglo XIX y principios del siglo XX, con intereses complementarios por la historia de las artes decorativas y el diseño y la historia de las instituciones culturales y el patrimonio. Publicaciones sobre estos temas a nivel de investigación y divulgación.<br />
. Actividades de inventario y catalogación del patrimonio artístico y en el ámbito de la museología sobre la base del convencimento de la necesidad de crear infrastructura para el estudio del arte y del patrimonio artístico catalán.</p>
<p>Cargos<br />
. Presidente de la ACCA (Associació Catalana de Crítics d’Art) (2001-2007).<br />
. Vice-presidente del Cercle Artístic de Sant Lluc (1993-2001).</p>
