{"id":30934,"date":"2023-12-12T16:50:31","date_gmt":"2023-12-12T15:50:31","guid":{"rendered":"https:\/\/www.racba.org\/academic\/ainaud-i-de-lasarte-joan-2\/"},"modified":"2023-12-12T16:50:31","modified_gmt":"2023-12-12T15:50:31","slug":"ainaud-i-de-lasarte-joan","status":"publish","type":"academic","link":"https:\/\/www.racba.org\/es\/academic\/ainaud-i-de-lasarte-joan\/","title":{"rendered":"Ainaud i de Lasarte, Joan"},"content":{"rendered":"<p>(1919-1995). Elegido acad\u00e9mico de n\u00famero el 17 de junio de 1964. Conservador del museo de la Corporaci\u00f3n entre 1982 y 1985.<\/p>\n","protected":false},"template":"","rang":[142],"class_list":["post-30934","academic","type-academic","status-publish","hentry","rang-academics-de-numero"],"acf":[],"_links":{"self":[{"href":"https:\/\/www.racba.org\/es\/wp-json\/wp\/v2\/academic\/30934","targetHints":{"allow":["GET"]}}],"collection":[{"href":"https:\/\/www.racba.org\/es\/wp-json\/wp\/v2\/academic"}],"about":[{"href":"https:\/\/www.racba.org\/es\/wp-json\/wp\/v2\/types\/academic"}],"wp:attachment":[{"href":"https:\/\/www.racba.org\/es\/wp-json\/wp\/v2\/media?parent=30934"}],"wp:term":[{"taxonomy":"rang","embeddable":true,"href":"https:\/\/www.racba.org\/es\/wp-json\/wp\/v2\/rang?post=30934"}],"curies":[{"name":"wp","href":"https:\/\/api.w.org\/{rel}","templated":true}]}}

<p>(1919-1995). Elegido académico de número el 17 de junio de 1964. Conservador del museo de la Corporación entre 1982 y 1985.</p>
