{"id":30950,"date":"2023-12-12T16:50:37","date_gmt":"2023-12-12T15:50:37","guid":{"rendered":"https:\/\/www.racba.org\/academic\/amat-i-pages-josep-2\/"},"modified":"2023-12-12T16:50:37","modified_gmt":"2023-12-12T15:50:37","slug":"amat-i-pages-josep","status":"publish","type":"academic","link":"https:\/\/www.racba.org\/es\/academic\/amat-i-pages-josep\/","title":{"rendered":"Amat i Pag\u00e8s, Josep"},"content":{"rendered":"<p>(1901-1991). Elegido acad\u00e9mico de n\u00famero el 18 de junio de 1980.<\/p>\n","protected":false},"template":"","rang":[142],"class_list":["post-30950","academic","type-academic","status-publish","hentry","rang-academics-de-numero"],"acf":[],"_links":{"self":[{"href":"https:\/\/www.racba.org\/es\/wp-json\/wp\/v2\/academic\/30950","targetHints":{"allow":["GET"]}}],"collection":[{"href":"https:\/\/www.racba.org\/es\/wp-json\/wp\/v2\/academic"}],"about":[{"href":"https:\/\/www.racba.org\/es\/wp-json\/wp\/v2\/types\/academic"}],"wp:attachment":[{"href":"https:\/\/www.racba.org\/es\/wp-json\/wp\/v2\/media?parent=30950"}],"wp:term":[{"taxonomy":"rang","embeddable":true,"href":"https:\/\/www.racba.org\/es\/wp-json\/wp\/v2\/rang?post=30950"}],"curies":[{"name":"wp","href":"https:\/\/api.w.org\/{rel}","templated":true}]}}

Amat i Pagès, Josep

<p>(1901-1991). Elegido académico de número el 18 de junio de 1980.</p>
