{"id":30980,"date":"2023-12-12T16:50:45","date_gmt":"2023-12-12T15:50:45","guid":{"rendered":"https:\/\/www.racba.org\/academic\/bassegoda-i-hugas-bonaventura-2\/"},"modified":"2023-12-12T16:50:45","modified_gmt":"2023-12-12T15:50:45","slug":"bassegoda-i-hugas-bonaventura","status":"publish","type":"academic","link":"https:\/\/www.racba.org\/es\/academic\/bassegoda-i-hugas-bonaventura\/","title":{"rendered":"Bassegoda i Hugas, Bonaventura"},"content":{"rendered":"<p>Barcelona, 1954.<\/p>\n<p>Es catedr\u00e1tico de Historia del Arte en la Universidad Aut\u00f3noma de Barcelona, donde ejerce como profesor desde octubre de 1978.  Ha sido secretario acad\u00e9mico del Departamento de Arte de la UAB (mayo de 1989 a junio de 1991), Director del Gabinete de dibujos y grabados del Museu Nacional d\u2019Art de Catalunya (octubre de 1991 a septiembre de 1993), Director del Departamento de Arte de la UAB (junio de 1994 a mayo de 1998), Miembro de la Junta directiva del Comit\u00e9 Espa\u00f1ol de Historia del Arte (octubre de 1994 a octubre de 2004), Gestor de Arte de la Subdirecci\u00f3n General de Proyectos de investigaci\u00f3n del Ministerio de Educaci\u00f3n y Ciencia (marzo de 2004 a enero de 2007), y desde enero de 2009 es Vicerrector de Transferencia Social y Cultural de la UAB.  En 1995 fue uno de los promotores de la revista cient\u00edfica de Historia del Arte, \u00abLocus Amoenus\u00bb, publicada por la UAB, y desde octubre de 2007 es miembro del Consejo Asesor internacional de \u00abGoya. Revista de Arte\u00bb, publicada en Madrid.<\/p>\n<p>Como investigador se ha especializado en temas relacionados con la literatura art\u00edstica del Renacimiento y del Barroco. Ha publicado una antolog\u00eda de textos, \u00abBarroco en Europa\u00bb, en la colecci\u00f3n \u00abFuentes y documentos para la historia del arte\u00bb (Barcelona, 1983), una detallada edici\u00f3n cr\u00edtica del tratado de Francisco Pacheco, \u00abArte de la pintura, de 1638\u00bb, (C\u00e1tedra, Madrid, 1990), y ha estudiado en tres art\u00edculos la figura singular del escritor de arte y coleccionista de dibujos y estampas, el can\u00f3nigo valenciano Vicente Vitoria (Denia 1650-Roma 1709). Se ha ocupado tambi\u00e9n del dibujo catal\u00e0n antiguo y fue comisario de la exposici\u00f3n \u00abLa col\u00b7lecci\u00f3 Raimon Casellas\u00bb, presentada en Barcelona (MNAC) en 1992 y en el Museo del Prado en 1993. En 1994 public\u00f3 una monograf\u00eda sobre \u00abLa Cova de Sant Ignasi\u00bb (Angle editorial, Manresa), uno de los conjuntos barrocos m\u00e1s destacados de Catalu\u00f1a. En los \u00faltimons a\u00f1os se ha ocupado de aspectos relacionados con la historia del coleccionismo de arte. Ha publicado en forma de libro una detenida investigaci\u00f3n sobre la colecci\u00f3n pict\u00f3rica original del monasterio de san Lorenzo de El Escorial (\u00abEl Escorial como museo. La decoraci\u00f3n pict\u00f3rica mueble en el monasterio de El Escorial desde Diego Vel\u00e1zquez hasta Fr\u00e9d\u00e9ric Quilliet (1809)\u00bb, Barcelona, 2002). Actualmente trabaja en el estudio del coleccionismo de arte en Catalu\u00f1a en los siglos XIX y XX y su relaci\u00f3n con los or\u00edgenes y evoluci\u00f3n de nuestra historiograf\u00eda art\u00edstica. Unos primeros resultados en esta direcci\u00f3n se pueden encontrar en el volumen colectivo, B. Bassegoda ed., \u00abCol\u00b7leccionistes, col\u00b7leccions i museus. Episodis del patrimoni art\u00edstic de Catalunya\u00bb (Barcelona 2007); en la ponencia \u201cJoan Antoni G\u00fcell i L\u00f3pez (1875-1958), segon comte de G\u00fcell, tercer marqu\u00e8s de Comillas i primer col\u00b7leccionista d\u2019escultura policromada barroca\u201d, en B. Bassegoda, J. Garriga, J. Par\u00eds eds., \u00abL\u2019\u00e8poca del Barroc i els Bonif\u00e0s\u00bb. Actes de les Jornades d\u2019Hist\u00f2ria de l\u2019Art a Catalunya, Valls,  1, 2 i 3 de juny de 2006, Barcelona, 2007, p. 499-518; y en el art\u00edculo \u201cEl col\u00b7leccionisme d\u2019art a Barcelona al segle XIX\u201d, en el cat\u00e1logo, \u00ab\u00c0nimes de vidre. Les col\u00b7leccions Amatller\u00bb, Museu d\u2019Arqueologia de Catalunya, Barcelona, 2010, p. 25-36. <\/p>\n<p>Elegido acad\u00e9mico electo por la secci\u00f3n de artes suntuarias y visuales de la Reial Acad\u00e8mia Catalana de Belles Arts de Sant Jordi el 19 de octubre de 2011, aprobando as\u00ed la propuesta en su d\u00eda presentada por los acad\u00e9micos de n\u00famero Joan Bassegoda Nonell, Josep Bracons Clap\u00e9s, Francesc Fontbona de Vallescar, Mireia Freixa Serra, Leopoldo Gil Nebot y Pilar V\u00e9lez Vicente. Ingres\u00f3 con la lectura de su discurso \u00abJoan Puiggar\u00ed i Llobet (1821-1903), primer estudi\u00f3s del patrimoni art\u00edstic\u00bb el 17 de octubre de 2012. Bibliotecario de la Corporaci\u00f3n entre el 18 de junio de 2014 y el 20 de diciembre de 2018; y desde el 18 de diciembre de 2019..<\/p>\n","protected":false},"template":"","rang":[142],"class_list":["post-30980","academic","type-academic","status-publish","hentry","rang-academics-de-numero"],"acf":[],"_links":{"self":[{"href":"https:\/\/www.racba.org\/es\/wp-json\/wp\/v2\/academic\/30980","targetHints":{"allow":["GET"]}}],"collection":[{"href":"https:\/\/www.racba.org\/es\/wp-json\/wp\/v2\/academic"}],"about":[{"href":"https:\/\/www.racba.org\/es\/wp-json\/wp\/v2\/types\/academic"}],"wp:attachment":[{"href":"https:\/\/www.racba.org\/es\/wp-json\/wp\/v2\/media?parent=30980"}],"wp:term":[{"taxonomy":"rang","embeddable":true,"href":"https:\/\/www.racba.org\/es\/wp-json\/wp\/v2\/rang?post=30980"}],"curies":[{"name":"wp","href":"https:\/\/api.w.org\/{rel}","templated":true}]}}

<p>Barcelona, 1954.</p>
<p>Es catedrático de Historia del Arte en la Universidad Autónoma de Barcelona, donde ejerce como profesor desde octubre de 1978.  Ha sido secretario académico del Departamento de Arte de la UAB (mayo de 1989 a junio de 1991), Director del Gabinete de dibujos y grabados del Museu Nacional d’Art de Catalunya (octubre de 1991 a septiembre de 1993), Director del Departamento de Arte de la UAB (junio de 1994 a mayo de 1998), Miembro de la Junta directiva del Comité Español de Historia del Arte (octubre de 1994 a octubre de 2004), Gestor de Arte de la Subdirección General de Proyectos de investigación del Ministerio de Educación y Ciencia (marzo de 2004 a enero de 2007), y desde enero de 2009 es Vicerrector de Transferencia Social y Cultural de la UAB.  En 1995 fue uno de los promotores de la revista científica de Historia del Arte, «Locus Amoenus», publicada por la UAB, y desde octubre de 2007 es miembro del Consejo Asesor internacional de «Goya. Revista de Arte», publicada en Madrid.</p>
<p>Como investigador se ha especializado en temas relacionados con la literatura artística del Renacimiento y del Barroco. Ha publicado una antología de textos, «Barroco en Europa», en la colección «Fuentes y documentos para la historia del arte» (Barcelona, 1983), una detallada edición crítica del tratado de Francisco Pacheco, «Arte de la pintura, de 1638», (Cátedra, Madrid, 1990), y ha estudiado en tres artículos la figura singular del escritor de arte y coleccionista de dibujos y estampas, el canónigo valenciano Vicente Vitoria (Denia 1650-Roma 1709). Se ha ocupado también del dibujo catalàn antiguo y fue comisario de la exposición «La col·lecció Raimon Casellas», presentada en Barcelona (MNAC) en 1992 y en el Museo del Prado en 1993. En 1994 publicó una monografía sobre «La Cova de Sant Ignasi» (Angle editorial, Manresa), uno de los conjuntos barrocos más destacados de Cataluña. En los últimons años se ha ocupado de aspectos relacionados con la historia del coleccionismo de arte. Ha publicado en forma de libro una detenida investigación sobre la colección pictórica original del monasterio de san Lorenzo de El Escorial («El Escorial como museo. La decoración pictórica mueble en el monasterio de El Escorial desde Diego Velázquez hasta Frédéric Quilliet (1809)», Barcelona, 2002). Actualmente trabaja en el estudio del coleccionismo de arte en Cataluña en los siglos XIX y XX y su relación con los orígenes y evolución de nuestra historiografía artística. Unos primeros resultados en esta dirección se pueden encontrar en el volumen colectivo, B. Bassegoda ed., «Col·leccionistes, col·leccions i museus. Episodis del patrimoni artístic de Catalunya» (Barcelona 2007); en la ponencia “Joan Antoni Güell i López (1875-1958), segon comte de Güell, tercer marquès de Comillas i primer col·leccionista d’escultura policromada barroca”, en B. Bassegoda, J. Garriga, J. París eds., «L’època del Barroc i els Bonifàs». Actes de les Jornades d’Història de l’Art a Catalunya, Valls,  1, 2 i 3 de juny de 2006, Barcelona, 2007, p. 499-518; y en el artículo “El col·leccionisme d’art a Barcelona al segle XIX”, en el catálogo, «Ànimes de vidre. Les col·leccions Amatller», Museu d’Arqueologia de Catalunya, Barcelona, 2010, p. 25-36. </p>
<p>Elegido académico electo por la sección de artes suntuarias y visuales de la Reial Acadèmia Catalana de Belles Arts de Sant Jordi el 19 de octubre de 2011, aprobando así la propuesta en su día presentada por los académicos de número Joan Bassegoda Nonell, Josep Bracons Clapés, Francesc Fontbona de Vallescar, Mireia Freixa Serra, Leopoldo Gil Nebot y Pilar Vélez Vicente. Ingresó con la lectura de su discurso «Joan Puiggarí i Llobet (1821-1903), primer estudiós del patrimoni artístic» el 17 de octubre de 2012. Bibliotecario de la Corporación entre el 18 de junio de 2014 y el 20 de diciembre de 2018; y desde el 18 de diciembre de 2019..</p>
