{"id":31209,"date":"2023-12-12T16:51:56","date_gmt":"2023-12-12T15:51:56","guid":{"rendered":"https:\/\/www.racba.org\/academic\/zucchitello-i-gilioli-mario-2\/"},"modified":"2023-12-12T16:51:56","modified_gmt":"2023-12-12T15:51:56","slug":"zucchitello-i-gilioli-mario","status":"publish","type":"academic","link":"https:\/\/www.racba.org\/es\/academic\/zucchitello-i-gilioli-mario\/","title":{"rendered":"Zucchitello i Gilioli, Mario"},"content":{"rendered":"<p>Naci\u00f3 en Carpi, Italia, el 4 de abril de 1937.<\/p>\n<p>Estudi\u00f3 en el liceo cl\u00e1sico del Aquila, donde tiene su residencia.<\/p>\n<p>Estudi\u00f3 en la Universidad de Pisa, donde se  doctor\u00f3 en \u00abLingue e Letterature romanze\u00bb.<\/p>\n<p>Su vinculaci\u00f3n con Tosa de Mar le ha llevado a colaborar en muchas iniciativas culturales de esta villa.<\/p>\n<p>Salv\u00f3 de segura destrucci\u00f3n el importante archivo de la familia Riera-Falguera, alcaldes de saco y castellanos de Tosa durante cinco siglos. Los documentos se guardan en el archivo patrimonial Axandri de Tosa. Otra peque\u00f1a parte del archivo Riera-Falguera se conserva en la Biblioteca de Catalu\u00f1a.<\/p>\n<p>La formaci\u00f3n human\u00edstica que recibi\u00f3 en el liceo cl\u00e1sico le ha permitido ampliar sus estudios en los campos de la arqueolog\u00eda romana y de la historia de Catalu\u00f1a.<\/p>\n<p>Ha participado, como codirector, en las excavaciones de las villae romanas de Ametllers y de Mas Carbot\u00ed, situadas en el t\u00e9rmino municipal de Tosa de Mar.<\/p>\n<p>Dio a conocer, como colaborador de la revista \u00abInformaci\u00f3 Arqueol\u00f2gica\u00bb del Instituto de Prehistoria y Arqueolog\u00eda de Barcelona, diferentes yacimientos romanos del t\u00e9rmino de Tosa de Mar:<br \/>\n. \u00abInformaci\u00f3 Arqueol\u00f2gica\u00bb, n\u00ba 26, 1978, pp. 36-37.<br \/>\n. \u00abInformaci\u00f3 Arqueol\u00f2gica\u00bb, n\u00ba 32, 1980, p. 23.<\/p>\n<p>En colaboraci\u00f3n con Albert L\u00f3pez y Ricard Batista ha publicado \u00abLa producci\u00f3n vitivin\u00edcola de la Tarraconense, algunos ejemplos sintom\u00e1ticos\u00bb, en \u00abEl vi a l&#8217;Antiguitat. Economia, producci\u00f3 i comer\u00e7 al Mediterrani occidental\u00bb, Actas del I Coloquio de Arqueolog\u00eda Romana, Badalona 1985, a\u00f1o 1987, pp. 319-325.<\/p>\n<p>Como codirector de las excavaciones de la vila de Ametllers ha publicado en colaboraci\u00f3n con Ricard Batista y Albert L\u00f3pez \u00abNoves aportacions al coneixement de la vil\u00b7la romana dels Ametllers\/Tossa\u00bb, Tosa de Mar, 1980, 31 pp.<br \/>\nEst\u00e1 pr\u00f3xima la publicaci\u00f3n de la memoria de las \u00faltimas campa\u00f1as de excavaci\u00f3n.<\/p>\n<p>Como codirector de las excavaciones de la vila de Mas Carbot\u00ed ha publicado en colaboraci\u00f3n con Albert L\u00f3pez y Xavier Fierro \u00abResultats de la primera campanya d&#8217;excavacions a la vil\u00b7la romana del Mas Carbot\u00ed (Tossa, la Selva)\u00bb, en \u00abInformaci\u00f3 Arqueol\u00f2gica\u00bb, n\u00ba 44, 1985, pp. 38-43.<\/p>\n<p>Como historiador ha publicado:<br \/>\n. \u00abEl comer\u00e7 mar\u00edtim de Tossa a trav\u00e9s del port barcelon\u00ed (1357-1553)\u00bb, Blanes, 1982, 150 pp.<br \/>\n. \u00abUna devoci\u00f3 mariana: la Mare de D\u00e9u del Socors a Tossa (segles XVI-XX)\u00bb, Gerona, 1986, 161 pp.<br \/>\n. \u00abL\u2019abastament de blat en un any de crisi: Blanes 1530\u00bb, en \u00abQuaderns de la Selva. Revista del Centre d\u2019Estudis Selvatans\u00bb, n\u00ba 2, Santa Coloma de Farners, 1989, pp. 113-131.<br \/>\n. \u00abHomes, vaixells i mercaderies de Tossa al Grau de Val\u00e8ncia (1459-1703)\u00bb, Blanes, 1991, 291 pp.<br \/>\n. \u00abTossa: La formaci\u00f3 d\u2019una vila. El comte, l\u2019abat i els tossencs (segles IX-XII)\u00bb, Blanes, 1998, 256 pp.<br \/>\n. \u00abDe la Mediterr\u00e0nia a l\u2019Atl\u00e0ntic. Navegaci\u00f3 i comer\u00e7 a Tossa (1759-1814)\u00bb, Gerona, 2004.<br \/>\n. \u00abUn catal\u00e0 a la cort dels tsars: Antoni Colomb\u00ed Payet, comerciant i primer C\u00f2nsol General d&#8217;Espanya a R\u00fassia (Tossa 1749 &#8211; Sant Petersburg 1811)\u00bb, Barcelona, 2007.<\/p>\n<p>Ha colaborado en el \u00abAtles d&#8217;Hist\u00f2ria de Catalunya\u00bb, de Edicions 62, Barcelona, 1995, pp. 142-143.<\/p>\n<p>El a\u00f1o 1987 particip\u00f3, como docente, en el VII curso \u00abMonasteri e Vita Monastica nel Medioevo Catalano\u00bb, organizado por la Scuola Superiore di Arqueologia e Civilt\u00e0 Medievali, de Erice-Tr\u00e1pani (Italia).<\/p>\n<p>Ha traducido al italiano la novela \u00abKatarina von Raitenau\u00bb de Joan Bast\u00e9.<\/p>\n<p>Elegido acad\u00e9mico correspondiente por Tosa de Mar (Gerona) de la Reial Acad\u00e8mia Catalana de Belles Arts de Sant Jordi el 15 de noviembre de 2000, aprobando as\u00ed la propuesta en su d\u00eda presentada por los acad\u00e9micos de n\u00famero Francesc Fontbona de Vallescar, Antoni Pladevall Font y Pilar V\u00e9lez Vicente.<\/p>\n","protected":false},"template":"","rang":[144],"class_list":["post-31209","academic","type-academic","status-publish","hentry","rang-academics-corresponents"],"acf":[],"_links":{"self":[{"href":"https:\/\/www.racba.org\/es\/wp-json\/wp\/v2\/academic\/31209","targetHints":{"allow":["GET"]}}],"collection":[{"href":"https:\/\/www.racba.org\/es\/wp-json\/wp\/v2\/academic"}],"about":[{"href":"https:\/\/www.racba.org\/es\/wp-json\/wp\/v2\/types\/academic"}],"wp:attachment":[{"href":"https:\/\/www.racba.org\/es\/wp-json\/wp\/v2\/media?parent=31209"}],"wp:term":[{"taxonomy":"rang","embeddable":true,"href":"https:\/\/www.racba.org\/es\/wp-json\/wp\/v2\/rang?post=31209"}],"curies":[{"name":"wp","href":"https:\/\/api.w.org\/{rel}","templated":true}]}}

<p>Nació en Carpi, Italia, el 4 de abril de 1937.</p>
<p>Estudió en el liceo clásico del Aquila, donde tiene su residencia.</p>
<p>Estudió en la Universidad de Pisa, donde se  doctoró en «Lingue e Letterature romanze».</p>
<p>Su vinculación con Tosa de Mar le ha llevado a colaborar en muchas iniciativas culturales de esta villa.</p>
<p>Salvó de segura destrucción el importante archivo de la familia Riera-Falguera, alcaldes de saco y castellanos de Tosa durante cinco siglos. Los documentos se guardan en el archivo patrimonial Axandri de Tosa. Otra pequeña parte del archivo Riera-Falguera se conserva en la Biblioteca de Cataluña.</p>
<p>La formación humanística que recibió en el liceo clásico le ha permitido ampliar sus estudios en los campos de la arqueología romana y de la historia de Cataluña.</p>
<p>Ha participado, como codirector, en las excavaciones de las villae romanas de Ametllers y de Mas Carbotí, situadas en el término municipal de Tosa de Mar.</p>
<p>Dio a conocer, como colaborador de la revista «Informació Arqueològica» del Instituto de Prehistoria y Arqueología de Barcelona, diferentes yacimientos romanos del término de Tosa de Mar:<br />
. «Informació Arqueològica», nº 26, 1978, pp. 36-37.<br />
. «Informació Arqueològica», nº 32, 1980, p. 23.</p>
<p>En colaboración con Albert López y Ricard Batista ha publicado «La producción vitivinícola de la Tarraconense, algunos ejemplos sintomáticos», en «El vi a l&#8217;Antiguitat. Economia, producció i comerç al Mediterrani occidental», Actas del I Coloquio de Arqueología Romana, Badalona 1985, año 1987, pp. 319-325.</p>
<p>Como codirector de las excavaciones de la vila de Ametllers ha publicado en colaboración con Ricard Batista y Albert López «Noves aportacions al coneixement de la vil·la romana dels Ametllers/Tossa», Tosa de Mar, 1980, 31 pp.<br />
Está próxima la publicación de la memoria de las últimas campañas de excavación.</p>
<p>Como codirector de las excavaciones de la vila de Mas Carbotí ha publicado en colaboración con Albert López y Xavier Fierro «Resultats de la primera campanya d&#8217;excavacions a la vil·la romana del Mas Carbotí (Tossa, la Selva)», en «Informació Arqueològica», nº 44, 1985, pp. 38-43.</p>
<p>Como historiador ha publicado:<br />
. «El comerç marítim de Tossa a través del port barceloní (1357-1553)», Blanes, 1982, 150 pp.<br />
. «Una devoció mariana: la Mare de Déu del Socors a Tossa (segles XVI-XX)», Gerona, 1986, 161 pp.<br />
. «L’abastament de blat en un any de crisi: Blanes 1530», en «Quaderns de la Selva. Revista del Centre d’Estudis Selvatans», nº 2, Santa Coloma de Farners, 1989, pp. 113-131.<br />
. «Homes, vaixells i mercaderies de Tossa al Grau de València (1459-1703)», Blanes, 1991, 291 pp.<br />
. «Tossa: La formació d’una vila. El comte, l’abat i els tossencs (segles IX-XII)», Blanes, 1998, 256 pp.<br />
. «De la Mediterrània a l’Atlàntic. Navegació i comerç a Tossa (1759-1814)», Gerona, 2004.<br />
. «Un català a la cort dels tsars: Antoni Colombí Payet, comerciant i primer Cònsol General d&#8217;Espanya a Rússia (Tossa 1749 &#8211; Sant Petersburg 1811)», Barcelona, 2007.</p>
<p>Ha colaborado en el «Atles d&#8217;Història de Catalunya», de Edicions 62, Barcelona, 1995, pp. 142-143.</p>
<p>El año 1987 participó, como docente, en el VII curso «Monasteri e Vita Monastica nel Medioevo Catalano», organizado por la Scuola Superiore di Arqueologia e Civiltà Medievali, de Erice-Trápani (Italia).</p>
<p>Ha traducido al italiano la novela «Katarina von Raitenau» de Joan Basté.</p>
<p>Elegido académico correspondiente por Tosa de Mar (Gerona) de la Reial Acadèmia Catalana de Belles Arts de Sant Jordi el 15 de noviembre de 2000, aprobando así la propuesta en su día presentada por los académicos de número Francesc Fontbona de Vallescar, Antoni Pladevall Font y Pilar Vélez Vicente.</p>
